000
CDUS43 KARX 052239
CLIRST


CLIMATE REPORT
NATIONAL WEATHER SERVICE LA CROSSE WI
438 PM CST FRI JAN 5 2018


...................................

...THE ROCHESTER MN CLIMATE SUMMARY FOR JANUARY 5 2018...
VALID TODAY AS OF 0430 PM LOCAL TIME.

CLIMATE NORMAL PERIOD 1981 TO 2010
CLIMATE RECORD PERIOD 1886 TO 2018


WEATHER ITEM   OBSERVED TIME   RECORD YEAR NORMAL DEPARTURE LAST
                VALUE   (LST)  VALUE       VALUE  FROM      YEAR
                                                  NORMAL
..................................................................
TEMPERATURE (F)
 TODAY
  MAXIMUM          3    215 PM  55    2012  24    -21       -1
  MINIMUM        -14    812 AM -27    1979   8    -22       -9
                                      1912
  AVERAGE         -5                        16    -21       -5

PRECIPITATION (IN)
  TODAY            0.00          1.00 1946   0.03  -0.03     0.00
  MONTH TO DATE    0.01                      0.14  -0.13     0.14
  SINCE DEC 1      0.52                      1.37  -0.85     2.21
  SINCE JAN 1      0.01                      0.14  -0.13     0.14

SNOWFALL (IN)
  TODAY            0.0           8.5  1910   0.4   -0.4      0.0
  MONTH TO DATE    0.1                       1.7   -1.6      0.3
  SINCE JUL 1     10.6                      21.1  -10.5     21.0
  SNOW DEPTH       3

DEGREE DAYS
 HEATING
  TODAY           70                        49     21       70
  MONTH TO DATE  343                       245     98      261
  SINCE JUL 1   3373                      3323     50     2832

 COOLING
  TODAY            0                         0      0        0
  MONTH TO DATE    0                         0      0        0
  SINCE JAN 1      0                         0      0        0
..................................................................


WIND (MPH)
  HIGHEST WIND SPEED    10   HIGHEST WIND DIRECTION    NW (320)
  HIGHEST GUST SPEED    14   HIGHEST GUST DIRECTION    NW (320)
  AVERAGE WIND SPEED     7.5


SKY COVER
  POSSIBLE SUNSHINE  MM
  AVERAGE SKY COVER 0.0


WEATHER CONDITIONS
 THE FOLLOWING WEATHER WAS RECORDED TODAY.
  NO SIGNIFICANT WEATHER WAS OBSERVED.


RELATIVE HUMIDITY (PERCENT)
 HIGHEST    91           800 AM
 LOWEST     65           400 PM
 AVERAGE    78

..........................................................


THE ROCHESTER MN CLIMATE NORMALS FOR TOMORROW
                         NORMAL    RECORD    YEAR
 MAXIMUM TEMPERATURE (F)   23        46      1933
 MINIMUM TEMPERATURE (F)    8       -28      1912


SUNRISE AND SUNSET
JANUARY  5 2018.......SUNRISE   744 AM CST   SUNSET   447 PM CST
JANUARY  6 2018.......SUNRISE   744 AM CST   SUNSET   448 PM CST


-  INDICATES NEGATIVE NUMBERS.
R  INDICATES RECORD WAS SET OR TIED.
MM INDICATES DATA IS MISSING.
T  INDICATES TRACE AMOUNT.




$$
