000
CDUS43 KARX 072150
CLIRST


CLIMATE REPORT
NATIONAL WEATHER SERVICE LA CROSSE WI
430 PM CDT SUN SEP 7 2014


...................................

...THE ROCHESTER MN CLIMATE SUMMARY FOR SEPTEMBER 7 2014...
VALID TODAY AS OF 0400 PM LOCAL TIME.

CLIMATE NORMAL PERIOD 1981 TO 2010
CLIMATE RECORD PERIOD 1886 TO 2014


WEATHER ITEM   OBSERVED TIME   RECORD YEAR NORMAL DEPARTURE LAST
                VALUE   (LST)  VALUE       VALUE  FROM      YEAR
                                                  NORMAL
..................................................................
TEMPERATURE (F)
 TODAY
  MAXIMUM         73    259 PM  96    1913  75     -2       91
  MINIMUM         51    556 AM  34    1934  54     -3       68
  AVERAGE         62                        64     -2       80

PRECIPITATION (IN)
  TODAY            0.00          2.39 1964   0.12  -0.12     0.00
  MONTH TO DATE    1.28                      0.85   0.43     0.01
  SINCE SEP 1      1.28                      0.85   0.43     0.01
  SINCE JAN 1     26.70                     25.04   1.66    34.71

SNOWFALL (IN)
  TODAY            0.0           0.0  2012   0.0    0.0      0.0
  MONTH TO DATE    0.0                       0.0    0.0      0.0
  SINCE JUL 1      0.0                       0.0    0.0      0.0
  SNOW DEPTH       0

DEGREE DAYS
 HEATING
  TODAY            3                         3      0        0
  MONTH TO DATE   12                        18     -6       13
  SINCE JUL 1     37                        56    -19       47

 COOLING
  TODAY            0                         3     -3       15
  MONTH TO DATE   20                        21     -1       37
  SINCE JAN 1    480                       546    -66      593
..................................................................


WIND (MPH)
  HIGHEST WIND SPEED    17   HIGHEST WIND DIRECTION    SW (210)
  HIGHEST GUST SPEED    24   HIGHEST GUST DIRECTION    SW (210)
  AVERAGE WIND SPEED     8.3


SKY COVER
  POSSIBLE SUNSHINE  MM
  AVERAGE SKY COVER 0.0


WEATHER CONDITIONS
 THE FOLLOWING WEATHER WAS RECORDED TODAY.
  NO SIGNIFICANT WEATHER WAS OBSERVED.


RELATIVE HUMIDITY (PERCENT)
 HIGHEST    89           300 AM
 LOWEST     46           100 PM
 AVERAGE    68

..........................................................


THE ROCHESTER MN CLIMATE NORMALS FOR TOMORROW
                         NORMAL    RECORD    YEAR
 MAXIMUM TEMPERATURE (F)   74        97      1931
 MINIMUM TEMPERATURE (F)   54        37      1995


SUNRISE AND SUNSET
SEPTEMBER  7 2014.....SUNRISE   640 AM CDT   SUNSET   735 PM CDT
SEPTEMBER  8 2014.....SUNRISE   641 AM CDT   SUNSET   733 PM CDT


-  INDICATES NEGATIVE NUMBERS.
R  INDICATES RECORD WAS SET OR TIED.
MM INDICATES DATA IS MISSING.
T  INDICATES TRACE AMOUNT.




$$
