000
CDUS43 KARX 070632
CLIRST


CLIMATE REPORT
NATIONAL WEATHER SERVICE LA CROSSE WI
131 AM CDT WED JUN 7 2017


...................................

...THE ROCHESTER MN CLIMATE SUMMARY FOR JUNE 6 2017...

CLIMATE NORMAL PERIOD 1981 TO 2010
CLIMATE RECORD PERIOD 1886 TO 2017


WEATHER ITEM   OBSERVED TIME   RECORD YEAR NORMAL DEPARTURE LAST
                VALUE   (LST)  VALUE       VALUE  FROM      YEAR
                                                  NORMAL
..................................................................
TEMPERATURE (F)
 YESTERDAY
  MAXIMUM         79        MM  97    2011  75      4       71
  MINIMUM         53        MM  39    1983  54     -1       54
  AVERAGE         66                        65      1       63

PRECIPITATION (IN)
  YESTERDAY        0.00          1.17 1930   0.15  -0.15     0.06
  MONTH TO DATE    0.06                      0.89  -0.83     0.60
  SINCE JUN 1      0.06                      0.89  -0.83     0.60
  SINCE JAN 1     14.33                     11.33   3.00    12.29

SNOWFALL (IN)
  YESTERDAY        0.0           0.0  2012   0.0    0.0      0.0
  MONTH TO DATE    0.0                       0.0    0.0      0.0
  SINCE JUL 1     52.7                      51.9    0.8     47.9
  SNOW DEPTH       0

DEGREE DAYS
 HEATING
  YESTERDAY        0                         3     -3        2
  MONTH TO DATE    2                        21    -19        8
  SINCE JUL 1   6870                      7691   -821     6783

 COOLING
  YESTERDAY        1                         3     -2        0
  MONTH TO DATE   30                        14     16        9
  SINCE JAN 1     50                        48      2       57
..................................................................


WIND (MPH)
  HIGHEST WIND SPEED    13   HIGHEST WIND DIRECTION    SE (130)
  HIGHEST GUST SPEED    MM   HIGHEST GUST DIRECTION    MM
  AVERAGE WIND SPEED     8.2


SKY COVER
  POSSIBLE SUNSHINE  MM
  AVERAGE SKY COVER 0.0


WEATHER CONDITIONS
 THE FOLLOWING WEATHER WAS RECORDED YESTERDAY.
  NO SIGNIFICANT WEATHER WAS OBSERVED.


RELATIVE HUMIDITY (PERCENT)
 HIGHEST    72           200 AM
 LOWEST     25           200 PM
 AVERAGE    49

..........................................................


THE ROCHESTER MN CLIMATE NORMALS FOR TODAY
                         NORMAL    RECORD    YEAR
 MAXIMUM TEMPERATURE (F)   76       101      2011
 MINIMUM TEMPERATURE (F)   55        33      1935


SUNRISE AND SUNSET
JUNE  7 2017..........SUNRISE   528 AM CDT   SUNSET   850 PM CDT
JUNE  8 2017..........SUNRISE   528 AM CDT   SUNSET   851 PM CDT


-  INDICATES NEGATIVE NUMBERS.
R  INDICATES RECORD WAS SET OR TIED.
MM INDICATES DATA IS MISSING.
T  INDICATES TRACE AMOUNT.




$$
