000
CDUS43 KARX 250638
CLIRST


CLIMATE REPORT
NATIONAL WEATHER SERVICE LA CROSSE WI
137 AM CDT THU JUN 25 2015


...................................

...THE ROCHESTER MN CLIMATE SUMMARY FOR JUNE 24 2015...

CLIMATE NORMAL PERIOD 1981 TO 2010
CLIMATE RECORD PERIOD 1886 TO 2015


WEATHER ITEM   OBSERVED TIME   RECORD YEAR NORMAL DEPARTURE LAST
                VALUE   (LST)  VALUE       VALUE  FROM      YEAR
                                                  NORMAL
..................................................................
TEMPERATURE (F)
 YESTERDAY
  MAXIMUM         77    103 PM  97    1910  80     -3       82
  MINIMUM         55    439 AM  40    1972  60     -5       61
  AVERAGE         66                        70     -4       72

PRECIPITATION (IN)
  YESTERDAY        T             1.89 1933   0.15  -0.15      T
  MONTH TO DATE    3.65                      3.75  -0.10     5.73
  SINCE JUN 1      3.65                      3.75  -0.10     5.73
  SINCE JAN 1     16.26                     14.19   2.07    17.06

SNOWFALL (IN)
  YESTERDAY        0.0           0.0  2012   0.0    0.0      0.0
  MONTH TO DATE    0.0                       0.0    0.0      0.0
  SINCE JUL 1     50.4                      51.9   -1.5     60.5
  SNOW DEPTH       0

DEGREE DAYS
 HEATING
  YESTERDAY        0                         1     -1        0
  MONTH TO DATE   20                        50    -30       11
  SINCE JUL 1   8068                      7720    348     8917

 COOLING
  YESTERDAY        1                         6     -5        7
  MONTH TO DATE   74                        92    -18       96
  SINCE JAN 1     90                       126    -36      135
..................................................................


WIND (MPH)
  HIGHEST WIND SPEED    14   HIGHEST WIND DIRECTION     S (190)
  HIGHEST GUST SPEED    19   HIGHEST GUST DIRECTION     S (160)
  AVERAGE WIND SPEED     6.5


SKY COVER
  POSSIBLE SUNSHINE  MM
  AVERAGE SKY COVER 0.3


WEATHER CONDITIONS
 THE FOLLOWING WEATHER WAS RECORDED YESTERDAY.
  LIGHT RAIN


RELATIVE HUMIDITY (PERCENT)
 HIGHEST    93           300 AM
 LOWEST     54           100 PM
 AVERAGE    74

..........................................................


THE ROCHESTER MN CLIMATE NORMALS FOR TODAY
                         NORMAL    RECORD    YEAR
 MAXIMUM TEMPERATURE (F)   81        99      1934
 MINIMUM TEMPERATURE (F)   60        42      1957


SUNRISE AND SUNSET
JUNE 25 2015..........SUNRISE   529 AM CDT   SUNSET   857 PM CDT
JUNE 26 2015..........SUNRISE   529 AM CDT   SUNSET   857 PM CDT


-  INDICATES NEGATIVE NUMBERS.
R  INDICATES RECORD WAS SET OR TIED.
MM INDICATES DATA IS MISSING.
T  INDICATES TRACE AMOUNT.




$$
