000
CDUS43 KARX 100643
CLIRST


CLIMATE REPORT
NATIONAL WEATHER SERVICE LA CROSSE WI
142 AM CDT THU AUG 10 2017


...................................

...THE ROCHESTER MN CLIMATE SUMMARY FOR AUGUST 9 2017...

CLIMATE NORMAL PERIOD 1981 TO 2010
CLIMATE RECORD PERIOD 1886 TO 2017


WEATHER ITEM   OBSERVED TIME   RECORD YEAR NORMAL DEPARTURE LAST
                VALUE   (LST)  VALUE       VALUE  FROM      YEAR
                                                  NORMAL
..................................................................
TEMPERATURE (F)
 YESTERDAY
  MAXIMUM         71   1220 PM  99    1936  80     -9       83
  MINIMUM         54    540 AM  43    1972  60     -6       63
  AVERAGE         63                        70     -7       73

PRECIPITATION (IN)
  YESTERDAY        0.23          1.36 1948   0.14   0.09      T
  MONTH TO DATE    2.31                      1.30   1.01     1.22
  SINCE JUN 1      8.37                     10.53  -2.16    12.06
  SINCE JAN 1     22.64                     20.97   1.67    23.75

SNOWFALL (IN)
  YESTERDAY        0.0           0.0  2012   0.0    0.0      0.0
  MONTH TO DATE    0.0                       0.0    0.0      0.0
  SINCE JUL 1      0.0                       0.0    0.0      0.0
  SNOW DEPTH       0

DEGREE DAYS
 HEATING
  YESTERDAY        2                         1      1        0
  MONTH TO DATE   14                         6      8        0
  SINCE JUL 1     15                        17     -2        4

 COOLING
  YESTERDAY        0                         6     -6        8
  MONTH TO DATE   12                        54    -42       61
  SINCE JAN 1    373                       425    -52      461
..................................................................


WIND (MPH)
  HIGHEST WIND SPEED    16   HIGHEST WIND DIRECTION     S (200)
  HIGHEST GUST SPEED    20   HIGHEST GUST DIRECTION     S (200)
  AVERAGE WIND SPEED     8.6


SKY COVER
  POSSIBLE SUNSHINE  MM
  AVERAGE SKY COVER 0.5


WEATHER CONDITIONS
 THE FOLLOWING WEATHER WAS RECORDED YESTERDAY.
  LIGHT RAIN
  FOG


RELATIVE HUMIDITY (PERCENT)
 HIGHEST   100           200 AM
 LOWEST     73          1100 AM
 AVERAGE    87

..........................................................


THE ROCHESTER MN CLIMATE NORMALS FOR TODAY
                         NORMAL    RECORD    YEAR
 MAXIMUM TEMPERATURE (F)   80        96      1947
 MINIMUM TEMPERATURE (F)   60        44      1982
                                             1930


SUNRISE AND SUNSET
AUGUST 10 2017........SUNRISE   609 AM CDT   SUNSET   821 PM CDT
AUGUST 11 2017........SUNRISE   610 AM CDT   SUNSET   820 PM CDT


-  INDICATES NEGATIVE NUMBERS.
R  INDICATES RECORD WAS SET OR TIED.
MM INDICATES DATA IS MISSING.
T  INDICATES TRACE AMOUNT.




$$
