000
CDUS43 KARX 090644
CLIRST


CLIMATE REPORT
NATIONAL WEATHER SERVICE LA CROSSE WI
144 AM CDT FRI JUN 9 2017


...................................

...THE ROCHESTER MN CLIMATE SUMMARY FOR JUNE 8 2017...

CLIMATE NORMAL PERIOD 1981 TO 2010
CLIMATE RECORD PERIOD 1886 TO 2017


WEATHER ITEM   OBSERVED TIME   RECORD YEAR NORMAL DEPARTURE LAST
                VALUE   (LST)  VALUE       VALUE  FROM      YEAR
                                                  NORMAL
..................................................................
TEMPERATURE (F)
 YESTERDAY
  MAXIMUM         87    252 PM 101    1985  76     11       79
  MINIMUM         64    521 AM  35    1910  55      9       48
  AVERAGE         76                        66     10       64

PRECIPITATION (IN)
  YESTERDAY        T             2.22 1934   0.16  -0.16     0.04
  MONTH TO DATE    0.06                      1.21  -1.15     0.64
  SINCE JUN 1      0.06                      1.21  -1.15     0.64
  SINCE JAN 1     14.33                     11.65   2.68    12.33

SNOWFALL (IN)
  YESTERDAY        0.0           0.0  2012   0.0    0.0      0.0
  MONTH TO DATE    0.0                       0.0    0.0      0.0
  SINCE JUL 1     52.7                      51.9    0.8     47.9
  SNOW DEPTH       0

DEGREE DAYS
 HEATING
  YESTERDAY        0                         3     -3        1
  MONTH TO DATE    2                        27    -25       15
  SINCE JUL 1   6870                      7697   -827     6790

 COOLING
  YESTERDAY       11                         3      8        0
  MONTH TO DATE   44                        20     24        9
  SINCE JAN 1     64                        54     10       57
..................................................................


WIND (MPH)
  HIGHEST WIND SPEED    23   HIGHEST WIND DIRECTION    SW (220)
  HIGHEST GUST SPEED    28   HIGHEST GUST DIRECTION     W (280)
  AVERAGE WIND SPEED    12.7


SKY COVER
  POSSIBLE SUNSHINE  MM
  AVERAGE SKY COVER 0.4


WEATHER CONDITIONS
 THE FOLLOWING WEATHER WAS RECORDED YESTERDAY.
  THUNDERSTORM
  LIGHT RAIN
  HAZE


RELATIVE HUMIDITY (PERCENT)
 HIGHEST    63          1000 PM
 LOWEST     29           300 PM
 AVERAGE    46

..........................................................


THE ROCHESTER MN CLIMATE NORMALS FOR TODAY
                         NORMAL    RECORD    YEAR
 MAXIMUM TEMPERATURE (F)   76        93      2015
                                             1973
 MINIMUM TEMPERATURE (F)   55        31      1937


SUNRISE AND SUNSET
JUNE  9 2017..........SUNRISE   527 AM CDT   SUNSET   851 PM CDT
JUNE 10 2017..........SUNRISE   527 AM CDT   SUNSET   852 PM CDT


-  INDICATES NEGATIVE NUMBERS.
R  INDICATES RECORD WAS SET OR TIED.
MM INDICATES DATA IS MISSING.
T  INDICATES TRACE AMOUNT.




$$
