000
CDUS43 KARX 200639
CLIRST


CLIMATE REPORT
NATIONAL WEATHER SERVICE LA CROSSE WI
136 AM CDT SAT JUN 20 2015


...................................

...THE ROCHESTER MN CLIMATE SUMMARY FOR JUNE 19 2015...

CLIMATE NORMAL PERIOD 1981 TO 2010
CLIMATE RECORD PERIOD 1886 TO 2015


WEATHER ITEM   OBSERVED TIME   RECORD YEAR NORMAL DEPARTURE LAST
                VALUE   (LST)  VALUE       VALUE  FROM      YEAR
                                                  NORMAL
..................................................................
TEMPERATURE (F)
 YESTERDAY
  MAXIMUM         78    439 PM  97    1953  79     -1       71
                                      1913
  MINIMUM         55    422 AM  42    1916  59     -4       65
  AVERAGE         67                        69     -2       68

PRECIPITATION (IN)
  YESTERDAY        0.00          1.70 1931   0.17  -0.17     1.03
  MONTH TO DATE    2.80                      2.97  -0.17     5.72
  SINCE JUN 1      2.80                      2.97  -0.17     5.72
  SINCE JAN 1     15.41                     13.41   2.00    17.05

SNOWFALL (IN)
  YESTERDAY        0.0           0.0  2012   0.0    0.0      0.0
  MONTH TO DATE    0.0                       0.0    0.0      0.0
  SINCE JUL 1     50.4                      51.9   -1.5     60.5
  SNOW DEPTH       0

DEGREE DAYS
 HEATING
  YESTERDAY        0                         1     -1        0
  MONTH TO DATE   20                        45    -25       11
  SINCE JUL 1   8068                      7715    353     8917

 COOLING
  YESTERDAY        2                         5     -3        3
  MONTH TO DATE   52                        65    -13       56
  SINCE JAN 1     68                        99    -31       95
..................................................................


WIND (MPH)
  HIGHEST WIND SPEED    18   HIGHEST WIND DIRECTION    SE (150)
  HIGHEST GUST SPEED    22   HIGHEST GUST DIRECTION    SE (140)
  AVERAGE WIND SPEED    10.2


SKY COVER
  POSSIBLE SUNSHINE  MM
  AVERAGE SKY COVER 0.0


WEATHER CONDITIONS
 THE FOLLOWING WEATHER WAS RECORDED YESTERDAY.
  NO SIGNIFICANT WEATHER WAS OBSERVED.


RELATIVE HUMIDITY (PERCENT)
 HIGHEST    93           400 AM
 LOWEST     46           600 PM
 AVERAGE    70

..........................................................


THE ROCHESTER MN CLIMATE NORMALS FOR TODAY
                         NORMAL    RECORD    YEAR
 MAXIMUM TEMPERATURE (F)   80        99      1933
 MINIMUM TEMPERATURE (F)   59        38      1992


SUNRISE AND SUNSET
JUNE 20 2015..........SUNRISE   527 AM CDT   SUNSET   856 PM CDT
JUNE 21 2015..........SUNRISE   527 AM CDT   SUNSET   856 PM CDT


-  INDICATES NEGATIVE NUMBERS.
R  INDICATES RECORD WAS SET OR TIED.
MM INDICATES DATA IS MISSING.
T  INDICATES TRACE AMOUNT.




$$
