000
CDUS43 KARX 060638
CLIRST


CLIMATE REPORT
NATIONAL WEATHER SERVICE LA CROSSE WI
137 AM CDT SAT AUG 6 2016


...................................

...THE ROCHESTER MN CLIMATE SUMMARY FOR AUGUST 5 2016...

CLIMATE NORMAL PERIOD 1981 TO 2010
CLIMATE RECORD PERIOD 1886 TO 2016


WEATHER ITEM   OBSERVED TIME   RECORD YEAR NORMAL DEPARTURE LAST
                VALUE   (LST)  VALUE       VALUE  FROM      YEAR
                                                  NORMAL
..................................................................
TEMPERATURE (F)
 YESTERDAY
  MAXIMUM         76    432 PM  99    1947  80     -4       79
  MINIMUM         60   1159 PM  42    1948  60      0       53
  AVERAGE         68                        70     -2       66

PRECIPITATION (IN)
  YESTERDAY        0.00          0.67 2000   0.15  -0.15     0.00
  MONTH TO DATE    1.22                      0.73   0.49     0.00
  SINCE JUN 1     12.06                      9.96   2.10     9.40
  SINCE JAN 1     23.75                     20.40   3.35    22.01

SNOWFALL (IN)
  YESTERDAY        0.0           0.0  2012   0.0    0.0      0.0
  MONTH TO DATE    0.0                       0.0    0.0      0.0
  SINCE JUL 1      0.0                       0.0    0.0      0.0
  SNOW DEPTH       0

DEGREE DAYS
 HEATING
  YESTERDAY        0                         1     -1        0
  MONTH TO DATE    0                         2     -2        2
  SINCE JUL 1      4                        13     -9       19

 COOLING
  YESTERDAY        3                         6     -3        1
  MONTH TO DATE   43                        30     13       13
  SINCE JAN 1    443                       401     42      290
..................................................................


WIND (MPH)
  HIGHEST WIND SPEED    16   HIGHEST WIND DIRECTION    NW (330)
  HIGHEST GUST SPEED    21   HIGHEST GUST DIRECTION     N (340)
  AVERAGE WIND SPEED     9.1


SKY COVER
  POSSIBLE SUNSHINE  MM
  AVERAGE SKY COVER 0.2


WEATHER CONDITIONS
 THE FOLLOWING WEATHER WAS RECORDED YESTERDAY.
  NO SIGNIFICANT WEATHER WAS OBSERVED.


RELATIVE HUMIDITY (PERCENT)
 HIGHEST   100           500 AM
 LOWEST     60           100 PM
 AVERAGE    80

..........................................................


THE ROCHESTER MN CLIMATE NORMALS FOR TODAY
                         NORMAL    RECORD    YEAR
 MAXIMUM TEMPERATURE (F)   80        94      1909
 MINIMUM TEMPERATURE (F)   60        43      1910


SUNRISE AND SUNSET
AUGUST  6 2016........SUNRISE   604 AM CDT   SUNSET   826 PM CDT
AUGUST  7 2016........SUNRISE   606 AM CDT   SUNSET   825 PM CDT


-  INDICATES NEGATIVE NUMBERS.
R  INDICATES RECORD WAS SET OR TIED.
MM INDICATES DATA IS MISSING.
T  INDICATES TRACE AMOUNT.




$$
