714
CDUS43 KARX 070651
CLIRST


CLIMATE REPORT
NATIONAL WEATHER SERVICE LA CROSSE WI
1249 AM CST SAT JAN 7 2017

...THE ROCHESTER MN CLIMATE SUMMARY FOR JANUARY 6 2017...

CLIMATE NORMAL PERIOD 1981 TO 2010
CLIMATE RECORD PERIOD 1886 TO 2017

WEATHER ITEM   OBSERVED TIME   RECORD YEAR NORMAL DEPARTURE LAST
                VALUE   (LST)  VALUE       VALUE  FROM      YEAR
                                                  NORMAL
..................................................................
TEMPERATURE (F)
 YESTERDAY
  MAXIMUM          1    420 PM  46    1933  23    -22       30
  MINIMUM        -13    815 AM -28    1912   8    -21       23
  AVERAGE         -6                        16    -22       27

PRECIPITATION (IN)
  YESTERDAY        0.00          1.50 1888   0.02  -0.02     0.07
  MONTH TO DATE    0.14                      0.16  -0.02     0.07
  SINCE DEC 1      2.21                      1.39   0.82     3.28
  SINCE JAN 1      0.14                      0.16  -0.02     0.07

SNOWFALL (IN)
  YESTERDAY        0.0           5.6  1980   0.3   -0.3      0.5
  MONTH TO DATE    0.3                       2.0   -1.7      0.5
  SINCE JUL 1     21.0                      21.4   -0.4     16.2
  SNOW DEPTH       3

DEGREE DAYS
 HEATING
  YESTERDAY       71                        49     22       38
  MONTH TO DATE  332                       294     38      267
  SINCE JUL 1   2903                      3372   -469     2698

 COOLING
  YESTERDAY        0                         0      0        0
  MONTH TO DATE    0                         0      0        0
  SINCE JAN 1      0                         0      0        0
..................................................................

WIND (MPH)
  HIGHEST WIND SPEED    15   HIGHEST WIND DIRECTION     W (290)
  HIGHEST GUST SPEED    17   HIGHEST GUST DIRECTION     W (290)
  AVERAGE WIND SPEED     9.0

SKY COVER
  POSSIBLE SUNSHINE  MM
  AVERAGE SKY COVER 0.2

WEATHER CONDITIONS
 THE FOLLOWING WEATHER WAS RECORDED YESTERDAY.
  NO SIGNIFICANT WEATHER WAS OBSERVED.

RELATIVE HUMIDITY (PERCENT)
 HIGHEST    87           700 AM
 LOWEST     71           100 PM
 AVERAGE    79
..........................................................

THE ROCHESTER MN CLIMATE NORMALS FOR TODAY
                         NORMAL    RECORD    YEAR
 MAXIMUM TEMPERATURE (F)   23        51      2003
 MINIMUM TEMPERATURE (F)    8       -42      1887

SUNRISE AND SUNSET
JANUARY  7 2017.......SUNRISE   744 AM CST   SUNSET   449 PM CST
JANUARY  8 2017.......SUNRISE   744 AM CST   SUNSET   450 PM CST

-  INDICATES NEGATIVE NUMBERS.
R  INDICATES RECORD WAS SET OR TIED.
MM INDICATES DATA IS MISSING.
T  INDICATES TRACE AMOUNT.

$$

BOYNE
