000
CDUS43 KARX 280636
CLIRST


CLIMATE REPORT
NATIONAL WEATHER SERVICE LA CROSSE WI
136 AM CDT THU MAY 28 2015


...................................

...THE ROCHESTER MN CLIMATE SUMMARY FOR MAY 27 2015...

CLIMATE NORMAL PERIOD 1981 TO 2010
CLIMATE RECORD PERIOD 1886 TO 2015


WEATHER ITEM   OBSERVED TIME   RECORD YEAR NORMAL DEPARTURE LAST
                VALUE   (LST)  VALUE       VALUE  FROM      YEAR
                                                  NORMAL
..................................................................
TEMPERATURE (F)
 YESTERDAY
  MAXIMUM         79    542 PM  93    1914  72      7       78
  MINIMUM         55    440 AM  35    1971  51      4       62
                                      1910
  AVERAGE         67                        62      5       70

PRECIPITATION (IN)
  YESTERDAY        0.04          2.08 1970   0.12  -0.08     0.00
  MONTH TO DATE    4.69                      3.12   1.57     1.77
  SINCE MAR 1     10.69                      8.24   2.45     8.56
  SINCE JAN 1     12.05                      9.93   2.12    11.32

SNOWFALL (IN)
  YESTERDAY        0.0           0.0  2012   0.0    0.0      0.0
  MONTH TO DATE    0.0                       0.2   -0.2      0.0
  SINCE JUL 1     50.4                      52.1   -1.7     60.5
  SNOW DEPTH       0

DEGREE DAYS
 HEATING
  YESTERDAY        0                         5     -5        0
  MONTH TO DATE  210                       227    -17      251
  SINCE JUL 1   8022                      7652    370     8906

 COOLING
  YESTERDAY        2                         2      0        5
  MONTH TO DATE   11                        21    -10       16
  SINCE JAN 1     11                        25    -14       16
..................................................................


WIND (MPH)
  HIGHEST WIND SPEED    20   HIGHEST WIND DIRECTION     W (250)
  HIGHEST GUST SPEED    25   HIGHEST GUST DIRECTION     S (190)
  AVERAGE WIND SPEED     9.1


SKY COVER
  POSSIBLE SUNSHINE  MM
  AVERAGE SKY COVER 0.3


WEATHER CONDITIONS
 THE FOLLOWING WEATHER WAS RECORDED YESTERDAY.
  LIGHT RAIN
  FOG


RELATIVE HUMIDITY (PERCENT)
 HIGHEST   100           600 AM
 LOWEST     48           600 PM
 AVERAGE    74

..........................................................


THE ROCHESTER MN CLIMATE NORMALS FOR TODAY
                         NORMAL    RECORD    YEAR
 MAXIMUM TEMPERATURE (F)   72        95      2006
 MINIMUM TEMPERATURE (F)   51        31      1932


SUNRISE AND SUNSET
MAY 28 2015...........SUNRISE   533 AM CDT   SUNSET   842 PM CDT
MAY 29 2015...........SUNRISE   532 AM CDT   SUNSET   843 PM CDT


-  INDICATES NEGATIVE NUMBERS.
R  INDICATES RECORD WAS SET OR TIED.
MM INDICATES DATA IS MISSING.
T  INDICATES TRACE AMOUNT.




$$
