000
CDUS43 KARX 050638
CLIRST


CLIMATE REPORT
NATIONAL WEATHER SERVICE LA CROSSE WI
137 AM CDT THU MAY 5 2016


...................................

...THE ROCHESTER MN CLIMATE SUMMARY FOR MAY 4 2016...

CLIMATE NORMAL PERIOD 1981 TO 2010
CLIMATE RECORD PERIOD 1886 TO 2016


WEATHER ITEM   OBSERVED TIME   RECORD YEAR NORMAL DEPARTURE LAST
                VALUE   (LST)  VALUE       VALUE  FROM      YEAR
                                                  NORMAL
..................................................................
TEMPERATURE (F)
 YESTERDAY
  MAXIMUM         64    311 PM  91    1918  65     -1       67
  MINIMUM         42    526 AM  24    1910  44     -2       52
  AVERAGE         53                        54     -1       60

PRECIPITATION (IN)
  YESTERDAY        0.00          1.53 2003   0.12  -0.12     0.00
  MONTH TO DATE    0.01                      0.47  -0.46     0.66
  SINCE MAR 1      5.71                      5.59   0.12     6.66
  SINCE JAN 1      7.11                      7.28  -0.17     8.02

SNOWFALL (IN)
  YESTERDAY        0.0           0.8  1944   0.1   -0.1      0.0
  MONTH TO DATE    0.0                       0.2   -0.2      0.0
  SINCE JUL 1     47.9                      52.1   -4.2     50.4
  SNOW DEPTH       0

DEGREE DAYS
 HEATING
  YESTERDAY       12                        11      1        5
  MONTH TO DATE   50                        46      4       19
  SINCE JUL 1   6596                      7471   -875     7831

 COOLING
  YESTERDAY        0                         0      0        0
  MONTH TO DATE    0                         0      0        4
  SINCE JAN 1      1                         4     -3        4
..................................................................


WIND (MPH)
  HIGHEST WIND SPEED    28   HIGHEST WIND DIRECTION     N (340)
  HIGHEST GUST SPEED    40   HIGHEST GUST DIRECTION    NW (330)
  AVERAGE WIND SPEED    15.8


SKY COVER
  POSSIBLE SUNSHINE  MM
  AVERAGE SKY COVER 0.0


WEATHER CONDITIONS
 THE FOLLOWING WEATHER WAS RECORDED YESTERDAY.
  NO SIGNIFICANT WEATHER WAS OBSERVED.


RELATIVE HUMIDITY (PERCENT)
 HIGHEST    71          1200 AM
 LOWEST     29           600 PM
 AVERAGE    50

..........................................................


THE ROCHESTER MN CLIMATE NORMALS FOR TODAY
                         NORMAL    RECORD    YEAR
 MAXIMUM TEMPERATURE (F)   65        88      1949
 MINIMUM TEMPERATURE (F)   44        26      1968
                                             1957


SUNRISE AND SUNSET
MAY  5 2016...........SUNRISE   556 AM CDT   SUNSET   818 PM CDT
MAY  6 2016...........SUNRISE   554 AM CDT   SUNSET   820 PM CDT


-  INDICATES NEGATIVE NUMBERS.
R  INDICATES RECORD WAS SET OR TIED.
MM INDICATES DATA IS MISSING.
T  INDICATES TRACE AMOUNT.




$$
