000
CDUS43 KARX 302129
CLIRST


CLIMATE REPORT
NATIONAL WEATHER SERVICE LA CROSSE WI
426 PM CDT SUN JUL 30 2017


...................................

...THE ROCHESTER MN CLIMATE SUMMARY FOR JULY 30 2017...
VALID TODAY AS OF 0400 PM LOCAL TIME.

CLIMATE NORMAL PERIOD 1981 TO 2010
CLIMATE RECORD PERIOD 1886 TO 2017


WEATHER ITEM   OBSERVED TIME   RECORD YEAR NORMAL DEPARTURE LAST
                VALUE   (LST)  VALUE       VALUE  FROM      YEAR
                                                  NORMAL
..................................................................
TEMPERATURE (F)
 TODAY
  MAXIMUM         82    259 PM  99    1917  81      1       79
  MINIMUM         58    538 AM  43    1936  61     -3       63
  AVERAGE         70                        71     -1       71

PRECIPITATION (IN)
  TODAY            0.00          2.60 1938   0.14  -0.14     0.11
  MONTH TO DATE    2.35                      4.41  -2.06     5.60
  SINCE JUN 1      6.06                      9.09  -3.03    10.84
  SINCE JAN 1     20.33                     19.53   0.80    22.53

SNOWFALL (IN)
  TODAY            0.0           0.0  2012   0.0    0.0      0.0
  MONTH TO DATE    0.0                       0.0    0.0      0.0
  SINCE JUL 1      0.0                       0.0    0.0      0.0
  SNOW DEPTH       0

DEGREE DAYS
 HEATING
  TODAY            0                         0      0        0
  MONTH TO DATE    1                         0      1        4
  SINCE JUL 1      1                         0      1        4

 COOLING
  TODAY            5                         6     -1        6
  MONTH TO DATE  188                       203    -15      204
  SINCE JAN 1    355                       367    -12      393
..................................................................


WIND (MPH)
  HIGHEST WIND SPEED     9   HIGHEST WIND DIRECTION     E (80)
  HIGHEST GUST SPEED    15   HIGHEST GUST DIRECTION    NE (60)
  AVERAGE WIND SPEED     3.7


SKY COVER
  POSSIBLE SUNSHINE  MM
  AVERAGE SKY COVER 0.4


WEATHER CONDITIONS
 THE FOLLOWING WEATHER WAS RECORDED TODAY.
  NO SIGNIFICANT WEATHER WAS OBSERVED.


RELATIVE HUMIDITY (PERCENT)
 HIGHEST   100           500 AM
 LOWEST     51           200 PM
 AVERAGE    76

..........................................................


THE ROCHESTER MN CLIMATE NORMALS FOR TOMORROW
                         NORMAL    RECORD    YEAR
 MAXIMUM TEMPERATURE (F)   80       102      1988
 MINIMUM TEMPERATURE (F)   61        45      1960


SUNRISE AND SUNSET
JULY 30 2017..........SUNRISE   557 AM CDT   SUNSET   836 PM CDT
JULY 31 2017..........SUNRISE   558 AM CDT   SUNSET   834 PM CDT


-  INDICATES NEGATIVE NUMBERS.
R  INDICATES RECORD WAS SET OR TIED.
MM INDICATES DATA IS MISSING.
T  INDICATES TRACE AMOUNT.




$$
