000
CDUS43 KARX 100701
CLIRST


CLIMATE REPORT
NATIONAL WEATHER SERVICE LA CROSSE WI
200 AM CDT SAT JUN 10 2017


...................................

...THE ROCHESTER MN CLIMATE SUMMARY FOR JUNE 9 2017...

CLIMATE NORMAL PERIOD 1981 TO 2010
CLIMATE RECORD PERIOD 1886 TO 2017


WEATHER ITEM   OBSERVED TIME   RECORD YEAR NORMAL DEPARTURE LAST
                VALUE   (LST)  VALUE       VALUE  FROM      YEAR
                                                  NORMAL
..................................................................
TEMPERATURE (F)
 YESTERDAY
  MAXIMUM         86    449 PM  93    2015  76     10       79
                                      1973
  MINIMUM         59    432 AM  31    1937  55      4       63
  AVERAGE         73                        66      7       71

PRECIPITATION (IN)
  YESTERDAY        0.00          4.06 2004   0.15  -0.15     1.56
  MONTH TO DATE    0.06                      1.36  -1.30     2.20
  SINCE JUN 1      0.06                      1.36  -1.30     2.20
  SINCE JAN 1     14.33                     11.80   2.53    13.89

SNOWFALL (IN)
  YESTERDAY        0.0           0.0  2012   0.0    0.0      0.0
  MONTH TO DATE    0.0                       0.0    0.0      0.0
  SINCE JUL 1     52.7                      51.9    0.8     47.9
  SNOW DEPTH       0

DEGREE DAYS
 HEATING
  YESTERDAY        0                         2     -2        0
  MONTH TO DATE    2                        29    -27       15
  SINCE JUL 1   6870                      7699   -829     6790

 COOLING
  YESTERDAY        8                         3      5        6
  MONTH TO DATE   52                        23     29       15
  SINCE JAN 1     72                        57     15       63
..................................................................


WIND (MPH)
  HIGHEST WIND SPEED    17   HIGHEST WIND DIRECTION     S (200)
  HIGHEST GUST SPEED    21   HIGHEST GUST DIRECTION    SW (210)
  AVERAGE WIND SPEED     7.0


SKY COVER
  POSSIBLE SUNSHINE  MM
  AVERAGE SKY COVER 0.0


WEATHER CONDITIONS
 THE FOLLOWING WEATHER WAS RECORDED YESTERDAY.
  NO SIGNIFICANT WEATHER WAS OBSERVED.


RELATIVE HUMIDITY (PERCENT)
 HIGHEST    84           400 AM
 LOWEST     35           400 PM
 AVERAGE    60

..........................................................


THE ROCHESTER MN CLIMATE NORMALS FOR TODAY
                         NORMAL    RECORD    YEAR
 MAXIMUM TEMPERATURE (F)   77        96      1911
 MINIMUM TEMPERATURE (F)   56        36      1972
                                             1937
                                             1913


SUNRISE AND SUNSET
JUNE 10 2017..........SUNRISE   527 AM CDT   SUNSET   852 PM CDT
JUNE 11 2017..........SUNRISE   527 AM CDT   SUNSET   853 PM CDT


-  INDICATES NEGATIVE NUMBERS.
R  INDICATES RECORD WAS SET OR TIED.
MM INDICATES DATA IS MISSING.
T  INDICATES TRACE AMOUNT.




$$
