000
CDUS43 KARX 282234
CLIRST


CLIMATE REPORT
NATIONAL WEATHER SERVICE LA CROSSE WI
434 PM CST TUE NOV 28 2017


...................................

...THE ROCHESTER MN CLIMATE SUMMARY FOR NOVEMBER 28 2017...
VALID TODAY AS OF 0430 PM LOCAL TIME.

CLIMATE NORMAL PERIOD 1981 TO 2010
CLIMATE RECORD PERIOD 1886 TO 2017


WEATHER ITEM   OBSERVED TIME   RECORD YEAR NORMAL DEPARTURE LAST
                VALUE   (LST)  VALUE       VALUE  FROM      YEAR
                                                  NORMAL
..................................................................
TEMPERATURE (F)
 TODAY
  MAXIMUM         51    222 PM  62    1909  34     17       50
  MINIMUM         36    543 AM -24    1887  19     17       37
  AVERAGE         44                        27     17       44

PRECIPITATION (IN)
  TODAY            0.00          1.17 2006   0.06  -0.06     0.01
  MONTH TO DATE    0.42                      1.80  -1.38     1.23
  SINCE SEP 1      7.68                      7.49   0.19    13.07
  SINCE JAN 1     32.18                     31.68   0.50    41.34

SNOWFALL (IN)
  TODAY            0.0           5.5  1983   0.3   -0.3      0.0
  MONTH TO DATE    0.7                       5.4   -4.7      0.7
  SINCE JUL 1      3.3                       6.2   -2.9      0.7
  SNOW DEPTH       0

DEGREE DAYS
 HEATING
  TODAY           21                        38    -17       21
  MONTH TO DATE  893                       858     35      601
  SINCE JUL 1   1515                      1594    -79     1076

 COOLING
  TODAY            0                         0      0        0
  MONTH TO DATE    0                         0      0        0
  SINCE JAN 1    494                       585    -91      629
..................................................................


WIND (MPH)
  HIGHEST WIND SPEED    29   HIGHEST WIND DIRECTION    NW (300)
  HIGHEST GUST SPEED    39   HIGHEST GUST DIRECTION    NW (300)
  AVERAGE WIND SPEED    15.7


SKY COVER
  POSSIBLE SUNSHINE  MM
  AVERAGE SKY COVER 0.0


WEATHER CONDITIONS
 THE FOLLOWING WEATHER WAS RECORDED TODAY.
  NO SIGNIFICANT WEATHER WAS OBSERVED.


RELATIVE HUMIDITY (PERCENT)
 HIGHEST    92           500 AM
 LOWEST     26           400 PM
 AVERAGE    59

..........................................................


THE ROCHESTER MN CLIMATE NORMALS FOR TOMORROW
                         NORMAL    RECORD    YEAR
 MAXIMUM TEMPERATURE (F)   33        62      1998
 MINIMUM TEMPERATURE (F)   19       -20      1887


SUNRISE AND SUNSET
NOVEMBER 28 2017......SUNRISE   721 AM CST   SUNSET   435 PM CST
NOVEMBER 29 2017......SUNRISE   722 AM CST   SUNSET   434 PM CST


-  INDICATES NEGATIVE NUMBERS.
R  INDICATES RECORD WAS SET OR TIED.
MM INDICATES DATA IS MISSING.
T  INDICATES TRACE AMOUNT.




$$
