000
CDUS43 KARX 122236
CLIRST


CLIMATE REPORT
NATIONAL WEATHER SERVICE LA CROSSE WI
436 PM CST SAT NOV 12 2016


...................................

...THE ROCHESTER MN CLIMATE SUMMARY FOR NOVEMBER 12 2016...
VALID TODAY AS OF 0430 PM LOCAL TIME.

CLIMATE NORMAL PERIOD 1981 TO 2010
CLIMATE RECORD PERIOD 1886 TO 2016


WEATHER ITEM   OBSERVED TIME   RECORD YEAR NORMAL DEPARTURE LAST
                VALUE   (LST)  VALUE       VALUE  FROM      YEAR
                                                  NORMAL
..................................................................
TEMPERATURE (F)
 TODAY
  MAXIMUM         53    255 PM  62    2001  44      9       49
  MINIMUM         26    143 AM  -1    1986  28     -2       36
  AVERAGE         40                        36      4       43

PRECIPITATION (IN)
  TODAY            0.00          1.21 2010   0.07  -0.07     0.48
  MONTH TO DATE    0.00                      0.79  -0.79     1.22
  SINCE SEP 1     11.84                      6.48   5.36     5.36
  SINCE JAN 1     40.11                     30.67   9.44    30.53

SNOWFALL (IN)
  TODAY            0.0           3.2  1988   0.2   -0.2      0.0
  MONTH TO DATE    0.0                       1.5   -1.5      0.0
  SINCE JUL 1      0.0                       2.3   -2.3      0.2
  SNOW DEPTH       0

DEGREE DAYS
 HEATING
  TODAY           25                        29     -4       22
  MONTH TO DATE  181                       313   -132      207
  SINCE JUL 1    656                      1049   -393      795

 COOLING
  TODAY            0                         0      0        0
  MONTH TO DATE    0                         0      0        0
  SINCE JAN 1    629                       585     44      507
..................................................................


WIND (MPH)
  HIGHEST WIND SPEED    28   HIGHEST WIND DIRECTION    SW (240)
  HIGHEST GUST SPEED    33   HIGHEST GUST DIRECTION    SW (230)
  AVERAGE WIND SPEED    13.8


SKY COVER
  POSSIBLE SUNSHINE  MM
  AVERAGE SKY COVER 0.0


WEATHER CONDITIONS
 THE FOLLOWING WEATHER WAS RECORDED TODAY.
  NO SIGNIFICANT WEATHER WAS OBSERVED.


RELATIVE HUMIDITY (PERCENT)
 HIGHEST    92          1200 AM
 LOWEST     50           300 PM
 AVERAGE    71

..........................................................


THE ROCHESTER MN CLIMATE NORMALS FOR TOMORROW
                         NORMAL    RECORD    YEAR
 MAXIMUM TEMPERATURE (F)   43        71      1999
 MINIMUM TEMPERATURE (F)   28        -4      1986


SUNRISE AND SUNSET
NOVEMBER 12 2016......SUNRISE   702 AM CST   SUNSET   446 PM CST
NOVEMBER 13 2016......SUNRISE   703 AM CST   SUNSET   445 PM CST


-  INDICATES NEGATIVE NUMBERS.
R  INDICATES RECORD WAS SET OR TIED.
MM INDICATES DATA IS MISSING.
T  INDICATES TRACE AMOUNT.




$$
