000
CDUS43 KARX 120709
CLIRST


CLIMATE REPORT
NATIONAL WEATHER SERVICE LA CROSSE WI
208 AM CDT SUN OCT 12 2014


...................................

...THE ROCHESTER MN CLIMATE SUMMARY FOR OCTOBER 11 2014...

CLIMATE NORMAL PERIOD 1981 TO 2010
CLIMATE RECORD PERIOD 1886 TO 2014


WEATHER ITEM   OBSERVED TIME   RECORD YEAR NORMAL DEPARTURE LAST
                VALUE   (LST)  VALUE       VALUE  FROM      YEAR
                                                  NORMAL
..................................................................
TEMPERATURE (F)
 YESTERDAY
  MAXIMUM         56    420 PM  82    1934  61     -5       74
                                      1930
  MINIMUM         28    545 AM  17    1919  40    -12       53
  AVERAGE         42                        50     -8       64

PRECIPITATION (IN)
  YESTERDAY        0.00          1.88 1986   0.07  -0.07      T
  MONTH TO DATE    0.90                      0.94  -0.04     2.09
  SINCE SEP 1      4.44                      4.39   0.05     3.31
  SINCE JAN 1     29.86                     28.58   1.28    38.01

SNOWFALL (IN)
  YESTERDAY        0.0           0.9  2009   0.0    0.0      0.0
  MONTH TO DATE    T                         0.1   -0.1      0.0
  SINCE JUL 1      T                         0.1   -0.1      0.0
  SNOW DEPTH       0

DEGREE DAYS
 HEATING
  YESTERDAY       23                        15      8        1
  MONTH TO DATE  202                       145     57       67
  SINCE JUL 1    407                       360     47      221

 COOLING
  YESTERDAY        0                         0      0        0
  MONTH TO DATE    0                         4     -4        0
  SINCE JAN 1    491                       583    -92      656
..................................................................


WIND (MPH)
  HIGHEST WIND SPEED    13   HIGHEST WIND DIRECTION     S (170)
  HIGHEST GUST SPEED    17   HIGHEST GUST DIRECTION     S (160)
  AVERAGE WIND SPEED     5.0


SKY COVER
  POSSIBLE SUNSHINE  MM
  AVERAGE SKY COVER 0.0


WEATHER CONDITIONS
 THE FOLLOWING WEATHER WAS RECORDED YESTERDAY.
  NO SIGNIFICANT WEATHER WAS OBSERVED.


RELATIVE HUMIDITY (PERCENT)
 HIGHEST    92           600 AM
 LOWEST     38           300 PM
 AVERAGE    65

..........................................................


THE ROCHESTER MN CLIMATE NORMALS FOR TODAY
                         NORMAL    RECORD    YEAR
 MAXIMUM TEMPERATURE (F)   60        85      1975
                                             1956
 MINIMUM TEMPERATURE (F)   40        23      2006
                                             1988


SUNRISE AND SUNSET
OCTOBER 12 2014.......SUNRISE   721 AM CDT   SUNSET   631 PM CDT
OCTOBER 13 2014.......SUNRISE   722 AM CDT   SUNSET   630 PM CDT


-  INDICATES NEGATIVE NUMBERS.
R  INDICATES RECORD WAS SET OR TIED.
MM INDICATES DATA IS MISSING.
T  INDICATES TRACE AMOUNT.




$$
