000
CDUS43 KARX 012132
CLIRST


CLIMATE REPORT
NATIONAL WEATHER SERVICE LA CROSSE WI
431 PM CDT TUE APR 1 2014


...................................

...THE ROCHESTER MN CLIMATE SUMMARY FOR APRIL 1 2014...
VALID TODAY AS OF 0400 PM LOCAL TIME.

CLIMATE NORMAL PERIOD 1981 TO 2010
CLIMATE RECORD PERIOD 1886 TO 2014


WEATHER ITEM   OBSERVED TIME   RECORD YEAR NORMAL DEPARTURE LAST
                VALUE   (LST)  VALUE       VALUE  FROM      YEAR
                                                  NORMAL
..................................................................
TEMPERATURE (F)
 TODAY
  MAXIMUM         30    259 PM  83    2010  49    -19       32
  MINIMUM         22    803 AM  10    1975  31     -9       19
  AVERAGE         26                        40    -14       26

PRECIPITATION (IN)
  TODAY            T             0.57 1977   0.08  -0.08     0.00
  MONTH TO DATE    T                         0.08  -0.08     0.00
  SINCE MAR 1      1.15                      1.96  -0.81     2.85
  SINCE JAN 1      3.91                      3.65   0.26     4.85

SNOWFALL (IN)
  TODAY            T             4.1  1962   0.2   -0.2      0.0
  MONTH TO DATE    T                         0.2   -0.2      0.0
  SINCE JUL 1     54.0                      48.8    5.2     55.3
  SNOW DEPTH       0

DEGREE DAYS
 HEATING
  TODAY           39                        25     14       39
  MONTH TO DATE   39                        25     14       39
  SINCE JUL 1   8019                      6897   1122     6756

 COOLING
  TODAY            0                         0      0        0
  MONTH TO DATE    0                         0      0        0
  SINCE JAN 1      0                         0      0        0
..................................................................


WIND (MPH)
  HIGHEST WIND SPEED    36   HIGHEST WIND DIRECTION    SW (220)
  HIGHEST GUST SPEED    43   HIGHEST GUST DIRECTION    SW (240)
  AVERAGE WIND SPEED    25.2


SKY COVER
  POSSIBLE SUNSHINE  MM
  AVERAGE SKY COVER 1.0


WEATHER CONDITIONS
 THE FOLLOWING WEATHER WAS RECORDED TODAY.
  LT FREEZING RAIN
  LIGHT SNOW
  FOG
  HAZE
  BLOWING SNOW


RELATIVE HUMIDITY (PERCENT)
 HIGHEST    88           200 AM
 LOWEST     74          1000 AM
 AVERAGE    81

..........................................................


THE ROCHESTER MN CLIMATE NORMALS FOR TOMORROW
                         NORMAL    RECORD    YEAR
 MAXIMUM TEMPERATURE (F)   50        75      1981
 MINIMUM TEMPERATURE (F)   31        11      1954


SUNRISE AND SUNSET
APRIL  1 2014.........SUNRISE   651 AM CDT   SUNSET   737 PM CDT
APRIL  2 2014.........SUNRISE   650 AM CDT   SUNSET   738 PM CDT


-  INDICATES NEGATIVE NUMBERS.
R  INDICATES RECORD WAS SET OR TIED.
MM INDICATES DATA IS MISSING.
T  INDICATES TRACE AMOUNT.




$$
