000
CDUS43 KARX 192144
CLIRST


CLIMATE REPORT
NATIONAL WEATHER SERVICE LA CROSSE WI
442 PM CDT WED AUG 19 2015


...................................

...THE ROCHESTER MN CLIMATE SUMMARY FOR AUGUST 19 2015...
VALID TODAY AS OF 0400 PM LOCAL TIME.

CLIMATE NORMAL PERIOD 1981 TO 2010
CLIMATE RECORD PERIOD 1886 TO 2015


WEATHER ITEM   OBSERVED TIME   RECORD YEAR NORMAL DEPARTURE LAST
                VALUE   (LST)  VALUE       VALUE  FROM      YEAR
                                                  NORMAL
..................................................................
TEMPERATURE (F)
 TODAY
  MAXIMUM         65    218 PM  98    1916  79    -14       79
  MINIMUM         54    722 AM  40    1967  59     -5       64
                                      1929
  AVERAGE         60                        69     -9       72

PRECIPITATION (IN)
  TODAY            0.04          2.16 1990   0.15  -0.11      T
  MONTH TO DATE    2.02                      2.80  -0.78     1.36
  SINCE JUN 1     11.42                     12.03  -0.61    10.86
  SINCE JAN 1     24.03                     22.47   1.56    22.19

SNOWFALL (IN)
  TODAY            0.0           0.0  2012   0.0    0.0      0.0
  MONTH TO DATE    0.0                       0.0    0.0      0.0
  SINCE JUL 1      0.0                       0.0    0.0      0.0
  SNOW DEPTH       0

DEGREE DAYS
 HEATING
  TODAY            5                         1      4        0
  MONTH TO DATE    7                        16     -9        0
  SINCE JUL 1     24                        27     -3       22

 COOLING
  TODAY            0                         5     -5        7
  MONTH TO DATE   85                       105    -20       94
  SINCE JAN 1    362                       476   -114      374
..................................................................


WIND (MPH)
  HIGHEST WIND SPEED    22   HIGHEST WIND DIRECTION     W (290)
  HIGHEST GUST SPEED    29   HIGHEST GUST DIRECTION     W (280)
  AVERAGE WIND SPEED    12.9


SKY COVER
  POSSIBLE SUNSHINE  MM
  AVERAGE SKY COVER 1.0


WEATHER CONDITIONS
 THE FOLLOWING WEATHER WAS RECORDED TODAY.
  RAIN
  LIGHT RAIN
  FOG
  HAZE


RELATIVE HUMIDITY (PERCENT)
 HIGHEST   100           700 AM
 LOWEST     84           100 PM
 AVERAGE    92

..........................................................


THE ROCHESTER MN CLIMATE NORMALS FOR TOMORROW
                         NORMAL    RECORD    YEAR
 MAXIMUM TEMPERATURE (F)   79        96      1955
                                             1916
 MINIMUM TEMPERATURE (F)   59        35      1950


SUNRISE AND SUNSET
AUGUST 19 2015........SUNRISE   618 AM CDT   SUNSET   808 PM CDT
AUGUST 20 2015........SUNRISE   619 AM CDT   SUNSET   807 PM CDT


-  INDICATES NEGATIVE NUMBERS.
R  INDICATES RECORD WAS SET OR TIED.
MM INDICATES DATA IS MISSING.
T  INDICATES TRACE AMOUNT.




$$
