708
CDUS43 KARX 120643
CLIRST


CLIMATE REPORT
NATIONAL WEATHER SERVICE LA CROSSE WI
143 AM CDT WED JUL 12 2017


...................................

...THE ROCHESTER MN CLIMATE SUMMARY FOR JULY 11 2017...

CLIMATE NORMAL PERIOD 1981 TO 2010
CLIMATE RECORD PERIOD 1886 TO 2017


WEATHER ITEM   OBSERVED TIME   RECORD YEAR NORMAL DEPARTURE LAST
                VALUE   (LST)  VALUE       VALUE  FROM      YEAR
                                                  NORMAL
..................................................................
TEMPERATURE (F)
 YESTERDAY
  MAXIMUM         81    513 PM 104    1936  82     -1       86
  MINIMUM         63    455 AM  44    1945  62      1       68
  AVERAGE         72                        72      0       77

PRECIPITATION (IN)
  YESTERDAY        T             7.47 1981   0.15  -0.15     0.19
  MONTH TO DATE    0.18                      1.61  -1.43     2.13
  SINCE JUN 1      3.89                      6.29  -2.40     7.37
  SINCE JAN 1     18.16                     16.73   1.43    19.06

SNOWFALL (IN)
  YESTERDAY        0.0           0.0  2012   0.0    0.0      0.0
  MONTH TO DATE    0.0                       0.0    0.0      0.0
  SINCE JUL 1      0.0                       0.0    0.0      0.0
  SNOW DEPTH       0

DEGREE DAYS
 HEATING
  YESTERDAY        0                         0      0        0
  MONTH TO DATE    0                         0      0        4
  SINCE JUL 1      0                         0      0        4

 COOLING
  YESTERDAY        7                         7      0       12
  MONTH TO DATE   69                        77     -8       50
  SINCE JAN 1    236                       241     -5      239
..................................................................


WIND (MPH)
  HIGHEST WIND SPEED    16   HIGHEST WIND DIRECTION    SE (150)
  HIGHEST GUST SPEED    19   HIGHEST GUST DIRECTION    SE (130)
  AVERAGE WIND SPEED     7.4


SKY COVER
  POSSIBLE SUNSHINE  MM
  AVERAGE SKY COVER 0.2


WEATHER CONDITIONS
 THE FOLLOWING WEATHER WAS RECORDED YESTERDAY.
  LIGHT RAIN
  FOG


RELATIVE HUMIDITY (PERCENT)
 HIGHEST   100          1200 AM
 LOWEST     62           400 PM
 AVERAGE    81

..........................................................


THE ROCHESTER MN CLIMATE NORMALS FOR TODAY
                         NORMAL    RECORD    YEAR
 MAXIMUM TEMPERATURE (F)   82       107      1936
 MINIMUM TEMPERATURE (F)   62        46      1941
                                             1918


SUNRISE AND SUNSET
JULY 12 2017..........SUNRISE   539 AM CDT   SUNSET   852 PM CDT
JULY 13 2017..........SUNRISE   540 AM CDT   SUNSET   851 PM CDT


-  INDICATES NEGATIVE NUMBERS.
R  INDICATES RECORD WAS SET OR TIED.
MM INDICATES DATA IS MISSING.
T  INDICATES TRACE AMOUNT.




$$
