000
CDUS43 KARX 160739
CLIRST


CLIMATE REPORT
NATIONAL WEATHER SERVICE LA CROSSE WI
238 AM CDT TUE MAY 16 2017


...................................

...THE ROCHESTER MN CLIMATE SUMMARY FOR MAY 15 2017...

CLIMATE NORMAL PERIOD 1981 TO 2010
CLIMATE RECORD PERIOD 1886 TO 2017


WEATHER ITEM   OBSERVED TIME   RECORD YEAR NORMAL DEPARTURE LAST
                VALUE   (LST)  VALUE       VALUE  FROM      YEAR
                                                  NORMAL
..................................................................
TEMPERATURE (F)
 YESTERDAY
  MAXIMUM         74    432 PM  89    2001  68      6       62
  MINIMUM         55    620 AM  27    1934  47      8       31
  AVERAGE         65                        58      7       47

PRECIPITATION (IN)
  YESTERDAY        0.03          1.25 1909   0.11  -0.08     0.00
  MONTH TO DATE    0.35                      1.72  -1.37     1.52
  SINCE MAR 1      7.77                      6.84   0.93     7.22
  SINCE JAN 1     11.55                      8.53   3.02     8.62

SNOWFALL (IN)
  YESTERDAY        0.0           0.1  1997   0.0    0.0      0.0
  MONTH TO DATE    0.0                       0.2   -0.2      0.0
  SINCE JUL 1     52.7                      52.1    0.6     47.9
  SNOW DEPTH       0

DEGREE DAYS
 HEATING
  YESTERDAY        0                         8     -8       18
  MONTH TO DATE  139                       149    -10      185
  SINCE JUL 1   6723                      7574   -851     6731

 COOLING
  YESTERDAY        0                         1     -1        0
  MONTH TO DATE   11                         8      3        9
  SINCE JAN 1     11                        12     -1       10
..................................................................


WIND (MPH)
  HIGHEST WIND SPEED    20   HIGHEST WIND DIRECTION     E (80)
  HIGHEST GUST SPEED    24   HIGHEST GUST DIRECTION    SE (140)
  AVERAGE WIND SPEED    12.3


SKY COVER
  POSSIBLE SUNSHINE  MM
  AVERAGE SKY COVER 0.2


WEATHER CONDITIONS
 THE FOLLOWING WEATHER WAS RECORDED YESTERDAY.
  THUNDERSTORM
  LIGHT RAIN


RELATIVE HUMIDITY (PERCENT)
 HIGHEST    93          1100 PM
 LOWEST     52           900 AM
 AVERAGE    73

..........................................................


THE ROCHESTER MN CLIMATE NORMALS FOR TODAY
                         NORMAL    RECORD    YEAR
 MAXIMUM TEMPERATURE (F)   69        92      1936
 MINIMUM TEMPERATURE (F)   47        29      1956
                                             1929


SUNRISE AND SUNSET
MAY 16 2017...........SUNRISE   543 AM CDT   SUNSET   831 PM CDT
MAY 17 2017...........SUNRISE   542 AM CDT   SUNSET   832 PM CDT


-  INDICATES NEGATIVE NUMBERS.
R  INDICATES RECORD WAS SET OR TIED.
MM INDICATES DATA IS MISSING.
T  INDICATES TRACE AMOUNT.




$$
