000
CDUS43 KARX 172143
CLIRST


CLIMATE REPORT
NATIONAL WEATHER SERVICE LA CROSSE WI
442 PM CDT FRI JUL 17 2015


...................................

...THE ROCHESTER MN CLIMATE SUMMARY FOR JULY 17 2015...
VALID TODAY AS OF 0400 PM LOCAL TIME.

CLIMATE NORMAL PERIOD 1981 TO 2010
CLIMATE RECORD PERIOD 1886 TO 2015


WEATHER ITEM   OBSERVED TIME   RECORD YEAR NORMAL DEPARTURE LAST
                VALUE   (LST)  VALUE       VALUE  FROM      YEAR
                                                  NORMAL
..................................................................
TEMPERATURE (F)
 TODAY
  MAXIMUM         88    339 PM 102    1936  82      6       74
  MINIMUM         65    604 AM  40    1911  62      3       52
  AVERAGE         77                        72      5       63

PRECIPITATION (IN)
  TODAY            0.00          2.34 1969   0.15  -0.15     0.00
  MONTH TO DATE    2.09                      2.52  -0.43     1.58
  SINCE JUN 1      6.55                      7.20  -0.65     8.85
  SINCE JAN 1     19.16                     17.64   1.52    20.18

SNOWFALL (IN)
  TODAY            0.0           0.0  2012   0.0    0.0      0.0
  MONTH TO DATE    0.0                       0.0    0.0      0.0
  SINCE JUL 1      0.0                       0.0    0.0      0.0
  SNOW DEPTH       0

DEGREE DAYS
 HEATING
  TODAY            0                         0      0        2
  MONTH TO DATE   17                         0     17       22
  SINCE JUL 1     17                         0     17       22

 COOLING
  TODAY           12                         7      5        0
  MONTH TO DATE   78                       119    -41       39
  SINCE JAN 1    191                       283    -92      209
..................................................................


WIND (MPH)
  HIGHEST WIND SPEED    13   HIGHEST WIND DIRECTION     W (270)
  HIGHEST GUST SPEED    18   HIGHEST GUST DIRECTION     W (270)
  AVERAGE WIND SPEED     6.2


SKY COVER
  POSSIBLE SUNSHINE  MM
  AVERAGE SKY COVER 0.5


WEATHER CONDITIONS
 THE FOLLOWING WEATHER WAS RECORDED TODAY.
  FOG
  FOG W/VISIBILITY <= 1/4 MILE


RELATIVE HUMIDITY (PERCENT)
 HIGHEST   100           200 AM
 LOWEST     55           200 PM
 AVERAGE    78

..........................................................


THE ROCHESTER MN CLIMATE NORMALS FOR TOMORROW
                         NORMAL    RECORD    YEAR
 MAXIMUM TEMPERATURE (F)   82        97      1964
                                             1940
 MINIMUM TEMPERATURE (F)   62        45      1937
                                             1911


SUNRISE AND SUNSET
JULY 17 2015..........SUNRISE   543 AM CDT   SUNSET   849 PM CDT
JULY 18 2015..........SUNRISE   544 AM CDT   SUNSET   848 PM CDT


-  INDICATES NEGATIVE NUMBERS.
R  INDICATES RECORD WAS SET OR TIED.
MM INDICATES DATA IS MISSING.
T  INDICATES TRACE AMOUNT.




$$
