000
CDUS43 KARX 010640
CLIRST


CLIMATE REPORT
NATIONAL WEATHER SERVICE LA CROSSE WI
137 AM CDT WED NOV 1 2017


...................................

...THE ROCHESTER MN CLIMATE SUMMARY FOR OCTOBER 31 2017...

CLIMATE NORMAL PERIOD 1981 TO 2010
CLIMATE RECORD PERIOD 1886 TO 2017


WEATHER ITEM   OBSERVED TIME   RECORD YEAR NORMAL DEPARTURE LAST
                VALUE   (LST)  VALUE       VALUE  FROM      YEAR
                                                  NORMAL
..................................................................
TEMPERATURE (F)
 YESTERDAY
  MAXIMUM         34    102 PM  78    1950  51    -17       58
  MINIMUM         22   1038 PM  15    1993  34    -12       40
  AVERAGE         28                        42    -14       49

PRECIPITATION (IN)
  YESTERDAY        T             1.31 1935   0.06  -0.06     0.00
  MONTH TO DATE    5.09                      2.24   2.85     2.74
  SINCE SEP 1      7.26                      5.69   1.57    11.84
  SINCE JAN 1     31.76                     29.88   1.88    40.11

SNOWFALL (IN)
  YESTERDAY        T             3.5  1929   0.1   -0.1      0.0
  MONTH TO DATE    2.6                       0.8    1.8      0.0
  SINCE JUL 1      2.6                       0.8    1.8      0.0
  SNOW DEPTH       0

DEGREE DAYS
 HEATING
  YESTERDAY       37                        23     14       16
  MONTH TO DATE  470                       520    -50      398
  SINCE JUL 1    622                       736   -114      475

 COOLING
  YESTERDAY        0                         0      0        0
  MONTH TO DATE    1                         6     -5        1
  SINCE JAN 1    494                       585    -91      629
..................................................................


WIND (MPH)
  HIGHEST WIND SPEED    23   HIGHEST WIND DIRECTION    NW (300)
  HIGHEST GUST SPEED    29   HIGHEST GUST DIRECTION    NW (300)
  AVERAGE WIND SPEED    10.2


SKY COVER
  POSSIBLE SUNSHINE  MM
  AVERAGE SKY COVER 0.6


WEATHER CONDITIONS
 THE FOLLOWING WEATHER WAS RECORDED YESTERDAY.
  LIGHT SNOW


RELATIVE HUMIDITY (PERCENT)
 HIGHEST    88          1100 PM
 LOWEST     54           300 PM
 AVERAGE    71

..........................................................


THE ROCHESTER MN CLIMATE NORMALS FOR TODAY
                         NORMAL    RECORD    YEAR
 MAXIMUM TEMPERATURE (F)   51        77      1893
 MINIMUM TEMPERATURE (F)   33        10      1951
                                             1886


SUNRISE AND SUNSET
NOVEMBER  1 2017......SUNRISE   747 AM CDT   SUNSET   600 PM CDT
NOVEMBER  2 2017......SUNRISE   748 AM CDT   SUNSET   559 PM CDT


-  INDICATES NEGATIVE NUMBERS.
R  INDICATES RECORD WAS SET OR TIED.
MM INDICATES DATA IS MISSING.
T  INDICATES TRACE AMOUNT.




$$
