000
CDUS43 KARX 150643
CLIRST


CLIMATE REPORT
NATIONAL WEATHER SERVICE LA CROSSE WI
1243 AM CST THU JAN 15 2015


...................................

...THE ROCHESTER MN CLIMATE SUMMARY FOR JANUARY 14 2015...

CLIMATE NORMAL PERIOD 1981 TO 2010
CLIMATE RECORD PERIOD 1886 TO 2015


WEATHER ITEM   OBSERVED TIME   RECORD YEAR NORMAL DEPARTURE LAST
                VALUE   (LST)  VALUE       VALUE  FROM      YEAR
                                                  NORMAL
..................................................................
TEMPERATURE (F)
 YESTERDAY
  MAXIMUM         21    817 PM  44    1915  23     -2       33
  MINIMUM         14    216 AM -26    1979   7      7        7
                                      1972
                                      1965
  AVERAGE         18                        15      3       20

PRECIPITATION (IN)
  YESTERDAY        0.01          0.57 1930   0.03  -0.02     0.19
  MONTH TO DATE    0.29                      0.39  -0.10     0.29
  SINCE DEC 1      1.31                      1.62  -0.31     1.39
  SINCE JAN 1      0.29                      0.39  -0.10     0.29

SNOWFALL (IN)
  YESTERDAY        0.4           6.0  1930   0.4    0.0      2.3
  MONTH TO DATE    6.1                       5.0    1.1      3.4
  SINCE JUL 1     23.5                      24.4   -0.9     17.8
  SNOW DEPTH       6

DEGREE DAYS
 HEATING
  YESTERDAY       47                        50     -3       45
  MONTH TO DATE  829                       691    138      807
  SINCE JUL 1   4049                      3769    280     4101

 COOLING
  YESTERDAY        0                         0      0        0
  MONTH TO DATE    0                         0      0        0
  SINCE JAN 1      0                         0      0        0
..................................................................


WIND (MPH)
  HIGHEST WIND SPEED    21   HIGHEST WIND DIRECTION     S (200)
  HIGHEST GUST SPEED    24   HIGHEST GUST DIRECTION    SW (210)
  AVERAGE WIND SPEED    10.9


SKY COVER
  POSSIBLE SUNSHINE  MM
  AVERAGE SKY COVER 1.0


WEATHER CONDITIONS
 THE FOLLOWING WEATHER WAS RECORDED YESTERDAY.
  LIGHT SNOW
  FOG
  HAZE


RELATIVE HUMIDITY (PERCENT)
 HIGHEST    91           700 PM
 LOWEST     74           700 AM
 AVERAGE    83

..........................................................


THE ROCHESTER MN CLIMATE NORMALS FOR TODAY
                         NORMAL    RECORD    YEAR
 MAXIMUM TEMPERATURE (F)   23        50      1914
 MINIMUM TEMPERATURE (F)    7       -36      1888


SUNRISE AND SUNSET
JANUARY 15 2015.......SUNRISE   741 AM CST   SUNSET   458 PM CST
JANUARY 16 2015.......SUNRISE   741 AM CST   SUNSET   459 PM CST


-  INDICATES NEGATIVE NUMBERS.
R  INDICATES RECORD WAS SET OR TIED.
MM INDICATES DATA IS MISSING.
T  INDICATES TRACE AMOUNT.




$$
