000
CDUS43 KARX 170648
CLIRST


CLIMATE REPORT
NATIONAL WEATHER SERVICE LA CROSSE WI
148 AM CDT FRI JUL 17 2015


...................................

...THE ROCHESTER MN CLIMATE SUMMARY FOR JULY 16 2015...

CLIMATE NORMAL PERIOD 1981 TO 2010
CLIMATE RECORD PERIOD 1886 TO 2015


WEATHER ITEM   OBSERVED TIME   RECORD YEAR NORMAL DEPARTURE LAST
                VALUE   (LST)  VALUE       VALUE  FROM      YEAR
                                                  NORMAL
..................................................................
TEMPERATURE (F)
 YESTERDAY
  MAXIMUM         73    708 PM 101    1936  82     -9       75
  MINIMUM         63   1219 PM  44    1933  62      1       50
  AVERAGE         68                        72     -4       63

PRECIPITATION (IN)
  YESTERDAY        1.56          2.00 1957   0.15   1.41     0.00
  MONTH TO DATE    2.09                      2.37  -0.28     1.58
  SINCE JUN 1      6.55                      7.05  -0.50     8.85
  SINCE JAN 1     19.16                     17.49   1.67    20.18

SNOWFALL (IN)
  YESTERDAY        0.0           0.0  2012   0.0    0.0      0.0
  MONTH TO DATE    0.0                       0.0    0.0      0.0
  SINCE JUL 1      0.0                       0.0    0.0      0.0
  SNOW DEPTH       0

DEGREE DAYS
 HEATING
  YESTERDAY        0                         0      0        2
  MONTH TO DATE   17                         0     17       20
  SINCE JUL 1     17                         0     17       20

 COOLING
  YESTERDAY        3                         7     -4        0
  MONTH TO DATE   66                       112    -46       39
  SINCE JAN 1    179                       276    -97      209
..................................................................


WIND (MPH)
  HIGHEST WIND SPEED    18   HIGHEST WIND DIRECTION    SE (130)
  HIGHEST GUST SPEED    24   HIGHEST GUST DIRECTION    SE (140)
  AVERAGE WIND SPEED     9.9


SKY COVER
  POSSIBLE SUNSHINE  MM
  AVERAGE SKY COVER 0.7


WEATHER CONDITIONS
 THE FOLLOWING WEATHER WAS RECORDED YESTERDAY.
  HEAVY RAIN
  RAIN
  LIGHT RAIN
  FOG


RELATIVE HUMIDITY (PERCENT)
 HIGHEST   100           500 AM
 LOWEST     87          1200 AM
 AVERAGE    94

..........................................................


THE ROCHESTER MN CLIMATE NORMALS FOR TODAY
                         NORMAL    RECORD    YEAR
 MAXIMUM TEMPERATURE (F)   82       102      1936
 MINIMUM TEMPERATURE (F)   62        40      1911


SUNRISE AND SUNSET
JULY 17 2015..........SUNRISE   543 AM CDT   SUNSET   849 PM CDT
JULY 18 2015..........SUNRISE   544 AM CDT   SUNSET   848 PM CDT


-  INDICATES NEGATIVE NUMBERS.
R  INDICATES RECORD WAS SET OR TIED.
MM INDICATES DATA IS MISSING.
T  INDICATES TRACE AMOUNT.




$$
