000
CDUS43 KARX 300646
CLIRST


CLIMATE REPORT
NATIONAL WEATHER SERVICE LA CROSSE WI
1245 AM CST FRI DEC 30 2016


...................................

...THE ROCHESTER MN CLIMATE SUMMARY FOR DECEMBER 29 2016...

CLIMATE NORMAL PERIOD 1981 TO 2010
CLIMATE RECORD PERIOD 1886 TO 2016


WEATHER ITEM   OBSERVED TIME   RECORD YEAR NORMAL DEPARTURE LAST
                VALUE   (LST)  VALUE       VALUE  FROM      YEAR
                                                  NORMAL
..................................................................
TEMPERATURE (F)
 YESTERDAY
  MAXIMUM         31   1230 PM  46    1999  24      7       26
  MINIMUM         21   1159 PM -29    1887   9     12       19
  AVERAGE         26                        16     10       23

PRECIPITATION (IN)
  YESTERDAY        T             0.53 1972   0.03  -0.03     0.16
  MONTH TO DATE    2.07                      1.17   0.90     3.21
  SINCE DEC 1      2.07                      1.17   0.90     3.21
  SINCE JAN 1     43.55                     32.96  10.59    35.60

SNOWFALL (IN)
  YESTERDAY        T             3.5  1948   0.4   -0.4      1.7
  MONTH TO DATE   19.7                      11.8    7.9     13.2
  SINCE JUL 1     20.7                      18.7    2.0     15.7
  SNOW DEPTH       6

DEGREE DAYS
 HEATING
  YESTERDAY       39                        49    -10       42
  MONTH TO DATE 1351                      1308     43      983
  SINCE JUL 1   2486                      2980   -494     2333

 COOLING
  YESTERDAY        0                         0      0        0
  MONTH TO DATE    0                         0      0        0
  SINCE JAN 1    629                       585     44      507
..................................................................


WIND (MPH)
  HIGHEST WIND SPEED    35   HIGHEST WIND DIRECTION    NW (300)
  HIGHEST GUST SPEED    45   HIGHEST GUST DIRECTION    NW (300)
  AVERAGE WIND SPEED    23.4


SKY COVER
  POSSIBLE SUNSHINE  MM
  AVERAGE SKY COVER 0.6


WEATHER CONDITIONS
 THE FOLLOWING WEATHER WAS RECORDED YESTERDAY.
  LIGHT SNOW
  FOG


RELATIVE HUMIDITY (PERCENT)
 HIGHEST    85           900 AM
 LOWEST     68           700 PM
 AVERAGE    77

..........................................................


THE ROCHESTER MN CLIMATE NORMALS FOR TODAY
                         NORMAL    RECORD    YEAR
 MAXIMUM TEMPERATURE (F)   24        52      1890
 MINIMUM TEMPERATURE (F)    9       -28      1887


SUNRISE AND SUNSET
DECEMBER 30 2016......SUNRISE   744 AM CST   SUNSET   442 PM CST
DECEMBER 31 2016......SUNRISE   744 AM CST   SUNSET   442 PM CST


-  INDICATES NEGATIVE NUMBERS.
R  INDICATES RECORD WAS SET OR TIED.
MM INDICATES DATA IS MISSING.
T  INDICATES TRACE AMOUNT.




$$
