000
CDUS43 KARX 110629
CLIRST


CLIMATE REPORT
NATIONAL WEATHER SERVICE LA CROSSE WI
128 AM CDT MON APR 11 2016


...................................

...THE ROCHESTER MN CLIMATE SUMMARY FOR APRIL 10 2016...

CLIMATE NORMAL PERIOD 1981 TO 2010
CLIMATE RECORD PERIOD 1886 TO 2016


WEATHER ITEM   OBSERVED TIME   RECORD YEAR NORMAL DEPARTURE LAST
                VALUE   (LST)  VALUE       VALUE  FROM      YEAR
                                                  NORMAL
..................................................................
TEMPERATURE (F)
 YESTERDAY
  MAXIMUM         56    414 PM  85    1977  54      2       51
  MINIMUM         35    601 AM  13    1973  34      1       33
  AVERAGE         46                        44      2       42

PRECIPITATION (IN)
  YESTERDAY        0.00          1.20 2008   0.11  -0.11     0.01
  MONTH TO DATE    0.17                      0.92  -0.75     3.11
  SINCE MAR 1      4.15                      2.80   1.35     4.18
  SINCE JAN 1      5.55                      4.49   1.06     5.54

SNOWFALL (IN)
  YESTERDAY        0.0           1.7  2007   0.1   -0.1       T
  MONTH TO DATE    0.5                       1.4   -0.9      1.5
  SINCE JUL 1     47.9                      50.0   -2.1     50.4
  SNOW DEPTH       0

DEGREE DAYS
 HEATING
  YESTERDAY       19                        21     -2       23
  MONTH TO DATE  289                       230     59      218
  SINCE JUL 1   6304                      7102   -798     7516

 COOLING
  YESTERDAY        0                         0      0        0
  MONTH TO DATE    0                         0      0        0
  SINCE JAN 1      0                         0      0        0
..................................................................


WIND (MPH)
  HIGHEST WIND SPEED    31   HIGHEST WIND DIRECTION    SE (150)
  HIGHEST GUST SPEED    41   HIGHEST GUST DIRECTION    SE (150)
  AVERAGE WIND SPEED    17.8


SKY COVER
  POSSIBLE SUNSHINE  MM
  AVERAGE SKY COVER 0.2


WEATHER CONDITIONS
 THE FOLLOWING WEATHER WAS RECORDED YESTERDAY.
  NO SIGNIFICANT WEATHER WAS OBSERVED.


RELATIVE HUMIDITY (PERCENT)
 HIGHEST    70           500 AM
 LOWEST     38           100 PM
 AVERAGE    54

..........................................................


THE ROCHESTER MN CLIMATE NORMALS FOR TODAY
                         NORMAL    RECORD    YEAR
 MAXIMUM TEMPERATURE (F)   55        82      1977
 MINIMUM TEMPERATURE (F)   35        12      1973


SUNRISE AND SUNSET
APRIL 11 2016.........SUNRISE   633 AM CDT   SUNSET   750 PM CDT
APRIL 12 2016.........SUNRISE   631 AM CDT   SUNSET   751 PM CDT


-  INDICATES NEGATIVE NUMBERS.
R  INDICATES RECORD WAS SET OR TIED.
MM INDICATES DATA IS MISSING.
T  INDICATES TRACE AMOUNT.




$$
