000
CDUS43 KARX 010654
CLIRST


CLIMATE REPORT
NATIONAL WEATHER SERVICE LA CROSSE WI
147 AM CDT THU JUN 1 2017


...................................

...THE ROCHESTER MN CLIMATE SUMMARY FOR MAY 31 2017...

CLIMATE NORMAL PERIOD 1981 TO 2010
CLIMATE RECORD PERIOD 1886 TO 2017


WEATHER ITEM   OBSERVED TIME   RECORD YEAR NORMAL DEPARTURE LAST
                VALUE   (LST)  VALUE       VALUE  FROM      YEAR
                                                  NORMAL
..................................................................
TEMPERATURE (F)
 YESTERDAY
  MAXIMUM         74    409 PM 106    1934  73      1       79
  MINIMUM         45    209 AM  33    1931  52     -7       60
  AVERAGE         60                        63     -3       70

PRECIPITATION (IN)
  YESTERDAY        0.00          1.80 1961   0.13  -0.13     0.55
  MONTH TO DATE    3.07                      3.63  -0.56     4.59
  SINCE MAR 1     10.49                      8.75   1.74    10.29
  SINCE JAN 1     14.27                     10.44   3.83    11.69

SNOWFALL (IN)
  YESTERDAY        0.0           0.0  2012   0.0    0.0      0.0
  MONTH TO DATE    0.0                       T      0.0      0.0
  SINCE JUL 1     52.7                      51.9    0.8     47.9
  SNOW DEPTH       0

DEGREE DAYS
 HEATING
  YESTERDAY        5                         4      1        0
  MONTH TO DATE  284                       245     39      229
  SINCE JUL 1   6868                      7670   -802     6775

 COOLING
  YESTERDAY        0                         2     -2        5
  MONTH TO DATE   20                        30    -10       47
  SINCE JAN 1     20                        34    -14       48
..................................................................


WIND (MPH)
  HIGHEST WIND SPEED    30   HIGHEST WIND DIRECTION    NW (330)
  HIGHEST GUST SPEED    40   HIGHEST GUST DIRECTION    NW (300)
  AVERAGE WIND SPEED    13.8


SKY COVER
  POSSIBLE SUNSHINE  MM
  AVERAGE SKY COVER 0.1


WEATHER CONDITIONS
 THE FOLLOWING WEATHER WAS RECORDED YESTERDAY.
  NO SIGNIFICANT WEATHER WAS OBSERVED.


RELATIVE HUMIDITY (PERCENT)
 HIGHEST    86           100 AM
 LOWEST     25           200 PM
 AVERAGE    56

..........................................................


THE ROCHESTER MN CLIMATE NORMALS FOR TODAY
                         NORMAL    RECORD    YEAR
 MAXIMUM TEMPERATURE (F)   74        95      1934
 MINIMUM TEMPERATURE (F)   53        37      1946


SUNRISE AND SUNSET
JUNE  1 2017..........SUNRISE   530 AM CDT   SUNSET   846 PM CDT
JUNE  2 2017..........SUNRISE   530 AM CDT   SUNSET   847 PM CDT


-  INDICATES NEGATIVE NUMBERS.
R  INDICATES RECORD WAS SET OR TIED.
MM INDICATES DATA IS MISSING.
T  INDICATES TRACE AMOUNT.




$$
