000
CDUS43 KARX 260641
CLIRST


CLIMATE REPORT
NATIONAL WEATHER SERVICE LA CROSSE WI
138 AM CDT TUE SEP 26 2017


...................................

...THE ROCHESTER MN CLIMATE SUMMARY FOR SEPTEMBER 25 2017...

CLIMATE NORMAL PERIOD 1981 TO 2010
CLIMATE RECORD PERIOD 1886 TO 2017


WEATHER ITEM   OBSERVED TIME   RECORD YEAR NORMAL DEPARTURE LAST
                VALUE   (LST)  VALUE       VALUE  FROM      YEAR
                                                  NORMAL
..................................................................
TEMPERATURE (F)
 YESTERDAY
  MAXIMUM         79   1230 PM  89    1956  68     11       68
  MINIMUM         62   1159 PM  26    1893  46     16       52
  AVERAGE         71                        57     14       60

PRECIPITATION (IN)
  YESTERDAY        0.52          3.17 2005   0.11   0.41     0.12
  MONTH TO DATE    1.99                      2.93  -0.94     9.08
  SINCE SEP 1      1.99                      2.93  -0.94     9.08
  SINCE JAN 1     26.49                     27.12  -0.63    37.35

SNOWFALL (IN)
  YESTERDAY        0.0           0.0  2012   0.0    0.0      0.0
  MONTH TO DATE    0.0                       0.0    0.0      0.0
  SINCE JUL 1      0.0                       0.0    0.0      0.0
  SNOW DEPTH       0

DEGREE DAYS
 HEATING
  YESTERDAY        0                         9     -9        5
  MONTH TO DATE   67                       126    -59       29
  SINCE JUL 1    108                       164    -56       40

 COOLING
  YESTERDAY        6                         1      5        0
  MONTH TO DATE   91                        50     41       55
  SINCE JAN 1    493                       575    -82      628
..................................................................


WIND (MPH)
  HIGHEST WIND SPEED    17   HIGHEST WIND DIRECTION    SW (220)
  HIGHEST GUST SPEED    25   HIGHEST GUST DIRECTION    SW (220)
  AVERAGE WIND SPEED     7.0


SKY COVER
  POSSIBLE SUNSHINE  MM
  AVERAGE SKY COVER 0.6


WEATHER CONDITIONS
 THE FOLLOWING WEATHER WAS RECORDED YESTERDAY.
  THUNDERSTORM
  HEAVY RAIN
  RAIN
  LIGHT RAIN
  FOG


RELATIVE HUMIDITY (PERCENT)
 HIGHEST   100           800 AM
 LOWEST     69           100 PM
 AVERAGE    85

..........................................................


THE ROCHESTER MN CLIMATE NORMALS FOR TODAY
                         NORMAL    RECORD    YEAR
 MAXIMUM TEMPERATURE (F)   67        86      1908
 MINIMUM TEMPERATURE (F)   46        26      1893


SUNRISE AND SUNSET
SEPTEMBER 26 2017.....SUNRISE   702 AM CDT   SUNSET   659 PM CDT
SEPTEMBER 27 2017.....SUNRISE   703 AM CDT   SUNSET   658 PM CDT


-  INDICATES NEGATIVE NUMBERS.
R  INDICATES RECORD WAS SET OR TIED.
MM INDICATES DATA IS MISSING.
T  INDICATES TRACE AMOUNT.




$$
