000
CDUS43 KARX 020640
CLIRST


CLIMATE REPORT
NATIONAL WEATHER SERVICE LA CROSSE WI
140 AM CDT TUE MAY 2 2017


...................................

...THE ROCHESTER MN CLIMATE SUMMARY FOR MAY 1 2017...

CLIMATE NORMAL PERIOD 1981 TO 2010
CLIMATE RECORD PERIOD 1886 TO 2017


WEATHER ITEM   OBSERVED TIME   RECORD YEAR NORMAL DEPARTURE LAST
                VALUE   (LST)  VALUE       VALUE  FROM      YEAR
                                                  NORMAL
..................................................................
TEMPERATURE (F)
 YESTERDAY
  MAXIMUM         42    134 PM  89    1992  64    -22       58
  MINIMUM         36    825 PM  25    1966  42     -6       42
                                      1961
                                      1943
  AVERAGE         39                        53    -14       50

PRECIPITATION (IN)
  YESTERDAY        0.23          1.20 1936   0.12   0.11      T
  MONTH TO DATE    0.23                      0.12   0.11      T
  SINCE MAR 1      7.65                      5.24   2.41     5.70
  SINCE JAN 1     11.43                      6.93   4.50     7.10

SNOWFALL (IN)
  YESTERDAY        0.0           1.0  1893   0.0    0.0      0.0
  MONTH TO DATE    0.0                       0.0    0.0      0.0
  SINCE JUL 1     52.7                      51.9    0.8     47.9
  SNOW DEPTH       0

DEGREE DAYS
 HEATING
  YESTERDAY       26                        12     14       15
  MONTH TO DATE   26                        12     14       15
  SINCE JUL 1   6610                      7437   -827     6561

 COOLING
  YESTERDAY        0                         0      0        0
  MONTH TO DATE    0                         0      0        0
  SINCE JAN 1      0                         4     -4        1
..................................................................


WIND (MPH)
  HIGHEST WIND SPEED    26   HIGHEST WIND DIRECTION    NW (310)
  HIGHEST GUST SPEED    33   HIGHEST GUST DIRECTION    NW (310)
  AVERAGE WIND SPEED    14.0


SKY COVER
  POSSIBLE SUNSHINE  MM
  AVERAGE SKY COVER 1.0


WEATHER CONDITIONS
 THE FOLLOWING WEATHER WAS RECORDED YESTERDAY.
  LIGHT RAIN
  FOG


RELATIVE HUMIDITY (PERCENT)
 HIGHEST   100           100 AM
 LOWEST     89           100 PM
 AVERAGE    95

..........................................................


THE ROCHESTER MN CLIMATE NORMALS FOR TODAY
                         NORMAL    RECORD    YEAR
 MAXIMUM TEMPERATURE (F)   64        90      1959
 MINIMUM TEMPERATURE (F)   43        26      1990
                                             1909


SUNRISE AND SUNSET
MAY  2 2017...........SUNRISE   600 AM CDT   SUNSET   815 PM CDT
MAY  3 2017...........SUNRISE   559 AM CDT   SUNSET   816 PM CDT


-  INDICATES NEGATIVE NUMBERS.
R  INDICATES RECORD WAS SET OR TIED.
MM INDICATES DATA IS MISSING.
T  INDICATES TRACE AMOUNT.




$$
