000
CDUS43 KARX 260700
CLIRST


CLIMATE REPORT
NATIONAL WEATHER SERVICE LA CROSSE WI
100 AM CST SAT NOV 26 2016


...................................

...THE ROCHESTER MN CLIMATE SUMMARY FOR NOVEMBER 25 2016...

CLIMATE NORMAL PERIOD 1981 TO 2010
CLIMATE RECORD PERIOD 1886 TO 2016


WEATHER ITEM   OBSERVED TIME   RECORD YEAR NORMAL DEPARTURE LAST
                VALUE   (LST)  VALUE       VALUE  FROM      YEAR
                                                  NORMAL
..................................................................
TEMPERATURE (F)
 YESTERDAY
  MAXIMUM         36    750 PM  61    1960  36      0       49
  MINIMUM         30   1159 PM -12    1977  21      9       36
  AVERAGE         33                        28      5       43

PRECIPITATION (IN)
  YESTERDAY        0.00          1.06 1952   0.06  -0.06     0.00
  MONTH TO DATE    0.83                      1.62  -0.79     2.26
  SINCE SEP 1     12.67                      7.31   5.36     6.40
  SINCE JAN 1     40.94                     31.50   9.44    31.57

SNOWFALL (IN)
  YESTERDAY        0.0          10.6  1952   0.3   -0.3      0.0
  MONTH TO DATE    0.7                       4.5   -3.8      1.3
  SINCE JUL 1      0.7                       5.3   -4.6      1.5
  SNOW DEPTH       0

DEGREE DAYS
 HEATING
  YESTERDAY       32                        37     -5       22
  MONTH TO DATE  523                       745   -222      572
  SINCE JUL 1    998                      1481   -483     1160

 COOLING
  YESTERDAY        0                         0      0        0
  MONTH TO DATE    0                         0      0        0
  SINCE JAN 1    629                       585     44      507
..................................................................


WIND (MPH)
  HIGHEST WIND SPEED    15   HIGHEST WIND DIRECTION     W (280)
  HIGHEST GUST SPEED    18   HIGHEST GUST DIRECTION     W (280)
  AVERAGE WIND SPEED     7.5


SKY COVER
  POSSIBLE SUNSHINE  MM
  AVERAGE SKY COVER 0.9


WEATHER CONDITIONS
 THE FOLLOWING WEATHER WAS RECORDED YESTERDAY.
  FOG


RELATIVE HUMIDITY (PERCENT)
 HIGHEST   100           100 AM
 LOWEST     82           400 PM
 AVERAGE    91

..........................................................


THE ROCHESTER MN CLIMATE NORMALS FOR TODAY
                         NORMAL    RECORD    YEAR
 MAXIMUM TEMPERATURE (F)   35        61      1914
 MINIMUM TEMPERATURE (F)   20       -20      1977


SUNRISE AND SUNSET
NOVEMBER 26 2016......SUNRISE   719 AM CST   SUNSET   435 PM CST
NOVEMBER 27 2016......SUNRISE   720 AM CST   SUNSET   435 PM CST


-  INDICATES NEGATIVE NUMBERS.
R  INDICATES RECORD WAS SET OR TIED.
MM INDICATES DATA IS MISSING.
T  INDICATES TRACE AMOUNT.




$$
