000
CDUS43 KARX 010634
CLIRST


CLIMATE REPORT
NATIONAL WEATHER SERVICE LA CROSSE WI
1233 AM CST MON JAN 1 2018


...................................

...THE ROCHESTER MN CLIMATE SUMMARY FOR DECEMBER 31 2017...

CLIMATE NORMAL PERIOD 1981 TO 2010
CLIMATE RECORD PERIOD 1886 TO 2017


WEATHER ITEM   OBSERVED TIME   RECORD YEAR NORMAL DEPARTURE LAST
                VALUE   (LST)  VALUE       VALUE  FROM      YEAR
                                                  NORMAL
..................................................................
TEMPERATURE (F)
 YESTERDAY
  MAXIMUM         -8    137 PM  49    1965  24    -32       31
  MINIMUM        -17    954 PM -28    1946   9    -26       12
  AVERAGE        -12                        16    -28       22

PRECIPITATION (IN)
  YESTERDAY        T             0.75 1911   0.03  -0.03      T
  MONTH TO DATE    0.51                      1.23  -0.72     2.07
  SINCE DEC 1      0.51                      1.23  -0.72     2.07
  SINCE JAN 1     32.69                     33.02  -0.33    43.55

SNOWFALL (IN)
  YESTERDAY        T             7.8  1911   0.4   -0.4       T
  MONTH TO DATE    7.2                      12.5   -5.3     19.7
  SINCE JUL 1     10.5                      19.4   -8.9     20.7
  SNOW DEPTH       4

DEGREE DAYS
 HEATING
  YESTERDAY       77                        49     28       43
  MONTH TO DATE 1452                      1406     46     1436
  SINCE JUL 1   3030                      3078    -48     2571

 COOLING
  YESTERDAY        0                         0      0        0
  MONTH TO DATE    0                         0      0        0
  SINCE JAN 1    494                       585    -91      629
..................................................................


WIND (MPH)
  HIGHEST WIND SPEED    16   HIGHEST WIND DIRECTION    NW (300)
  HIGHEST GUST SPEED    21   HIGHEST GUST DIRECTION    NW (300)
  AVERAGE WIND SPEED    12.3


SKY COVER
  POSSIBLE SUNSHINE  MM
  AVERAGE SKY COVER 0.2


WEATHER CONDITIONS
 THE FOLLOWING WEATHER WAS RECORDED YESTERDAY.
  LIGHT SNOW
  FOG


RELATIVE HUMIDITY (PERCENT)
 HIGHEST    87           700 AM
 LOWEST     64           400 PM
 AVERAGE    76

..........................................................


THE ROCHESTER MN CLIMATE NORMALS FOR TODAY
                         NORMAL    RECORD    YEAR
 MAXIMUM TEMPERATURE (F)   24        44      1894
 MINIMUM TEMPERATURE (F)    9       -29      1974


SUNRISE AND SUNSET
JANUARY  1 2018.......SUNRISE   744 AM CST   SUNSET   443 PM CST
JANUARY  2 2018.......SUNRISE   744 AM CST   SUNSET   444 PM CST


-  INDICATES NEGATIVE NUMBERS.
R  INDICATES RECORD WAS SET OR TIED.
MM INDICATES DATA IS MISSING.
T  INDICATES TRACE AMOUNT.




$$
