000
CDUS43 KARX 172128
CLIRST


CLIMATE REPORT
NATIONAL WEATHER SERVICE LA CROSSE WI
427 PM CDT THU JUL 17 2014


...................................

...THE ROCHESTER MN CLIMATE SUMMARY FOR JULY 17 2014...
VALID TODAY AS OF 0400 PM LOCAL TIME.

CLIMATE NORMAL PERIOD 1981 TO 2010
CLIMATE RECORD PERIOD 1886 TO 2014


WEATHER ITEM   OBSERVED TIME   RECORD YEAR NORMAL DEPARTURE LAST
                VALUE   (LST)  VALUE       VALUE  FROM      YEAR
                                                  NORMAL
..................................................................
TEMPERATURE (F)
 TODAY
  MAXIMUM         74    252 PM 102    1936  82     -8       91
  MINIMUM         52    514 AM  40    1911  62    -10       72
  AVERAGE         63                        72     -9       82

PRECIPITATION (IN)
  TODAY            0.00          2.34 1969   0.15  -0.15     0.00
  MONTH TO DATE    1.58                      2.52  -0.94     1.42
  SINCE JUN 1      8.08                      7.20   0.88     8.28
  SINCE JAN 1     19.41                     17.64   1.77    32.18

SNOWFALL (IN)
  TODAY            0.0           0.0  2012   0.0    0.0      0.0
  MONTH TO DATE    0.0                       0.0    0.0      0.0
  SINCE JUL 1      0.0                       0.0    0.0      0.0
  SNOW DEPTH       0

DEGREE DAYS
 HEATING
  TODAY            2                         0      2        0
  MONTH TO DATE   22                         0     22        0
  SINCE JUL 1     22                         0     22        0

 COOLING
  TODAY            0                         7     -7       17
  MONTH TO DATE   39                       119    -80      167
  SINCE JAN 1    209                       283    -74      323
..................................................................


WIND (MPH)
  HIGHEST WIND SPEED    13   HIGHEST WIND DIRECTION    SW (210)
  HIGHEST GUST SPEED    16   HIGHEST GUST DIRECTION    SW (210)
  AVERAGE WIND SPEED     6.7


SKY COVER
  POSSIBLE SUNSHINE  MM
  AVERAGE SKY COVER 0.2


WEATHER CONDITIONS
 THE FOLLOWING WEATHER WAS RECORDED TODAY.
  NO SIGNIFICANT WEATHER WAS OBSERVED.


RELATIVE HUMIDITY (PERCENT)
 HIGHEST    89           100 AM
 LOWEST     49          1100 AM
 AVERAGE    69

..........................................................


THE ROCHESTER MN CLIMATE NORMALS FOR TOMORROW
                         NORMAL    RECORD    YEAR
 MAXIMUM TEMPERATURE (F)   82        97      1964
                                             1940
 MINIMUM TEMPERATURE (F)   62        45      1937
                                             1911


SUNRISE AND SUNSET
JULY 17 2014..........SUNRISE   543 AM CDT   SUNSET   849 PM CDT
JULY 18 2014..........SUNRISE   544 AM CDT   SUNSET   848 PM CDT


-  INDICATES NEGATIVE NUMBERS.
R  INDICATES RECORD WAS SET OR TIED.
MM INDICATES DATA IS MISSING.
T  INDICATES TRACE AMOUNT.




$$
