000
CDUS43 KARX 110643
CLIRST


CLIMATE REPORT
NATIONAL WEATHER SERVICE LA CROSSE WI
142 AM CDT MON AUG 11 2014


...................................

...THE ROCHESTER MN CLIMATE SUMMARY FOR AUGUST 10 2014...

CLIMATE NORMAL PERIOD 1981 TO 2010
CLIMATE RECORD PERIOD 1886 TO 2014


WEATHER ITEM   OBSERVED TIME   RECORD YEAR NORMAL DEPARTURE LAST
                VALUE   (LST)  VALUE       VALUE  FROM      YEAR
                                                  NORMAL
..................................................................
TEMPERATURE (F)
 YESTERDAY
  MAXIMUM         79    351 PM  96    1947  80     -1       75
  MINIMUM         59    515 AM  44    1982  60     -1       52
                                      1930
  AVERAGE         69                        70     -1       64

PRECIPITATION (IN)
  YESTERDAY        T             2.93 1994   0.14  -0.14     0.03
  MONTH TO DATE    0.25                      1.44  -1.19     0.57
  SINCE JUN 1      8.98                     10.67  -1.69     9.57
  SINCE JAN 1     20.31                     21.11  -0.80    33.47

SNOWFALL (IN)
  YESTERDAY        0.0           0.0  2012   0.0    0.0      0.0
  MONTH TO DATE    0.0                       0.0    0.0      0.0
  SINCE JUL 1      0.0                       0.0    0.0      0.0
  SNOW DEPTH       0

DEGREE DAYS
 HEATING
  YESTERDAY        0                         1     -1        1
  MONTH TO DATE    0                         7     -7        4
  SINCE JUL 1     22                        18      4       27

 COOLING
  YESTERDAY        4                         6     -2        0
  MONTH TO DATE   53                        60     -7       15
  SINCE JAN 1    333                       431    -98      400
..................................................................


WIND (MPH)
  HIGHEST WIND SPEED     9   HIGHEST WIND DIRECTION    SE (120)
  HIGHEST GUST SPEED    13   HIGHEST GUST DIRECTION     E (90)
  AVERAGE WIND SPEED     4.8


SKY COVER
  POSSIBLE SUNSHINE  MM
  AVERAGE SKY COVER 0.2


WEATHER CONDITIONS
 THE FOLLOWING WEATHER WAS RECORDED YESTERDAY.
  LIGHT RAIN
  FOG
  HAZE


RELATIVE HUMIDITY (PERCENT)
 HIGHEST    90           400 AM
 LOWEST     58           200 PM
 AVERAGE    74

..........................................................


THE ROCHESTER MN CLIMATE NORMALS FOR TODAY
                         NORMAL    RECORD    YEAR
 MAXIMUM TEMPERATURE (F)   80        95      1947
 MINIMUM TEMPERATURE (F)   60        41      1946


SUNRISE AND SUNSET
AUGUST 11 2014........SUNRISE   610 AM CDT   SUNSET   820 PM CDT
AUGUST 12 2014........SUNRISE   611 AM CDT   SUNSET   819 PM CDT


-  INDICATES NEGATIVE NUMBERS.
R  INDICATES RECORD WAS SET OR TIED.
MM INDICATES DATA IS MISSING.
T  INDICATES TRACE AMOUNT.




$$
