000
CDUS43 KARX 140637
CLIRST


CLIMATE REPORT
NATIONAL WEATHER SERVICE LA CROSSE WI
1237 AM CST WED JAN 14 2015


...................................

...THE ROCHESTER MN CLIMATE SUMMARY FOR JANUARY 13 2015...

CLIMATE NORMAL PERIOD 1981 TO 2010
CLIMATE RECORD PERIOD 1886 TO 2015


WEATHER ITEM   OBSERVED TIME   RECORD YEAR NORMAL DEPARTURE LAST
                VALUE   (LST)  VALUE       VALUE  FROM      YEAR
                                                  NORMAL
..................................................................
TEMPERATURE (F)
 YESTERDAY
  MAXIMUM         14   1159 PM  50    1894  23     -9       35
  MINIMUM        -17    713 AM -39    1912   8    -25       25
  AVERAGE         -1                        15    -16       30

PRECIPITATION (IN)
  YESTERDAY        0.00          0.70 1910   0.03  -0.03     0.00
  MONTH TO DATE    0.28                      0.36  -0.08     0.10
  SINCE DEC 1      1.30                      1.59  -0.29     1.20
  SINCE JAN 1      0.28                      0.36  -0.08     0.10

SNOWFALL (IN)
  YESTERDAY        0.0           3.8  1979   0.4   -0.4      0.0
  MONTH TO DATE    5.7                       4.6    1.1      1.1
  SINCE JUL 1     23.1                      24.0   -0.9     15.5
  SNOW DEPTH       6

DEGREE DAYS
 HEATING
  YESTERDAY       66                        50     16       35
  MONTH TO DATE  782                       641    141      762
  SINCE JUL 1   4002                      3719    283     4056

 COOLING
  YESTERDAY        0                         0      0        0
  MONTH TO DATE    0                         0      0        0
  SINCE JAN 1      0                         0      0        0
..................................................................


WIND (MPH)
  HIGHEST WIND SPEED    21   HIGHEST WIND DIRECTION     S (190)
  HIGHEST GUST SPEED    25   HIGHEST GUST DIRECTION     S (200)
  AVERAGE WIND SPEED     8.5


SKY COVER
  POSSIBLE SUNSHINE  MM
  AVERAGE SKY COVER 0.1


WEATHER CONDITIONS
 THE FOLLOWING WEATHER WAS RECORDED YESTERDAY.
  NO SIGNIFICANT WEATHER WAS OBSERVED.


RELATIVE HUMIDITY (PERCENT)
 HIGHEST    91          1000 AM
 LOWEST     73           100 PM
 AVERAGE    82

..........................................................


THE ROCHESTER MN CLIMATE NORMALS FOR TODAY
                         NORMAL    RECORD    YEAR
 MAXIMUM TEMPERATURE (F)   23        44      1915
 MINIMUM TEMPERATURE (F)    7       -26      1979
                                             1972
                                             1965


SUNRISE AND SUNSET
JANUARY 14 2015.......SUNRISE   742 AM CST   SUNSET   457 PM CST
JANUARY 15 2015.......SUNRISE   741 AM CST   SUNSET   458 PM CST


-  INDICATES NEGATIVE NUMBERS.
R  INDICATES RECORD WAS SET OR TIED.
MM INDICATES DATA IS MISSING.
T  INDICATES TRACE AMOUNT.




$$
