000
CDUS43 KARX 160642
CLIRST


CLIMATE REPORT
NATIONAL WEATHER SERVICE LA CROSSE WI
140 AM CDT SAT MAY 16 2015


...THE ROCHESTER MN CLIMATE SUMMARY FOR MAY 15 2015...

CLIMATE NORMAL PERIOD 1981 TO 2010
CLIMATE RECORD PERIOD 1886 TO 2015

WEATHER ITEM   OBSERVED TIME   RECORD YEAR NORMAL DEPARTURE LAST
                VALUE   (LST)  VALUE       VALUE  FROM      YEAR
                                                  NORMAL
..................................................................
TEMPERATURE (F)
 YESTERDAY
  MAXIMUM         68    435 PM  89    2001  68      0       52
  MINIMUM         55    705 AM  27    1934  47      8       38
  AVERAGE         62                        58      4       45

PRECIPITATION (IN)
  YESTERDAY        0.00          1.25 1909   0.11  -0.11     0.03
  MONTH TO DATE    3.10                      1.72   1.38     1.69
  SINCE MAR 1      9.10                      6.84   2.26     8.48
  SINCE JAN 1     10.46                      8.53   1.93    11.24

SNOWFALL (IN)
  YESTERDAY        0.0           0.1  1997   0.0    0.0      0.0
  MONTH TO DATE    0.0                       0.2   -0.2      0.0
  SINCE JUL 1     50.4                      52.1   -1.7     60.5
  SNOW DEPTH       0

DEGREE DAYS
 HEATING
  YESTERDAY        3                         8     -5       20
  MONTH TO DATE  122                       149    -27      184
  SINCE JUL 1   7934                      7574    360     8839

 COOLING
  YESTERDAY        0                         1     -1        0
  MONTH TO DATE    7                         8     -1        0
  SINCE JAN 1      7                        12     -5        0
..................................................................

WIND (MPH)
  HIGHEST WIND SPEED    15   HIGHEST WIND DIRECTION    NW (300)
  HIGHEST GUST SPEED    17   HIGHEST GUST DIRECTION    NW (300)
  AVERAGE WIND SPEED     6.7

SKY COVER
  POSSIBLE SUNSHINE  MM
  AVERAGE SKY COVER 0.8

WEATHER CONDITIONS
 THE FOLLOWING WEATHER WAS RECORDED YESTERDAY.
  FOG

RELATIVE HUMIDITY (PERCENT)
 HIGHEST   100          1200 AM
 LOWEST     63           300 PM
 AVERAGE    82
..........................................................

THE ROCHESTER MN CLIMATE NORMALS FOR TODAY
                         NORMAL    RECORD    YEAR
 MAXIMUM TEMPERATURE (F)   69        92      1936
 MINIMUM TEMPERATURE (F)   47        29      1956
                                             1929

SUNRISE AND SUNSET
MAY 16 2015...........SUNRISE   543 AM CDT   SUNSET   830 PM CDT
MAY 17 2015...........SUNRISE   542 AM CDT   SUNSET   831 PM CDT

-  INDICATES NEGATIVE NUMBERS.
R  INDICATES RECORD WAS SET OR TIED.
MM INDICATES DATA IS MISSING.
T  INDICATES TRACE AMOUNT.

$$

BOYNE
