000
CDUS43 KARX 070704
CLIRST


CLIMATE REPORT
NATIONAL WEATHER SERVICE LA CROSSE WI
203 AM CDT THU JUL 7 2016


...................................

...THE ROCHESTER MN CLIMATE SUMMARY FOR JULY 6 2016...

CLIMATE NORMAL PERIOD 1981 TO 2010
CLIMATE RECORD PERIOD 1886 TO 2016


WEATHER ITEM   OBSERVED TIME   RECORD YEAR NORMAL DEPARTURE LAST
                VALUE   (LST)  VALUE       VALUE  FROM      YEAR
                                                  NORMAL
..................................................................
TEMPERATURE (F)
 YESTERDAY
  MAXIMUM         83    517 PM 105    1936  82      1       77
  MINIMUM         63    126 AM  46    1972  61      2       57
                                      1958
                                      1950
  AVERAGE         73                        72      1       67

PRECIPITATION (IN)
  YESTERDAY        0.00          1.22 1908   0.14  -0.14     0.47
  MONTH TO DATE    0.70                      0.86  -0.16     0.47
  SINCE JUN 1      5.94                      5.54   0.40     4.93
  SINCE JAN 1     17.63                     15.98   1.65    17.54

SNOWFALL (IN)
  YESTERDAY        0.0           0.0  2012   0.0    0.0      0.0
  MONTH TO DATE    0.0                       0.0    0.0      0.0
  SINCE JUL 1      0.0                       0.0    0.0      0.0
  SNOW DEPTH       0

DEGREE DAYS
 HEATING
  YESTERDAY        0                         0      0        0
  MONTH TO DATE    4                         0      4        9
  SINCE JUL 1      4                         0      4        9

 COOLING
  YESTERDAY        8                         7      1        2
  MONTH TO DATE   16                        42    -26       14
  SINCE JAN 1    205                       206     -1      127
..................................................................


WIND (MPH)
  HIGHEST WIND SPEED    16   HIGHEST WIND DIRECTION     N (360)
  HIGHEST GUST SPEED    19   HIGHEST GUST DIRECTION     N (360)
  AVERAGE WIND SPEED     5.5


SKY COVER
  POSSIBLE SUNSHINE  MM
  AVERAGE SKY COVER 0.1


WEATHER CONDITIONS
 THE FOLLOWING WEATHER WAS RECORDED YESTERDAY.
  NO SIGNIFICANT WEATHER WAS OBSERVED.


RELATIVE HUMIDITY (PERCENT)
 HIGHEST    93          1200 AM
 LOWEST     54           600 PM
 AVERAGE    74

..........................................................


THE ROCHESTER MN CLIMATE NORMALS FOR TODAY
                         NORMAL    RECORD    YEAR
 MAXIMUM TEMPERATURE (F)   82       102      1936
 MINIMUM TEMPERATURE (F)   62        43      1934


SUNRISE AND SUNSET
JULY  7 2016..........SUNRISE   535 AM CDT   SUNSET   854 PM CDT
JULY  8 2016..........SUNRISE   536 AM CDT   SUNSET   854 PM CDT


-  INDICATES NEGATIVE NUMBERS.
R  INDICATES RECORD WAS SET OR TIED.
MM INDICATES DATA IS MISSING.
T  INDICATES TRACE AMOUNT.




$$
