000
CDUS43 KARX 080806
CLIRST


CLIMATE REPORT
NATIONAL WEATHER SERVICE LA CROSSE WI
154 AM CST MON DEC 8 2014


...................................

...THE ROCHESTER MN CLIMATE SUMMARY FOR DECEMBER 7 2014...

CLIMATE NORMAL PERIOD 1981 TO 2010
CLIMATE RECORD PERIOD 1886 TO 2014


WEATHER ITEM   OBSERVED TIME   RECORD YEAR NORMAL DEPARTURE LAST
                VALUE   (LST)  VALUE       VALUE  FROM      YEAR
                                                  NORMAL
..................................................................
TEMPERATURE (F)
 YESTERDAY
  MAXIMUM         34    400 PM  56    1939  30      4        8
  MINIMUM         23    557 AM -28    1972  15      8       -6
  AVERAGE         29                        22      7        1

PRECIPITATION (IN)
  YESTERDAY        T             0.89 1947   0.05  -0.05     0.00
  MONTH TO DATE    T                         0.34  -0.34     0.34
  SINCE DEC 1      T                         0.34  -0.34     0.34
  SINCE JAN 1     33.01                     32.13   0.88    41.00

SNOWFALL (IN)
  YESTERDAY        T             7.7  1947   0.5   -0.5      0.0
  MONTH TO DATE    T                         2.9   -2.9       T
  SINCE JUL 1      9.2                       9.8   -0.6      1.3
  SNOW DEPTH       T

DEGREE DAYS
 HEATING
  YESTERDAY       36                        43     -7       64
  MONTH TO DATE  307                       289     18      320
  SINCE JUL 1   2254                      1961    293     2013

 COOLING
  YESTERDAY        0                         0      0        0
  MONTH TO DATE    0                         0      0        0
  SINCE JAN 1    491                       585    -94      656
..................................................................


WIND (MPH)
  HIGHEST WIND SPEED    31   HIGHEST WIND DIRECTION     S (160)
  HIGHEST GUST SPEED    37   HIGHEST GUST DIRECTION     S (160)
  AVERAGE WIND SPEED    17.7


SKY COVER
  POSSIBLE SUNSHINE  MM
  AVERAGE SKY COVER 0.4


WEATHER CONDITIONS
 THE FOLLOWING WEATHER WAS RECORDED YESTERDAY.
  FOG
  HAZE


RELATIVE HUMIDITY (PERCENT)
 HIGHEST    92          1000 PM
 LOWEST     74          1200 AM
 AVERAGE    83

..........................................................


THE ROCHESTER MN CLIMATE NORMALS FOR TODAY
                         NORMAL    RECORD    YEAR
 MAXIMUM TEMPERATURE (F)   29        58      1946
 MINIMUM TEMPERATURE (F)   15       -18      1947


SUNRISE AND SUNSET
DECEMBER  8 2014......SUNRISE   732 AM CST   SUNSET   432 PM CST
DECEMBER  9 2014......SUNRISE   733 AM CST   SUNSET   432 PM CST


-  INDICATES NEGATIVE NUMBERS.
R  INDICATES RECORD WAS SET OR TIED.
MM INDICATES DATA IS MISSING.
T  INDICATES TRACE AMOUNT.




$$
