000
CDUS43 KARX 080643
CLIRST


CLIMATE REPORT
NATIONAL WEATHER SERVICE LA CROSSE WI
142 AM CDT WED OCT 8 2014


...................................

...THE ROCHESTER MN CLIMATE SUMMARY FOR OCTOBER 7 2014...

CLIMATE NORMAL PERIOD 1981 TO 2010
CLIMATE RECORD PERIOD 1886 TO 2014


WEATHER ITEM   OBSERVED TIME   RECORD YEAR NORMAL DEPARTURE LAST
                VALUE   (LST)  VALUE       VALUE  FROM      YEAR
                                                  NORMAL
..................................................................
TEMPERATURE (F)
 YESTERDAY
  MAXIMUM         61    234 PM  84    2011  63     -2       66
  MINIMUM         41   1157 PM  22    1976  41      0       42
  AVERAGE         51                        52     -1       54

PRECIPITATION (IN)
  YESTERDAY        T             1.62 2008   0.08  -0.08     0.00
  MONTH TO DATE    0.90                      0.65   0.25     2.09
  SINCE SEP 1      4.44                      4.10   0.34     3.31
  SINCE JAN 1     29.86                     28.29   1.57    38.01

SNOWFALL (IN)
  YESTERDAY        0.0           T    2000   0.0    0.0      0.0
  MONTH TO DATE    T                         0.0    0.0      0.0
  SINCE JUL 1      T                         0.0    0.0      0.0
  SNOW DEPTH       0

DEGREE DAYS
 HEATING
  YESTERDAY       14                        14      0       11
  MONTH TO DATE  121                        87     34       54
  SINCE JUL 1    326                       302     24      208

 COOLING
  YESTERDAY        0                         0      0        0
  MONTH TO DATE    0                         4     -4        0
  SINCE JAN 1    491                       583    -92      656
..................................................................


WIND (MPH)
  HIGHEST WIND SPEED    23   HIGHEST WIND DIRECTION     W (280)
  HIGHEST GUST SPEED    32   HIGHEST GUST DIRECTION     W (280)
  AVERAGE WIND SPEED    10.9


SKY COVER
  POSSIBLE SUNSHINE  MM
  AVERAGE SKY COVER 0.4


WEATHER CONDITIONS
 THE FOLLOWING WEATHER WAS RECORDED YESTERDAY.
  LIGHT RAIN


RELATIVE HUMIDITY (PERCENT)
 HIGHEST    83           200 AM
 LOWEST     40           400 PM
 AVERAGE    62

..........................................................


THE ROCHESTER MN CLIMATE NORMALS FOR TODAY
                         NORMAL    RECORD    YEAR
 MAXIMUM TEMPERATURE (F)   62        88      1916
 MINIMUM TEMPERATURE (F)   41        21      1976


SUNRISE AND SUNSET
OCTOBER  8 2014.......SUNRISE   716 AM CDT   SUNSET   638 PM CDT
OCTOBER  9 2014.......SUNRISE   717 AM CDT   SUNSET   637 PM CDT


-  INDICATES NEGATIVE NUMBERS.
R  INDICATES RECORD WAS SET OR TIED.
MM INDICATES DATA IS MISSING.
T  INDICATES TRACE AMOUNT.




$$
