000
CDUS43 KARX 282238
CLIRST


CLIMATE REPORT
NATIONAL WEATHER SERVICE LA CROSSE WI
437 PM CST TUE FEB 28 2017


...................................

...THE ROCHESTER MN CLIMATE SUMMARY FOR FEBRUARY 28 2017...
VALID TODAY AS OF 0400 PM LOCAL TIME.

CLIMATE NORMAL PERIOD 1981 TO 2010
CLIMATE RECORD PERIOD 1886 TO 2017


WEATHER ITEM   OBSERVED TIME   RECORD YEAR NORMAL DEPARTURE LAST
                VALUE   (LST)  VALUE       VALUE  FROM      YEAR
                                                  NORMAL
..................................................................
TEMPERATURE (F)
 TODAY
  MAXIMUM         40    359 PM  53    2000  33      7       43
  MINIMUM         35    812 AM -25    1962  18     17       28
  AVERAGE         38                        25     13       36

PRECIPITATION (IN)
  TODAY            T             0.83 2012   0.04  -0.04      T
  MONTH TO DATE    1.66                      0.83   0.83     0.65
  SINCE DEC 1      5.85                      2.92   2.93     4.61
  SINCE JAN 1      3.78                      1.69   2.09     1.40

SNOWFALL (IN)
  TODAY            0.0           6.0  1970   0.3   -0.3       T
  MONTH TO DATE   10.4                       8.5    1.9     11.1
  SINCE JUL 1     44.3                      39.9    4.4     32.5
  SNOW DEPTH       9

DEGREE DAYS
 HEATING
  TODAY           27                        40    -13       29
  MONTH TO DATE 1040                      1252   -212     1187
  SINCE JUL 1   5043                      5861   -818     5164

 COOLING
  TODAY            0                         0      0        0
  MONTH TO DATE    0                         0      0        0
  SINCE JAN 1      0                         0      0        0
..................................................................


WIND (MPH)
  HIGHEST WIND SPEED    17   HIGHEST WIND DIRECTION    SE (150)
  HIGHEST GUST SPEED    19   HIGHEST GUST DIRECTION    SE (140)
  AVERAGE WIND SPEED    10.1


SKY COVER
  POSSIBLE SUNSHINE  MM
  AVERAGE SKY COVER 0.7


WEATHER CONDITIONS
 THE FOLLOWING WEATHER WAS RECORDED TODAY.
  LIGHT RAIN
  FOG


RELATIVE HUMIDITY (PERCENT)
 HIGHEST   100           700 AM
 LOWEST     82          1200 AM
 AVERAGE    91

..........................................................


THE ROCHESTER MN CLIMATE NORMALS FOR TOMORROW
                         NORMAL    RECORD    YEAR
 MAXIMUM TEMPERATURE (F)   33        56      1992
 MINIMUM TEMPERATURE (F)   18       -31      1962


SUNRISE AND SUNSET
FEBRUARY 28 2017......SUNRISE   648 AM CST   SUNSET   558 PM CST
MARCH  1 2017.........SUNRISE   646 AM CST   SUNSET   559 PM CST


-  INDICATES NEGATIVE NUMBERS.
R  INDICATES RECORD WAS SET OR TIED.
MM INDICATES DATA IS MISSING.
T  INDICATES TRACE AMOUNT.




$$
