000
CDUS43 KARX 272130
CLIRST


CLIMATE REPORT
NATIONAL WEATHER SERVICE LA CROSSE WI
427 PM CDT SUN AUG 27 2017


...................................

...THE ROCHESTER MN CLIMATE SUMMARY FOR AUGUST 27 2017...
VALID TODAY AS OF 0400 PM LOCAL TIME.

CLIMATE NORMAL PERIOD 1981 TO 2010
CLIMATE RECORD PERIOD 1886 TO 2017


WEATHER ITEM   OBSERVED TIME   RECORD YEAR NORMAL DEPARTURE LAST
                VALUE   (LST)  VALUE       VALUE  FROM      YEAR
                                                  NORMAL
..................................................................
TEMPERATURE (F)
 TODAY
  MAXIMUM         74    256 PM  93    1984  78     -4       71
                                      1956
  MINIMUM         60    256 AM  39    1941  58      2       59
  AVERAGE         67                        68     -1       65

PRECIPITATION (IN)
  TODAY            0.00          1.43 1946   0.14  -0.14      T
  MONTH TO DATE    4.16                      3.96   0.20     5.74
  SINCE JUN 1     10.22                     13.19  -2.97    16.58
  SINCE JAN 1     24.49                     23.63   0.86    28.27

SNOWFALL (IN)
  TODAY            0.0           0.0  2012   0.0    0.0      0.0
  MONTH TO DATE    0.0                       0.0    0.0      0.0
  SINCE JUL 1      0.0                       0.0    0.0      0.0
  SNOW DEPTH       0

DEGREE DAYS
 HEATING
  TODAY            0                         1     -1        0
  MONTH TO DATE   33                        24      9        7
  SINCE JUL 1     34                        35     -1       11

 COOLING
  TODAY            2                         4     -2        0
  MONTH TO DATE   38                       140   -102      150
  SINCE JAN 1    399                       511   -112      550
..................................................................


WIND (MPH)
  HIGHEST WIND SPEED    14   HIGHEST WIND DIRECTION    NW (320)
  HIGHEST GUST SPEED    16   HIGHEST GUST DIRECTION    NW (330)
  AVERAGE WIND SPEED     7.5


SKY COVER
  POSSIBLE SUNSHINE  MM
  AVERAGE SKY COVER 0.8


WEATHER CONDITIONS
 THE FOLLOWING WEATHER WAS RECORDED TODAY.
  FOG


RELATIVE HUMIDITY (PERCENT)
 HIGHEST   100          1200 AM
 LOWEST     68           200 PM
 AVERAGE    84

..........................................................


THE ROCHESTER MN CLIMATE NORMALS FOR TOMORROW
                         NORMAL    RECORD    YEAR
 MAXIMUM TEMPERATURE (F)   77        96      1955
 MINIMUM TEMPERATURE (F)   58        36      1893


SUNRISE AND SUNSET
AUGUST 27 2017........SUNRISE   628 AM CDT   SUNSET   754 PM CDT
AUGUST 28 2017........SUNRISE   629 AM CDT   SUNSET   752 PM CDT


-  INDICATES NEGATIVE NUMBERS.
R  INDICATES RECORD WAS SET OR TIED.
MM INDICATES DATA IS MISSING.
T  INDICATES TRACE AMOUNT.




$$
