683
CDUS43 KARX 150731
CLIRST


CLIMATE REPORT
NATIONAL WEATHER SERVICE LA CROSSE WI
118 AM CST WED FEB 15 2017


...................................

...THE ROCHESTER MN CLIMATE SUMMARY FOR FEBRUARY 14 2017...

CLIMATE NORMAL PERIOD 1981 TO 2010
CLIMATE RECORD PERIOD 1886 TO 2017


WEATHER ITEM   OBSERVED TIME   RECORD YEAR NORMAL DEPARTURE LAST
                VALUE   (LST)  VALUE       VALUE  FROM      YEAR
                                                  NORMAL
..................................................................
TEMPERATURE (F)
 YESTERDAY
  MAXIMUM         40    235 PM  58    1954  28     12       16
  MINIMUM         25   1159 PM -23    1951  12     13        6
  AVERAGE         33                        20     13       11

PRECIPITATION (IN)
  YESTERDAY        0.00          0.80 1911   0.02  -0.02     0.05
  MONTH TO DATE    0.05                      0.37  -0.32     0.62
  SINCE DEC 1      4.24                      2.46   1.78     4.58
  SINCE JAN 1      2.17                      1.23   0.94     1.37

SNOWFALL (IN)
  YESTERDAY        0.0           5.5  1950   0.3   -0.3      1.2
  MONTH TO DATE    0.2                       4.4   -4.2     10.9
  SINCE JUL 1     34.1                      35.8   -1.7     32.3
  SNOW DEPTH       1

DEGREE DAYS
 HEATING
  YESTERDAY       32                        45    -13       54
  MONTH TO DATE  606                       657    -51      715
  SINCE JUL 1   4609                      5265   -656     4692

 COOLING
  YESTERDAY        0                         0      0        0
  MONTH TO DATE    0                         0      0        0
  SINCE JAN 1      0                         0      0        0
..................................................................


WIND (MPH)
  HIGHEST WIND SPEED    31   HIGHEST WIND DIRECTION    NW (310)
  HIGHEST GUST SPEED    38   HIGHEST GUST DIRECTION    NW (310)
  AVERAGE WIND SPEED    18.4


SKY COVER
  POSSIBLE SUNSHINE  MM
  AVERAGE SKY COVER 0.0


WEATHER CONDITIONS
 THE FOLLOWING WEATHER WAS RECORDED YESTERDAY.
  NO SIGNIFICANT WEATHER WAS OBSERVED.


RELATIVE HUMIDITY (PERCENT)
 HIGHEST    92           300 AM
 LOWEST     58           900 PM
 AVERAGE    75

..........................................................


THE ROCHESTER MN CLIMATE NORMALS FOR TODAY
                         NORMAL    RECORD    YEAR
 MAXIMUM TEMPERATURE (F)   28        49      1931
 MINIMUM TEMPERATURE (F)   12       -19      1939
                                             1920


SUNRISE AND SUNSET
FEBRUARY 15 2017......SUNRISE   709 AM CST   SUNSET   540 PM CST
FEBRUARY 16 2017......SUNRISE   707 AM CST   SUNSET   542 PM CST


-  INDICATES NEGATIVE NUMBERS.
R  INDICATES RECORD WAS SET OR TIED.
MM INDICATES DATA IS MISSING.
T  INDICATES TRACE AMOUNT.




$$
