000
CDUS43 KARX 030640
CLIRST


CLIMATE REPORT
NATIONAL WEATHER SERVICE LA CROSSE WI
139 AM CDT MON APR 3 2017


...................................

...THE ROCHESTER MN CLIMATE SUMMARY FOR APRIL 2 2017...

CLIMATE NORMAL PERIOD 1981 TO 2010
CLIMATE RECORD PERIOD 1886 TO 2017


WEATHER ITEM   OBSERVED TIME   RECORD YEAR NORMAL DEPARTURE LAST
                VALUE   (LST)  VALUE       VALUE  FROM      YEAR
                                                  NORMAL
..................................................................
TEMPERATURE (F)
 YESTERDAY
  MAXIMUM         50    256 PM  75    1981  50      0       35
  MINIMUM         36    313 AM  11    1954  31      5       27
  AVERAGE         43                        40      3       31

PRECIPITATION (IN)
  YESTERDAY        0.08          1.38 1967   0.08   0.00      T
  MONTH TO DATE    0.08                      0.16  -0.08     0.03
  SINCE MAR 1      2.95                      2.04   0.91     4.01
  SINCE JAN 1      6.73                      3.73   3.00     5.41

SNOWFALL (IN)
  YESTERDAY        0.0           2.9  1979   0.1   -0.1       T
  MONTH TO DATE    0.0                       0.3   -0.3       T
  SINCE JUL 1     52.7                      48.9    3.8     47.4
  SNOW DEPTH       0

DEGREE DAYS
 HEATING
  YESTERDAY       22                        25     -3       34
  MONTH TO DATE   40                        50    -10       64
  SINCE JUL 1   6121                      6922   -801     6079

 COOLING
  YESTERDAY        0                         0      0        0
  MONTH TO DATE    0                         0      0        0
  SINCE JAN 1      0                         0      0        0
..................................................................


WIND (MPH)
  HIGHEST WIND SPEED    21   HIGHEST WIND DIRECTION     S (170)
  HIGHEST GUST SPEED    25   HIGHEST GUST DIRECTION    SE (150)
  AVERAGE WIND SPEED    11.1


SKY COVER
  POSSIBLE SUNSHINE  MM
  AVERAGE SKY COVER 0.8


WEATHER CONDITIONS
 THE FOLLOWING WEATHER WAS RECORDED YESTERDAY.
  LIGHT RAIN
  FOG


RELATIVE HUMIDITY (PERCENT)
 HIGHEST   100           800 PM
 LOWEST     70          1200 AM
 AVERAGE    85

..........................................................


THE ROCHESTER MN CLIMATE NORMALS FOR TODAY
                         NORMAL    RECORD    YEAR
 MAXIMUM TEMPERATURE (F)   50        74      1893
 MINIMUM TEMPERATURE (F)   31         6      1954


SUNRISE AND SUNSET
APRIL  3 2017.........SUNRISE   647 AM CDT   SUNSET   740 PM CDT
APRIL  4 2017.........SUNRISE   646 AM CDT   SUNSET   741 PM CDT


-  INDICATES NEGATIVE NUMBERS.
R  INDICATES RECORD WAS SET OR TIED.
MM INDICATES DATA IS MISSING.
T  INDICATES TRACE AMOUNT.




$$
