000
CDUS43 KARX 240642
CLIRST


CLIMATE REPORT
NATIONAL WEATHER SERVICE LA CROSSE WI
1242 AM CST FRI NOV 24 2017


...................................

...THE ROCHESTER MN CLIMATE SUMMARY FOR NOVEMBER 23 2017...

CLIMATE NORMAL PERIOD 1981 TO 2010
CLIMATE RECORD PERIOD 1886 TO 2017


WEATHER ITEM   OBSERVED TIME   RECORD YEAR NORMAL DEPARTURE LAST
                VALUE   (LST)  VALUE       VALUE  FROM      YEAR
                                                  NORMAL
..................................................................
TEMPERATURE (F)
 YESTERDAY
  MAXIMUM         46    319 PM  57    2006  37      9       35
                                      1931
  MINIMUM         22    646 AM -11    1893  22      0       33
  AVERAGE         34                        29      5       34

PRECIPITATION (IN)
  YESTERDAY        0.00          0.83 1931   0.06  -0.06     0.28
  MONTH TO DATE    0.41                      1.50  -1.09     0.83
  SINCE SEP 1      7.67                      7.19   0.48    12.67
  SINCE JAN 1     32.17                     31.38   0.79    40.94

SNOWFALL (IN)
  YESTERDAY        0.0           7.8  1991   0.2   -0.2      0.7
  MONTH TO DATE    0.7                       3.9   -3.2      0.7
  SINCE JUL 1      3.3                       4.7   -1.4      0.7
  SNOW DEPTH       0

DEGREE DAYS
 HEATING
  YESTERDAY       31                        36     -5       31
  MONTH TO DATE  774                       672    102      461
  SINCE JUL 1   1396                      1408    -12      936

 COOLING
  YESTERDAY        0                         0      0        0
  MONTH TO DATE    0                         0      0        0
  SINCE JAN 1    494                       585    -91      629
..................................................................


WIND (MPH)
  HIGHEST WIND SPEED    23   HIGHEST WIND DIRECTION     S (200)
  HIGHEST GUST SPEED    29   HIGHEST GUST DIRECTION     S (190)
  AVERAGE WIND SPEED     9.7


SKY COVER
  POSSIBLE SUNSHINE  MM
  AVERAGE SKY COVER 0.0


WEATHER CONDITIONS
 THE FOLLOWING WEATHER WAS RECORDED YESTERDAY.
  NO SIGNIFICANT WEATHER WAS OBSERVED.


RELATIVE HUMIDITY (PERCENT)
 HIGHEST    84           600 AM
 LOWEST     45          1200 PM
 AVERAGE    65

..........................................................


THE ROCHESTER MN CLIMATE NORMALS FOR TODAY
                         NORMAL    RECORD    YEAR
 MAXIMUM TEMPERATURE (F)   36        60      2011
 MINIMUM TEMPERATURE (F)   21       -11      1893


SUNRISE AND SUNSET
NOVEMBER 24 2017......SUNRISE   717 AM CST   SUNSET   437 PM CST
NOVEMBER 25 2017......SUNRISE   718 AM CST   SUNSET   436 PM CST


-  INDICATES NEGATIVE NUMBERS.
R  INDICATES RECORD WAS SET OR TIED.
MM INDICATES DATA IS MISSING.
T  INDICATES TRACE AMOUNT.




$$
