000
CDUS43 KARX 140640
CLIRST


CLIMATE REPORT
NATIONAL WEATHER SERVICE LA CROSSE WI
139 AM CDT THU AUG 14 2014


...................................

...THE ROCHESTER MN CLIMATE SUMMARY FOR AUGUST 13 2014...

CLIMATE NORMAL PERIOD 1981 TO 2010
CLIMATE RECORD PERIOD 1886 TO 2014


WEATHER ITEM   OBSERVED TIME   RECORD YEAR NORMAL DEPARTURE LAST
                VALUE   (LST)  VALUE       VALUE  FROM      YEAR
                                                  NORMAL
..................................................................
TEMPERATURE (F)
 YESTERDAY
  MAXIMUM         81    357 PM  96    1918  79      2       72
  MINIMUM         57    454 AM  40    1933  60     -3       54
  AVERAGE         69                        70     -1       63

PRECIPITATION (IN)
  YESTERDAY        0.00          1.95 2010   0.15  -0.15     0.00
  MONTH TO DATE    0.26                      1.88  -1.62     1.29
  SINCE JUN 1      8.99                     11.11  -2.12    10.29
  SINCE JAN 1     20.32                     21.55  -1.23    34.19

SNOWFALL (IN)
  YESTERDAY        0.0           0.0  2012   0.0    0.0      0.0
  MONTH TO DATE    0.0                       0.0    0.0      0.0
  SINCE JUL 1      0.0                       0.0    0.0      0.0
  SNOW DEPTH       0

DEGREE DAYS
 HEATING
  YESTERDAY        0                         1     -1        2
  MONTH TO DATE    0                        10    -10        6
  SINCE JUL 1     22                        21      1       29

 COOLING
  YESTERDAY        4                         5     -1        0
  MONTH TO DATE   59                        75    -16       20
  SINCE JAN 1    339                       446   -107      405
..................................................................


WIND (MPH)
  HIGHEST WIND SPEED    15   HIGHEST WIND DIRECTION     N (340)
  HIGHEST GUST SPEED    20   HIGHEST GUST DIRECTION    NW (320)
  AVERAGE WIND SPEED     8.2


SKY COVER
  POSSIBLE SUNSHINE  MM
  AVERAGE SKY COVER 0.1


WEATHER CONDITIONS
 THE FOLLOWING WEATHER WAS RECORDED YESTERDAY.
  NO SIGNIFICANT WEATHER WAS OBSERVED.


RELATIVE HUMIDITY (PERCENT)
 HIGHEST    86           300 AM
 LOWEST     51           300 PM
 AVERAGE    69

..........................................................


THE ROCHESTER MN CLIMATE NORMALS FOR TODAY
                         NORMAL    RECORD    YEAR
 MAXIMUM TEMPERATURE (F)   79        91      1955
 MINIMUM TEMPERATURE (F)   60        37      1964


SUNRISE AND SUNSET
AUGUST 14 2014........SUNRISE   613 AM CDT   SUNSET   816 PM CDT
AUGUST 15 2014........SUNRISE   614 AM CDT   SUNSET   814 PM CDT


-  INDICATES NEGATIVE NUMBERS.
R  INDICATES RECORD WAS SET OR TIED.
MM INDICATES DATA IS MISSING.
T  INDICATES TRACE AMOUNT.




$$
