660
CDUS43 KARX 200717
CLIRST


CLIMATE REPORT
NATIONAL WEATHER SERVICE LA CROSSE WI
213 AM CDT WED MAY 20 2015

...THE ROCHESTER MN CLIMATE SUMMARY FOR MAY 19 2015...

CLIMATE NORMAL PERIOD 1981 TO 2010
CLIMATE RECORD PERIOD 1886 TO 2015

WEATHER ITEM   OBSERVED TIME   RECORD YEAR NORMAL DEPARTURE LAST
                VALUE   (LST)  VALUE       VALUE  FROM      YEAR
                                                  NORMAL
..................................................................
TEMPERATURE (F)
 YESTERDAY
  MAXIMUM         51    308 PM  98    1934  70    -19       59
  MINIMUM         35    449 AM  23    1929  48    -13       52
  AVERAGE         43                        59    -16       56

PRECIPITATION (IN)
  YESTERDAY        0.00          2.07 2013   0.11  -0.11     0.08
  MONTH TO DATE    3.36                      2.18   1.18     1.77
  SINCE MAR 1      9.36                      7.30   2.06     8.56
  SINCE JAN 1     10.72                      8.99   1.73    11.32

SNOWFALL (IN)
  YESTERDAY        0.0           0.0  2012   0.0    0.0      0.0
  MONTH TO DATE    0.0                       0.2   -0.2      0.0
  SINCE JUL 1     50.4                      52.1   -1.7     60.5
  SNOW DEPTH       0

DEGREE DAYS
 HEATING
  YESTERDAY       22                         7     15        9
  MONTH TO DATE  169                       179    -10      235
  SINCE JUL 1   7981                      7604    377     8890

 COOLING
  YESTERDAY        0                         1     -1        0
  MONTH TO DATE    7                        12     -5        0
  SINCE JAN 1      7                        16     -9        0
..................................................................

WIND (MPH)
  HIGHEST WIND SPEED    20   HIGHEST WIND DIRECTION     N (360)
  HIGHEST GUST SPEED    27   HIGHEST GUST DIRECTION     N (340)
  AVERAGE WIND SPEED    11.0

SKY COVER
  POSSIBLE SUNSHINE  MM
  AVERAGE SKY COVER 0.4

WEATHER CONDITIONS
 THE FOLLOWING WEATHER WAS RECORDED YESTERDAY.
  NO SIGNIFICANT WEATHER WAS OBSERVED.

RELATIVE HUMIDITY (PERCENT)
 HIGHEST    92          1200 AM
 LOWEST     56           200 PM
 AVERAGE    74
..........................................................

THE ROCHESTER MN CLIMATE NORMALS FOR TODAY
                         NORMAL    RECORD    YEAR
 MAXIMUM TEMPERATURE (F)   70        96      1934
 MINIMUM TEMPERATURE (F)   49        30      1967
                                             1954
                                             1892

SUNRISE AND SUNSET
MAY 20 2015...........SUNRISE   539 AM CDT   SUNSET   834 PM CDT
MAY 21 2015...........SUNRISE   538 AM CDT   SUNSET   835 PM CDT

-  INDICATES NEGATIVE NUMBERS.
R  INDICATES RECORD WAS SET OR TIED.
MM INDICATES DATA IS MISSING.
T  INDICATES TRACE AMOUNT.

$$

BOYNE
