000
CDUS43 KARX 180643
CLIRST


CLIMATE REPORT
NATIONAL WEATHER SERVICE LA CROSSE WI
1240 AM CST THU DEC 18 2014


...................................

...THE ROCHESTER MN CLIMATE SUMMARY FOR DECEMBER 17 2014...

CLIMATE NORMAL PERIOD 1981 TO 2010
CLIMATE RECORD PERIOD 1886 TO 2014


WEATHER ITEM   OBSERVED TIME   RECORD YEAR NORMAL DEPARTURE LAST
                VALUE   (LST)  VALUE       VALUE  FROM      YEAR
                                                  NORMAL
..................................................................
TEMPERATURE (F)
 YESTERDAY
  MAXIMUM         20    246 PM  63    1939  26     -6       30
  MINIMUM         10    837 AM -22    1983  11     -1        9
                                      1950
  AVERAGE         15                        19     -4       20

PRECIPITATION (IN)
  YESTERDAY        T             0.70 1908   0.03  -0.03     0.01
  MONTH TO DATE    0.20                      0.76  -0.56     0.73
  SINCE DEC 1      0.20                      0.76  -0.56     0.73
  SINCE JAN 1     33.21                     32.55   0.66    41.39

SNOWFALL (IN)
  YESTERDAY        T             7.0  1908   0.4   -0.4      0.1
  MONTH TO DATE    0.1                       7.2   -7.1      5.1
  SINCE JUL 1      9.3                      14.1   -4.8      6.4
  SNOW DEPTH       0

DEGREE DAYS
 HEATING
  YESTERDAY       50                        46      4       45
  MONTH TO DATE  653                       737    -84      873
  SINCE JUL 1   2600                      2409    191     2566

 COOLING
  YESTERDAY        0                         0      0        0
  MONTH TO DATE    0                         0      0        0
  SINCE JAN 1    491                       585    -94      656
..................................................................


WIND (MPH)
  HIGHEST WIND SPEED    17   HIGHEST WIND DIRECTION    NW (330)
  HIGHEST GUST SPEED    21   HIGHEST GUST DIRECTION    NW (310)
  AVERAGE WIND SPEED     9.6


SKY COVER
  POSSIBLE SUNSHINE  MM
  AVERAGE SKY COVER 0.9


WEATHER CONDITIONS
 THE FOLLOWING WEATHER WAS RECORDED YESTERDAY.
  LIGHT SNOW
  FOG
  HAZE
  BLOWING SNOW


RELATIVE HUMIDITY (PERCENT)
 HIGHEST    92           800 AM
 LOWEST     73           200 PM
 AVERAGE    83

..........................................................


THE ROCHESTER MN CLIMATE NORMALS FOR TODAY
                         NORMAL    RECORD    YEAR
 MAXIMUM TEMPERATURE (F)   26        58      1890
 MINIMUM TEMPERATURE (F)   11       -31      1983


SUNRISE AND SUNSET
DECEMBER 18 2014......SUNRISE   739 AM CST   SUNSET   434 PM CST
DECEMBER 19 2014......SUNRISE   740 AM CST   SUNSET   434 PM CST


-  INDICATES NEGATIVE NUMBERS.
R  INDICATES RECORD WAS SET OR TIED.
MM INDICATES DATA IS MISSING.
T  INDICATES TRACE AMOUNT.




$$
