231
CDUS43 KARX 180657
CLIRST


CLIMATE REPORT
NATIONAL WEATHER SERVICE LA CROSSE WI
1257 AM CST SAT NOV 18 2017


...................................

...THE ROCHESTER MN CLIMATE SUMMARY FOR NOVEMBER 17 2017...

CLIMATE NORMAL PERIOD 1981 TO 2010
CLIMATE RECORD PERIOD 1886 TO 2017


WEATHER ITEM   OBSERVED TIME   RECORD YEAR NORMAL DEPARTURE LAST
                VALUE   (LST)  VALUE       VALUE  FROM      YEAR
                                                  NORMAL
..................................................................
TEMPERATURE (F)
 YESTERDAY
  MAXIMUM         37   1009 PM  68    1953  41     -4       64
                                      1917
  MINIMUM         32    229 AM  -4    1959  25      7       47
  AVERAGE         35                        33      2       56

PRECIPITATION (IN)
  YESTERDAY        0.06          0.67 1931   0.07  -0.01     0.00
  MONTH TO DATE    0.41                      1.12  -0.71     0.00
  SINCE SEP 1      7.67                      6.81   0.86    11.84
  SINCE JAN 1     32.17                     31.00   1.17    40.11

SNOWFALL (IN)
  YESTERDAY        T             4.5  1911   0.2   -0.2      0.0
  MONTH TO DATE    0.7                       2.4   -1.7      0.0
  SINCE JUL 1      3.3                       3.2    0.1      0.0
  SNOW DEPTH       0

DEGREE DAYS
 HEATING
  YESTERDAY       30                        32     -2        9
  MONTH TO DATE  564                       467     97      266
  SINCE JUL 1   1186                      1203    -17      741

 COOLING
  YESTERDAY        0                         0      0        0
  MONTH TO DATE    0                         0      0        0
  SINCE JAN 1    494                       585    -91      629
..................................................................


WIND (MPH)
  HIGHEST WIND SPEED    31   HIGHEST WIND DIRECTION     S (160)
  HIGHEST GUST SPEED    38   HIGHEST GUST DIRECTION    SE (150)
  AVERAGE WIND SPEED    15.4


SKY COVER
  POSSIBLE SUNSHINE  MM
  AVERAGE SKY COVER 0.9


WEATHER CONDITIONS
 THE FOLLOWING WEATHER WAS RECORDED YESTERDAY.
  LIGHT RAIN
  LIGHT SNOW
  FOG
  FOG W/VISIBILITY <= 1/4 MILE


RELATIVE HUMIDITY (PERCENT)
 HIGHEST   100          1100 AM
 LOWEST     82           300 AM
 AVERAGE    91

..........................................................


THE ROCHESTER MN CLIMATE NORMALS FOR TODAY
                         NORMAL    RECORD    YEAR
 MAXIMUM TEMPERATURE (F)   40        69      1939
 MINIMUM TEMPERATURE (F)   25        -4      1989


SUNRISE AND SUNSET
NOVEMBER 18 2017......SUNRISE   709 AM CST   SUNSET   441 PM CST
NOVEMBER 19 2017......SUNRISE   710 AM CST   SUNSET   440 PM CST


-  INDICATES NEGATIVE NUMBERS.
R  INDICATES RECORD WAS SET OR TIED.
MM INDICATES DATA IS MISSING.
T  INDICATES TRACE AMOUNT.




$$
