000
CDUS43 KARX 292135
CLIRST


CLIMATE REPORT
NATIONAL WEATHER SERVICE LA CROSSE WI
435 PM CDT SUN OCT 29 2017


...................................

...THE ROCHESTER MN CLIMATE SUMMARY FOR OCTOBER 29 2017...
VALID TODAY AS OF 0430 PM LOCAL TIME.

CLIMATE NORMAL PERIOD 1981 TO 2010
CLIMATE RECORD PERIOD 1886 TO 2017


WEATHER ITEM   OBSERVED TIME   RECORD YEAR NORMAL DEPARTURE LAST
                VALUE   (LST)  VALUE       VALUE  FROM      YEAR
                                                  NORMAL
..................................................................
TEMPERATURE (F)
 TODAY
  MAXIMUM         41    149 PM  80    1950  52    -11       58
  MINIMUM         25    216 AM  12    1920  34     -9       47
  AVERAGE         33                        43    -10       53

PRECIPITATION (IN)
  TODAY            0.03          1.21 2009   0.06  -0.03     0.14
  MONTH TO DATE    5.05                      2.12   2.93     2.74
  SINCE SEP 1      7.22                      5.57   1.65    11.84
  SINCE JAN 1     31.72                     29.76   1.96    40.11

SNOWFALL (IN)
  TODAY            0.0           3.0  1929   0.1   -0.1      0.0
  MONTH TO DATE    2.6                       0.7    1.9      0.0
  SINCE JUL 1      2.6                       0.7    1.9      0.0
  SNOW DEPTH       T

DEGREE DAYS
 HEATING
  TODAY           32                        22     10       12
  MONTH TO DATE  402                       475    -73      359
  SINCE JUL 1    554                       690   -136      436

 COOLING
  TODAY            0                         0      0        0
  MONTH TO DATE    1                         4     -3        1
  SINCE JAN 1    494                       583    -89      629
..................................................................


WIND (MPH)
  HIGHEST WIND SPEED    20   HIGHEST WIND DIRECTION     S (180)
  HIGHEST GUST SPEED    24   HIGHEST GUST DIRECTION     S (180)
  AVERAGE WIND SPEED    12.7


SKY COVER
  POSSIBLE SUNSHINE  MM
  AVERAGE SKY COVER 0.7


WEATHER CONDITIONS
 THE FOLLOWING WEATHER WAS RECORDED TODAY.
  LIGHT RAIN


RELATIVE HUMIDITY (PERCENT)
 HIGHEST    92           300 AM
 LOWEST     64          1200 PM
 AVERAGE    78

..........................................................


THE ROCHESTER MN CLIMATE NORMALS FOR TOMORROW
                         NORMAL    RECORD    YEAR
 MAXIMUM TEMPERATURE (F)   52        79      1950
 MINIMUM TEMPERATURE (F)   34        11      1988


SUNRISE AND SUNSET
OCTOBER 29 2017.......SUNRISE   743 AM CDT   SUNSET   604 PM CDT
OCTOBER 30 2017.......SUNRISE   744 AM CDT   SUNSET   603 PM CDT


-  INDICATES NEGATIVE NUMBERS.
R  INDICATES RECORD WAS SET OR TIED.
MM INDICATES DATA IS MISSING.
T  INDICATES TRACE AMOUNT.




$$
