000
CDUS43 KARX 080637
CLIRST


CLIMATE REPORT
NATIONAL WEATHER SERVICE LA CROSSE WI
137 AM CDT FRI APR 8 2016


...................................

...THE ROCHESTER MN CLIMATE SUMMARY FOR APRIL 7 2016...

CLIMATE NORMAL PERIOD 1981 TO 2010
CLIMATE RECORD PERIOD 1886 TO 2016


WEATHER ITEM   OBSERVED TIME   RECORD YEAR NORMAL DEPARTURE LAST
                VALUE   (LST)  VALUE       VALUE  FROM      YEAR
                                                  NORMAL
..................................................................
TEMPERATURE (F)
 YESTERDAY
  MAXIMUM         43   1208 PM  83    1991  53    -10       40
  MINIMUM         27    559 AM   9    1936  33     -6       36
  AVERAGE         35                        43     -8       38

PRECIPITATION (IN)
  YESTERDAY        0.02          1.52 2006   0.09  -0.07     0.84
  MONTH TO DATE    0.12                      0.61  -0.49     1.50
  SINCE MAR 1      4.10                      2.49   1.61     2.57
  SINCE JAN 1      5.50                      4.18   1.32     3.93

SNOWFALL (IN)
  YESTERDAY        T             5.5  2003   0.1   -0.1      0.0
  MONTH TO DATE    T                         1.0   -1.0      0.0
  SINCE JUL 1     47.4                      49.6   -2.2     48.9
  SNOW DEPTH       0

DEGREE DAYS
 HEATING
  YESTERDAY       30                        22      8       27
  MONTH TO DATE  199                       166     33      142
  SINCE JUL 1   6214                      7038   -824     7440

 COOLING
  YESTERDAY        0                         0      0        0
  MONTH TO DATE    0                         0      0        0
  SINCE JAN 1      0                         0      0        0
..................................................................


WIND (MPH)
  HIGHEST WIND SPEED    22   HIGHEST WIND DIRECTION    NW (320)
  HIGHEST GUST SPEED    28   HIGHEST GUST DIRECTION    NW (320)
  AVERAGE WIND SPEED    11.5


SKY COVER
  POSSIBLE SUNSHINE  MM
  AVERAGE SKY COVER 0.8


WEATHER CONDITIONS
 THE FOLLOWING WEATHER WAS RECORDED YESTERDAY.
  LIGHT RAIN
  LIGHT SNOW
  FOG


RELATIVE HUMIDITY (PERCENT)
 HIGHEST   100           600 AM
 LOWEST     57          1100 AM
 AVERAGE    79

..........................................................


THE ROCHESTER MN CLIMATE NORMALS FOR TODAY
                         NORMAL    RECORD    YEAR
 MAXIMUM TEMPERATURE (F)   53        84      1931
 MINIMUM TEMPERATURE (F)   33         9      1997
                                             1972


SUNRISE AND SUNSET
APRIL  8 2016.........SUNRISE   638 AM CDT   SUNSET   746 PM CDT
APRIL  9 2016.........SUNRISE   636 AM CDT   SUNSET   747 PM CDT


-  INDICATES NEGATIVE NUMBERS.
R  INDICATES RECORD WAS SET OR TIED.
MM INDICATES DATA IS MISSING.
T  INDICATES TRACE AMOUNT.




$$
