000
CDUS43 KARX 270631
CLIRST


CLIMATE REPORT
NATIONAL WEATHER SERVICE LA CROSSE WI
130 AM CDT TUE JUN 27 2017


...................................

...THE ROCHESTER MN CLIMATE SUMMARY FOR JUNE 26 2017...

CLIMATE NORMAL PERIOD 1981 TO 2010
CLIMATE RECORD PERIOD 1886 TO 2017


WEATHER ITEM   OBSERVED TIME   RECORD YEAR NORMAL DEPARTURE LAST
                VALUE   (LST)  VALUE       VALUE  FROM      YEAR
                                                  NORMAL
..................................................................
TEMPERATURE (F)
 YESTERDAY
  MAXIMUM         68    502 PM  99    1934  81    -13       84
  MINIMUM         47    454 AM  44    1955  60    -13       66
  AVERAGE         58                        70    -12       75

PRECIPITATION (IN)
  YESTERDAY        0.00          2.00 1941   0.15  -0.15     0.00
  MONTH TO DATE    2.83                      4.05  -1.22     5.19
  SINCE JUN 1      2.83                      4.05  -1.22     5.19
  SINCE JAN 1     17.10                     14.49   2.61    16.88

SNOWFALL (IN)
  YESTERDAY        0.0           0.0  2012   0.0    0.0      0.0
  MONTH TO DATE    0.0                       0.0    0.0      0.0
  SINCE JUL 1     52.7                      51.9    0.8     47.9
  SNOW DEPTH       0

DEGREE DAYS
 HEATING
  YESTERDAY        7                         1      6        0
  MONTH TO DATE   28                        52    -24       19
  SINCE JUL 1   6896                      7722   -826     6794

 COOLING
  YESTERDAY        0                         6     -6       10
  MONTH TO DATE  138                       104     34      136
  SINCE JAN 1    158                       138     20      184
..................................................................


WIND (MPH)
  HIGHEST WIND SPEED    16   HIGHEST WIND DIRECTION    NW (330)
  HIGHEST GUST SPEED    20   HIGHEST GUST DIRECTION    NW (320)
  AVERAGE WIND SPEED     8.1


SKY COVER
  POSSIBLE SUNSHINE  MM
  AVERAGE SKY COVER 0.3


WEATHER CONDITIONS
 THE FOLLOWING WEATHER WAS RECORDED YESTERDAY.
  NO SIGNIFICANT WEATHER WAS OBSERVED.


RELATIVE HUMIDITY (PERCENT)
 HIGHEST    93           400 AM
 LOWEST     39           500 PM
 AVERAGE    66

..........................................................


THE ROCHESTER MN CLIMATE NORMALS FOR TODAY
                         NORMAL    RECORD    YEAR
 MAXIMUM TEMPERATURE (F)   81       105      1934
 MINIMUM TEMPERATURE (F)   60        43      1992


SUNRISE AND SUNSET
JUNE 27 2017..........SUNRISE   530 AM CDT   SUNSET   857 PM CDT
JUNE 28 2017..........SUNRISE   530 AM CDT   SUNSET   857 PM CDT


-  INDICATES NEGATIVE NUMBERS.
R  INDICATES RECORD WAS SET OR TIED.
MM INDICATES DATA IS MISSING.
T  INDICATES TRACE AMOUNT.




$$
