000
CDUS43 KARX 040640
CLIRST


CLIMATE REPORT
NATIONAL WEATHER SERVICE LA CROSSE WI
1240 AM CST TUE NOV 4 2014


...................................

...THE ROCHESTER MN CLIMATE SUMMARY FOR NOVEMBER 3 2014...

CLIMATE NORMAL PERIOD 1981 TO 2010
CLIMATE RECORD PERIOD 1886 TO 2014


WEATHER ITEM   OBSERVED TIME   RECORD YEAR NORMAL DEPARTURE LAST
                VALUE   (LST)  VALUE       VALUE  FROM      YEAR
                                                  NORMAL
..................................................................
TEMPERATURE (F)
 YESTERDAY
  MAXIMUM         54    855 PM  75    2008  49      5       53
  MINIMUM         39    301 AM   4    1991  32      7       29
  AVERAGE         47                        41      6       41

PRECIPITATION (IN)
  YESTERDAY        0.06          0.82 1964   0.07  -0.01     0.00
  MONTH TO DATE    0.06                      0.20  -0.14     0.00
  SINCE SEP 1      5.97                      5.89   0.08     4.20
  SINCE JAN 1     31.39                     30.08   1.31    38.90

SNOWFALL (IN)
  YESTERDAY        0.0           3.7  1951   0.1   -0.1      0.0
  MONTH TO DATE    0.0                       0.3   -0.3      0.0
  SINCE JUL 1      T                         1.1   -1.1       T
  SNOW DEPTH       0

DEGREE DAYS
 HEATING
  YESTERDAY       18                        24     -6       24
  MONTH TO DATE   74                        71      3       73
  SINCE JUL 1    819                       807     12      756

 COOLING
  YESTERDAY        0                         0      0        0
  MONTH TO DATE    0                         0      0        0
  SINCE JAN 1    491                       585    -94      656
..................................................................


WIND (MPH)
  HIGHEST WIND SPEED    24   HIGHEST WIND DIRECTION     S (200)
  HIGHEST GUST SPEED    29   HIGHEST GUST DIRECTION     S (200)
  AVERAGE WIND SPEED    13.5


SKY COVER
  POSSIBLE SUNSHINE  MM
  AVERAGE SKY COVER 0.6


WEATHER CONDITIONS
 THE FOLLOWING WEATHER WAS RECORDED YESTERDAY.
  RAIN
  LIGHT RAIN
  FOG


RELATIVE HUMIDITY (PERCENT)
 HIGHEST    83           300 PM
 LOWEST     55          1200 AM
 AVERAGE    69

..........................................................


THE ROCHESTER MN CLIMATE NORMALS FOR TODAY
                         NORMAL    RECORD    YEAR
 MAXIMUM TEMPERATURE (F)   49        74      2008
 MINIMUM TEMPERATURE (F)   32        -2      1991


SUNRISE AND SUNSET
NOVEMBER  4 2014......SUNRISE   650 AM CST   SUNSET   456 PM CST
NOVEMBER  5 2014......SUNRISE   652 AM CST   SUNSET   455 PM CST


-  INDICATES NEGATIVE NUMBERS.
R  INDICATES RECORD WAS SET OR TIED.
MM INDICATES DATA IS MISSING.
T  INDICATES TRACE AMOUNT.




$$
