000
CDUS43 KARX 162238
CLIRST


CLIMATE REPORT
NATIONAL WEATHER SERVICE LA CROSSE WI
437 PM CST WED NOV 16 2016


...................................

...THE ROCHESTER MN CLIMATE SUMMARY FOR NOVEMBER 16 2016...
VALID TODAY AS OF 0430 PM LOCAL TIME.

CLIMATE NORMAL PERIOD 1981 TO 2010
CLIMATE RECORD PERIOD 1886 TO 2016


WEATHER ITEM   OBSERVED TIME   RECORD YEAR NORMAL DEPARTURE LAST
                VALUE   (LST)  VALUE       VALUE  FROM      YEAR
                                                  NORMAL
..................................................................
TEMPERATURE (F)
 TODAY
  MAXIMUM         59    243 PM  71    1953  41     18       53
  MINIMUM         31    740 AM  -6    1933  26      5       46
  AVERAGE         45                        34     11       50

PRECIPITATION (IN)
  TODAY            0.00          1.52 1886   0.06  -0.06     0.36
  MONTH TO DATE    0.00                      1.05  -1.05     1.58
  SINCE SEP 1     11.84                      6.74   5.10     5.72
  SINCE JAN 1     40.11                     30.93   9.18    30.89

SNOWFALL (IN)
  TODAY            0.0           3.2  1961   0.2   -0.2      0.0
  MONTH TO DATE    0.0                       2.2   -2.2      0.0
  SINCE JUL 1      0.0                       3.0   -3.0      0.2
  SNOW DEPTH       0

DEGREE DAYS
 HEATING
  TODAY           20                        31    -11       15
  MONTH TO DATE  257                       435   -178      292
  SINCE JUL 1    732                      1171   -439      880

 COOLING
  TODAY            0                         0      0        0
  MONTH TO DATE    0                         0      0        0
  SINCE JAN 1    629                       585     44      507
..................................................................


WIND (MPH)
  HIGHEST WIND SPEED    22   HIGHEST WIND DIRECTION    SE (150)
  HIGHEST GUST SPEED    27   HIGHEST GUST DIRECTION     S (160)
  AVERAGE WIND SPEED    10.7


SKY COVER
  POSSIBLE SUNSHINE  MM
  AVERAGE SKY COVER 0.0


WEATHER CONDITIONS
 THE FOLLOWING WEATHER WAS RECORDED TODAY.
  FOG


RELATIVE HUMIDITY (PERCENT)
 HIGHEST   100           500 AM
 LOWEST     53           200 PM
 AVERAGE    77

..........................................................


THE ROCHESTER MN CLIMATE NORMALS FOR TOMORROW
                         NORMAL    RECORD    YEAR
 MAXIMUM TEMPERATURE (F)   41        68      1953
                                             1917
 MINIMUM TEMPERATURE (F)   25        -4      1959


SUNRISE AND SUNSET
NOVEMBER 16 2016......SUNRISE   707 AM CST   SUNSET   443 PM CST
NOVEMBER 17 2016......SUNRISE   708 AM CST   SUNSET   442 PM CST


-  INDICATES NEGATIVE NUMBERS.
R  INDICATES RECORD WAS SET OR TIED.
MM INDICATES DATA IS MISSING.
T  INDICATES TRACE AMOUNT.




$$
