000
CDUS43 KARX 280642
CLIRST


CLIMATE REPORT
NATIONAL WEATHER SERVICE LA CROSSE WI
1241 AM CST SAT JAN 28 2017


...................................

...THE ROCHESTER MN CLIMATE SUMMARY FOR JANUARY 27 2017...

CLIMATE NORMAL PERIOD 1981 TO 2010
CLIMATE RECORD PERIOD 1886 TO 2017


WEATHER ITEM   OBSERVED TIME   RECORD YEAR NORMAL DEPARTURE LAST
                VALUE   (LST)  VALUE       VALUE  FROM      YEAR
                                                  NORMAL
..................................................................
TEMPERATURE (F)
 YESTERDAY
  MAXIMUM         25    805 PM  50    1919  24      1       37
  MINIMUM         14   1111 AM -26    1950   8      6        6
                                      1935
  AVERAGE         20                        16      4       22

PRECIPITATION (IN)
  YESTERDAY        T             0.52 1944   0.03  -0.03      T
  MONTH TO DATE    2.09                      0.75   1.34     0.57
  SINCE DEC 1      4.16                      1.98   2.18     3.78
  SINCE JAN 1      2.09                      0.75   1.34     0.57

SNOWFALL (IN)
  YESTERDAY        T             4.0  1949   0.4   -0.4       T
  MONTH TO DATE   13.0                      10.4    2.6      5.7
  SINCE JUL 1     33.7                      29.8    3.9     21.4
  SNOW DEPTH      10

DEGREE DAYS
 HEATING
  YESTERDAY       45                        49     -4       43
  MONTH TO DATE 1259                      1336    -77     1397
  SINCE JUL 1   3830                      4414   -584     3828

 COOLING
  YESTERDAY        0                         0      0        0
  MONTH TO DATE    0                         0      0        0
  SINCE JAN 1      0                         0      0        0
..................................................................


WIND (MPH)
  HIGHEST WIND SPEED    22   HIGHEST WIND DIRECTION     W (290)
  HIGHEST GUST SPEED    26   HIGHEST GUST DIRECTION    NW (300)
  AVERAGE WIND SPEED    13.6


SKY COVER
  POSSIBLE SUNSHINE  MM
  AVERAGE SKY COVER 0.6


WEATHER CONDITIONS
 THE FOLLOWING WEATHER WAS RECORDED YESTERDAY.
  LIGHT SNOW


RELATIVE HUMIDITY (PERCENT)
 HIGHEST   100          1100 PM
 LOWEST     73           200 PM
 AVERAGE    87

..........................................................


THE ROCHESTER MN CLIMATE NORMALS FOR TODAY
                         NORMAL    RECORD    YEAR
 MAXIMUM TEMPERATURE (F)   24        49      1931
 MINIMUM TEMPERATURE (F)    8       -33      1915


SUNRISE AND SUNSET
JANUARY 28 2017.......SUNRISE   731 AM CST   SUNSET   515 PM CST
JANUARY 29 2017.......SUNRISE   730 AM CST   SUNSET   517 PM CST


-  INDICATES NEGATIVE NUMBERS.
R  INDICATES RECORD WAS SET OR TIED.
MM INDICATES DATA IS MISSING.
T  INDICATES TRACE AMOUNT.




$$
