000
CDUS43 KARX 272229
CLIRST


CLIMATE REPORT
NATIONAL WEATHER SERVICE LA CROSSE WI
427 PM CST FRI FEB 27 2015


...................................

...THE ROCHESTER MN CLIMATE SUMMARY FOR FEBRUARY 27 2015...
VALID TODAY AS OF 0400 PM LOCAL TIME.

CLIMATE NORMAL PERIOD 1981 TO 2010
CLIMATE RECORD PERIOD 1886 TO 2015


WEATHER ITEM   OBSERVED TIME   RECORD YEAR NORMAL DEPARTURE LAST
                VALUE   (LST)  VALUE       VALUE  FROM      YEAR
                                                  NORMAL
..................................................................
TEMPERATURE (F)
 TODAY
  MAXIMUM          7    305 PM  57    1976  32    -25        0
  MINIMUM        -16    709 AM -22    1935  17    -33      -18
  AVERAGE         -4                        25    -29       -9

PRECIPITATION (IN)
  TODAY            0.00          1.09 1948   0.04  -0.04     0.00
  MONTH TO DATE    0.65                      0.79  -0.14     1.65
  SINCE DEC 1      2.38                      2.88  -0.50     3.75
  SINCE JAN 1      1.36                      1.65  -0.29     2.65

SNOWFALL (IN)
  TODAY            0.0          13.5  1893   0.3   -0.3      0.0
  MONTH TO DATE   10.6                       8.2    2.4     17.2
  SINCE JUL 1     38.0                      39.6   -1.6     46.4
  SNOW DEPTH       9

DEGREE DAYS
 HEATING
  TODAY           69                        40     29       74
  MONTH TO DATE 1527                      1212    315     1563
  SINCE JUL 1   6228                      5820    408     6660

 COOLING
  TODAY            0                         0      0        0
  MONTH TO DATE    0                         0      0        0
  SINCE JAN 1      0                         0      0        0
..................................................................


WIND (MPH)
  HIGHEST WIND SPEED    12   HIGHEST WIND DIRECTION     W (270)
  HIGHEST GUST SPEED    13   HIGHEST GUST DIRECTION     W (280)
  AVERAGE WIND SPEED     9.3


SKY COVER
  POSSIBLE SUNSHINE  MM
  AVERAGE SKY COVER 0.0


WEATHER CONDITIONS
 THE FOLLOWING WEATHER WAS RECORDED TODAY.
  NO SIGNIFICANT WEATHER WAS OBSERVED.


RELATIVE HUMIDITY (PERCENT)
 HIGHEST    87           400 AM
 LOWEST     69           200 PM
 AVERAGE    78

..........................................................


THE ROCHESTER MN CLIMATE NORMALS FOR TOMORROW
                         NORMAL    RECORD    YEAR
 MAXIMUM TEMPERATURE (F)   33        53      2000
 MINIMUM TEMPERATURE (F)   18       -25      1962


SUNRISE AND SUNSET
FEBRUARY 27 2015......SUNRISE   650 AM CST   SUNSET   556 PM CST
FEBRUARY 28 2015......SUNRISE   649 AM CST   SUNSET   557 PM CST


-  INDICATES NEGATIVE NUMBERS.
R  INDICATES RECORD WAS SET OR TIED.
MM INDICATES DATA IS MISSING.
T  INDICATES TRACE AMOUNT.




$$
