000
CDUS43 KARX 212148
CLIRST


CLIMATE REPORT
NATIONAL WEATHER SERVICE LA CROSSE WI
448 PM CDT FRI JUL 21 2017


...................................

...THE ROCHESTER MN CLIMATE SUMMARY FOR JULY 21 2017...
VALID TODAY AS OF 0400 PM LOCAL TIME.

CLIMATE NORMAL PERIOD 1981 TO 2010
CLIMATE RECORD PERIOD 1886 TO 2017


WEATHER ITEM   OBSERVED TIME   RECORD YEAR NORMAL DEPARTURE LAST
                VALUE   (LST)  VALUE       VALUE  FROM      YEAR
                                                  NORMAL
..................................................................
TEMPERATURE (F)
 TODAY
  MAXIMUM         73    259 PM 100    1934  81     -8       90
  MINIMUM         63    425 AM  44    1992  61      2       78
  AVERAGE         68                        71     -3       84

PRECIPITATION (IN)
  TODAY            0.34          3.18 1951   0.15   0.19      T
  MONTH TO DATE    2.01                      3.12  -1.11     4.30
  SINCE JUN 1      5.72                      7.80  -2.08     9.54
  SINCE JAN 1     19.99                     18.24   1.75    21.23

SNOWFALL (IN)
  TODAY            0.0           0.0  2012   0.0    0.0      0.0
  MONTH TO DATE    0.0                       0.0    0.0      0.0
  SINCE JUL 1      0.0                       0.0    0.0      0.0
  SNOW DEPTH       0

DEGREE DAYS
 HEATING
  TODAY            0                         0      0        0
  MONTH TO DATE    1                         0      1        4
  SINCE JUL 1      1                         0      1        4

 COOLING
  TODAY            3                         7     -4       19
  MONTH TO DATE  139                       147     -8      127
  SINCE JAN 1    306                       311     -5      316
..................................................................


WIND (MPH)
  HIGHEST WIND SPEED    18   HIGHEST WIND DIRECTION    SE (150)
  HIGHEST GUST SPEED    23   HIGHEST GUST DIRECTION    SE (150)
  AVERAGE WIND SPEED     8.6


SKY COVER
  POSSIBLE SUNSHINE  MM
  AVERAGE SKY COVER 0.4


WEATHER CONDITIONS
 THE FOLLOWING WEATHER WAS RECORDED TODAY.
  THUNDERSTORM
  RAIN
  LIGHT RAIN
  FOG


RELATIVE HUMIDITY (PERCENT)
 HIGHEST   100          1200 AM
 LOWEST     87           300 PM
 AVERAGE    94

..........................................................


THE ROCHESTER MN CLIMATE NORMALS FOR TOMORROW
                         NORMAL    RECORD    YEAR
 MAXIMUM TEMPERATURE (F)   81       101      1934
 MINIMUM TEMPERATURE (F)   61        42      1947


SUNRISE AND SUNSET
JULY 21 2017..........SUNRISE   547 AM CDT   SUNSET   845 PM CDT
JULY 22 2017..........SUNRISE   548 AM CDT   SUNSET   844 PM CDT


-  INDICATES NEGATIVE NUMBERS.
R  INDICATES RECORD WAS SET OR TIED.
MM INDICATES DATA IS MISSING.
T  INDICATES TRACE AMOUNT.




$$
