000
CDUS43 KARX 140725
CLIRST


CLIMATE REPORT
NATIONAL WEATHER SERVICE LA CROSSE WI
225 AM CDT MON APR 14 2014


...................................

...THE ROCHESTER MN CLIMATE SUMMARY FOR APRIL 13 2014...

CLIMATE NORMAL PERIOD 1981 TO 2010
CLIMATE RECORD PERIOD 1886 TO 2014


WEATHER ITEM   OBSERVED TIME   RECORD YEAR NORMAL DEPARTURE LAST
                VALUE   (LST)  VALUE       VALUE  FROM      YEAR
                                                  NORMAL
..................................................................
TEMPERATURE (F)
 YESTERDAY
  MAXIMUM         44   1223 PM  82    2006  56    -12       37
  MINIMUM         31   1159 PM  13    1962  35     -4       28
  AVERAGE         38                        46     -8       33

PRECIPITATION (IN)
  YESTERDAY        0.52          0.85 1952   0.12   0.40      T
  MONTH TO DATE    2.10                      1.25   0.85     2.78
  SINCE MAR 1      3.25                      3.13   0.12     5.63
  SINCE JAN 1      6.01                      4.82   1.19     7.63

SNOWFALL (IN)
  YESTERDAY        1.9           6.5  1952   0.1    1.8      0.1
  MONTH TO DATE    5.1                       1.8    3.3      2.5
  SINCE JUL 1     59.1                      50.4    8.7     57.8
  SNOW DEPTH       0

DEGREE DAYS
 HEATING
  YESTERDAY       27                        19      8       32
  MONTH TO DATE  307                       289     18      377
  SINCE JUL 1   8287                      7161   1126     7094

 COOLING
  YESTERDAY        0                         0      0        0
  MONTH TO DATE    0                         0      0        0
  SINCE JAN 1      0                         0      0        0
..................................................................


WIND (MPH)
  HIGHEST WIND SPEED    32   HIGHEST WIND DIRECTION     N (350)
  HIGHEST GUST SPEED    41   HIGHEST GUST DIRECTION     N (360)
  AVERAGE WIND SPEED    18.2


SKY COVER
  POSSIBLE SUNSHINE  MM
  AVERAGE SKY COVER 1.0


WEATHER CONDITIONS
 THE FOLLOWING WEATHER WAS RECORDED YESTERDAY.
  RAIN
  LIGHT RAIN
  LIGHT SNOW
  FOG


RELATIVE HUMIDITY (PERCENT)
 HIGHEST    96          1200 AM
 LOWEST     82          1100 PM
 AVERAGE    89

..........................................................


THE ROCHESTER MN CLIMATE NORMALS FOR TODAY
                         NORMAL    RECORD    YEAR
 MAXIMUM TEMPERATURE (F)   57        87      2003
 MINIMUM TEMPERATURE (F)   36        18      1962


SUNRISE AND SUNSET
APRIL 14 2014.........SUNRISE   629 AM CDT   SUNSET   753 PM CDT
APRIL 15 2014.........SUNRISE   627 AM CDT   SUNSET   754 PM CDT


-  INDICATES NEGATIVE NUMBERS.
R  INDICATES RECORD WAS SET OR TIED.
MM INDICATES DATA IS MISSING.
T  INDICATES TRACE AMOUNT.




$$
