000
CDUS43 KARX 212144
CLIRST


CLIMATE REPORT
NATIONAL WEATHER SERVICE LA CROSSE WI
443 PM CDT FRI APR 21 2017


...................................

...THE ROCHESTER MN CLIMATE SUMMARY FOR APRIL 21 2017...
VALID TODAY AS OF 0400 PM LOCAL TIME.

CLIMATE NORMAL PERIOD 1981 TO 2010
CLIMATE RECORD PERIOD 1886 TO 2017


WEATHER ITEM   OBSERVED TIME   RECORD YEAR NORMAL DEPARTURE LAST
                VALUE   (LST)  VALUE       VALUE  FROM      YEAR
                                                  NORMAL
..................................................................
TEMPERATURE (F)
 TODAY
  MAXIMUM         59    222 PM  91    1980  60     -1       68
  MINIMUM         34    437 AM  18    1934  39     -5       42
  AVERAGE         47                        49     -2       55

PRECIPITATION (IN)
  TODAY            0.00          0.80 1972   0.11  -0.11      T
  MONTH TO DATE    3.49                      2.14   1.35     0.55
  SINCE MAR 1      6.36                      4.02   2.34     4.53
  SINCE JAN 1     10.14                      5.71   4.43     5.93

SNOWFALL (IN)
  TODAY            0.0           4.0  2002   0.1   -0.1      0.0
  MONTH TO DATE    T                         2.7   -2.7      0.5
  SINCE JUL 1     52.7                      51.3    1.4     47.9
  SNOW DEPTH       0

DEGREE DAYS
 HEATING
  TODAY           18                        16      2       10
  MONTH TO DATE  342                       429    -87      396
  SINCE JUL 1   6423                      7301   -878     6411

 COOLING
  TODAY            0                         0      0        0
  MONTH TO DATE    0                         0      0        1
  SINCE JAN 1      0                         0      0        1
..................................................................


WIND (MPH)
  HIGHEST WIND SPEED    16   HIGHEST WIND DIRECTION     N (360)
  HIGHEST GUST SPEED    20   HIGHEST GUST DIRECTION     N (10)
  AVERAGE WIND SPEED     9.4


SKY COVER
  POSSIBLE SUNSHINE  MM
  AVERAGE SKY COVER 0.0


WEATHER CONDITIONS
 THE FOLLOWING WEATHER WAS RECORDED TODAY.
  NO SIGNIFICANT WEATHER WAS OBSERVED.


RELATIVE HUMIDITY (PERCENT)
 HIGHEST   100           100 AM
 LOWEST     40           200 PM
 AVERAGE    70

..........................................................


THE ROCHESTER MN CLIMATE NORMALS FOR TOMORROW
                         NORMAL    RECORD    YEAR
 MAXIMUM TEMPERATURE (F)   60        91      1980
 MINIMUM TEMPERATURE (F)   39        20      1936


SUNRISE AND SUNSET
APRIL 21 2017.........SUNRISE   617 AM CDT   SUNSET   801 PM CDT
APRIL 22 2017.........SUNRISE   615 AM CDT   SUNSET   803 PM CDT


-  INDICATES NEGATIVE NUMBERS.
R  INDICATES RECORD WAS SET OR TIED.
MM INDICATES DATA IS MISSING.
T  INDICATES TRACE AMOUNT.




$$
