000
CDUS43 KARX 282128
CLIRST


CLIMATE REPORT
NATIONAL WEATHER SERVICE LA CROSSE WI
426 PM CDT TUE OCT 28 2014


...................................

...THE ROCHESTER MN CLIMATE SUMMARY FOR OCTOBER 28 2014...
VALID TODAY AS OF 0400 PM LOCAL TIME.

CLIMATE NORMAL PERIOD 1981 TO 2010
CLIMATE RECORD PERIOD 1886 TO 2014


WEATHER ITEM   OBSERVED TIME   RECORD YEAR NORMAL DEPARTURE LAST
                VALUE   (LST)  VALUE       VALUE  FROM      YEAR
                                                  NORMAL
..................................................................
TEMPERATURE (F)
 TODAY
  MAXIMUM         46    228 PM  72    1945  53     -7       44
  MINIMUM         36    624 AM  11    1909  35      1       33
  AVERAGE         41                        44     -3       39

PRECIPITATION (IN)
  TODAY            T             0.64 1940   0.06  -0.06     0.00
  MONTH TO DATE    2.36                      2.06   0.30     2.96
  SINCE SEP 1      5.90                      5.51   0.39     4.18
  SINCE JAN 1     31.32                     29.70   1.62    38.88

SNOWFALL (IN)
  TODAY            0.0           0.2  1933   0.0    0.0      0.0
  MONTH TO DATE    T                         0.6   -0.6       T
  SINCE JUL 1      T                         0.6   -0.6       T
  SNOW DEPTH       0

DEGREE DAYS
 HEATING
  TODAY           24                        21      3       26
  MONTH TO DATE  456                       453      3      474
  SINCE JUL 1    661                       668     -7      628

 COOLING
  TODAY            0                         0      0        0
  MONTH TO DATE    0                         4     -4        0
  SINCE JAN 1    491                       583    -92      656
..................................................................


WIND (MPH)
  HIGHEST WIND SPEED    24   HIGHEST WIND DIRECTION     W (270)
  HIGHEST GUST SPEED    34   HIGHEST GUST DIRECTION     W (270)
  AVERAGE WIND SPEED    13.7


SKY COVER
  POSSIBLE SUNSHINE  MM
  AVERAGE SKY COVER 0.6


WEATHER CONDITIONS
 THE FOLLOWING WEATHER WAS RECORDED TODAY.
  LIGHT RAIN
  FOG


RELATIVE HUMIDITY (PERCENT)
 HIGHEST    92           400 AM
 LOWEST     70          1000 AM
 AVERAGE    81

..........................................................


THE ROCHESTER MN CLIMATE NORMALS FOR TOMORROW
                         NORMAL    RECORD    YEAR
 MAXIMUM TEMPERATURE (F)   52        80      1950
 MINIMUM TEMPERATURE (F)   34        12      1920


SUNRISE AND SUNSET
OCTOBER 28 2014.......SUNRISE   741 AM CDT   SUNSET   606 PM CDT
OCTOBER 29 2014.......SUNRISE   742 AM CDT   SUNSET   604 PM CDT


-  INDICATES NEGATIVE NUMBERS.
R  INDICATES RECORD WAS SET OR TIED.
MM INDICATES DATA IS MISSING.
T  INDICATES TRACE AMOUNT.




$$
