000
CDUS43 KARX 240641
CLIRST


CLIMATE REPORT
NATIONAL WEATHER SERVICE LA CROSSE WI
140 AM CDT FRI MAR 24 2017


...................................

...THE ROCHESTER MN CLIMATE SUMMARY FOR MARCH 23 2017...

CLIMATE NORMAL PERIOD 1981 TO 2010
CLIMATE RECORD PERIOD 1886 TO 2017


WEATHER ITEM   OBSERVED TIME   RECORD YEAR NORMAL DEPARTURE LAST
                VALUE   (LST)  VALUE       VALUE  FROM      YEAR
                                                  NORMAL
..................................................................
TEMPERATURE (F)
 YESTERDAY
  MAXIMUM         40    658 PM  72    1945  44     -4       40
  MINIMUM         33    720 AM  -8    1888  27      6       26
  AVERAGE         37                        36      1       33

PRECIPITATION (IN)
  YESTERDAY        0.07          0.83 1966   0.07   0.00     0.53
  MONTH TO DATE    1.51                      1.28   0.23     2.05
  SINCE MAR 1      1.51                      1.28   0.23     2.05
  SINCE JAN 1      5.29                      2.97   2.32     3.45

SNOWFALL (IN)
  YESTERDAY        0.0           7.4  1951   0.2   -0.2      4.7
  MONTH TO DATE    8.4                       7.0    1.4      9.0
  SINCE JUL 1     52.7                      46.9    5.8     41.5
  SNOW DEPTH       0

DEGREE DAYS
 HEATING
  YESTERDAY       28                        29     -1       32
  MONTH TO DATE  841                       793     48      612
  SINCE JUL 1   5885                      6654   -769     5812

 COOLING
  YESTERDAY        0                         0      0        0
  MONTH TO DATE    0                         0      0        0
  SINCE JAN 1      0                         0      0        0
..................................................................


WIND (MPH)
  HIGHEST WIND SPEED    33   HIGHEST WIND DIRECTION    SE (150)
  HIGHEST GUST SPEED    43   HIGHEST GUST DIRECTION     S (160)
  AVERAGE WIND SPEED    19.1


SKY COVER
  POSSIBLE SUNSHINE  MM
  AVERAGE SKY COVER 0.9


WEATHER CONDITIONS
 THE FOLLOWING WEATHER WAS RECORDED YESTERDAY.
  THUNDERSTORM
  RAIN
  LIGHT RAIN
  LIGHT SNOW
  FOG


RELATIVE HUMIDITY (PERCENT)
 HIGHEST   100           900 PM
 LOWEST     56           100 AM
 AVERAGE    78

..........................................................


THE ROCHESTER MN CLIMATE NORMALS FOR TODAY
                         NORMAL    RECORD    YEAR
 MAXIMUM TEMPERATURE (F)   45        82      1910
 MINIMUM TEMPERATURE (F)   28        -9      1974


SUNRISE AND SUNSET
MARCH 24 2017.........SUNRISE   705 AM CDT   SUNSET   728 PM CDT
MARCH 25 2017.........SUNRISE   704 AM CDT   SUNSET   729 PM CDT


-  INDICATES NEGATIVE NUMBERS.
R  INDICATES RECORD WAS SET OR TIED.
MM INDICATES DATA IS MISSING.
T  INDICATES TRACE AMOUNT.




$$
