000
CDUS43 KARX 200703
CLIRST


CLIMATE REPORT
NATIONAL WEATHER SERVICE LA CROSSE WI
103 AM CST MON NOV 20 2017


...................................

...THE ROCHESTER MN CLIMATE SUMMARY FOR NOVEMBER 19 2017...

CLIMATE NORMAL PERIOD 1981 TO 2010
CLIMATE RECORD PERIOD 1886 TO 2017


WEATHER ITEM   OBSERVED TIME   RECORD YEAR NORMAL DEPARTURE LAST
                VALUE   (LST)  VALUE       VALUE  FROM      YEAR
                                                  NORMAL
..................................................................
TEMPERATURE (F)
 YESTERDAY
  MAXIMUM         38    327 PM  68    1930  39     -1       31
  MINIMUM         15    732 AM  -3    1932  24     -9       21
  AVERAGE         27                        32     -5       26

PRECIPITATION (IN)
  YESTERDAY        0.00          1.16 1953   0.07  -0.07      T
  MONTH TO DATE    0.41                      1.25  -0.84     0.12
  SINCE SEP 1      7.67                      6.94   0.73    11.96
  SINCE JAN 1     32.17                     31.13   1.04    40.23

SNOWFALL (IN)
  YESTERDAY        0.0           6.5  1970   0.3   -0.3       T
  MONTH TO DATE    0.7                       2.9   -2.2       T
  SINCE JUL 1      3.3                       3.7   -0.4       T
  SNOW DEPTH       0

DEGREE DAYS
 HEATING
  YESTERDAY       38                        33      5       39
  MONTH TO DATE  637                       533    104      325
  SINCE JUL 1   1259                      1269    -10      800

 COOLING
  YESTERDAY        0                         0      0        0
  MONTH TO DATE    0                         0      0        0
  SINCE JAN 1    494                       585    -91      629
..................................................................


WIND (MPH)
  HIGHEST WIND SPEED    20   HIGHEST WIND DIRECTION    NW (300)
  HIGHEST GUST SPEED    25   HIGHEST GUST DIRECTION    NW (310)
  AVERAGE WIND SPEED    12.7


SKY COVER
  POSSIBLE SUNSHINE  MM
  AVERAGE SKY COVER 0.0


WEATHER CONDITIONS
 THE FOLLOWING WEATHER WAS RECORDED YESTERDAY.
  NO SIGNIFICANT WEATHER WAS OBSERVED.


RELATIVE HUMIDITY (PERCENT)
 HIGHEST    88           500 AM
 LOWEST     54           200 PM
 AVERAGE    71

..........................................................


THE ROCHESTER MN CLIMATE NORMALS FOR TODAY
                         NORMAL    RECORD    YEAR
 MAXIMUM TEMPERATURE (F)   39        65      1930
 MINIMUM TEMPERATURE (F)   24         0      2014


SUNRISE AND SUNSET
NOVEMBER 20 2017......SUNRISE   712 AM CST   SUNSET   439 PM CST
NOVEMBER 21 2017......SUNRISE   713 AM CST   SUNSET   439 PM CST


-  INDICATES NEGATIVE NUMBERS.
R  INDICATES RECORD WAS SET OR TIED.
MM INDICATES DATA IS MISSING.
T  INDICATES TRACE AMOUNT.




$$
