000
CDUS43 KARX 260639
CLIRST


CLIMATE REPORT
NATIONAL WEATHER SERVICE LA CROSSE WI
138 AM CDT TUE MAY 26 2015


...................................

...THE ROCHESTER MN CLIMATE SUMMARY FOR MAY 25 2015...

CLIMATE NORMAL PERIOD 1981 TO 2010
CLIMATE RECORD PERIOD 1886 TO 2015


WEATHER ITEM   OBSERVED TIME   RECORD YEAR NORMAL DEPARTURE LAST
                VALUE   (LST)  VALUE       VALUE  FROM      YEAR
                                                  NORMAL
..................................................................
TEMPERATURE (F)
 YESTERDAY
  MAXIMUM         75    202 PM  89    1980  71      4       81
  MINIMUM         59    329 AM  29    1934  50      9       51
  AVERAGE         67                        61      6       66

PRECIPITATION (IN)
  YESTERDAY        0.02          1.19 1953   0.12  -0.10     0.00
  MONTH TO DATE    3.81                      2.88   0.93     1.77
  SINCE MAR 1      9.81                      8.00   1.81     8.56
  SINCE JAN 1     11.17                      9.69   1.48    11.32

SNOWFALL (IN)
  YESTERDAY        0.0           0.0  2012   0.0    0.0      0.0
  MONTH TO DATE    0.0                       0.2   -0.2      0.0
  SINCE JUL 1     50.4                      52.1   -1.7     60.5
  SNOW DEPTH       0

DEGREE DAYS
 HEATING
  YESTERDAY        0                         6     -6        0
  MONTH TO DATE  206                       217    -11      251
  SINCE JUL 1   8018                      7642    376     8906

 COOLING
  YESTERDAY        2                         1      1        1
  MONTH TO DATE    9                        18     -9        1
  SINCE JAN 1      9                        22    -13        1
..................................................................


WIND (MPH)
  HIGHEST WIND SPEED    30   HIGHEST WIND DIRECTION     W (250)
  HIGHEST GUST SPEED    36   HIGHEST GUST DIRECTION     W (250)
  AVERAGE WIND SPEED    13.5


SKY COVER
  POSSIBLE SUNSHINE  MM
  AVERAGE SKY COVER 0.7


WEATHER CONDITIONS
 THE FOLLOWING WEATHER WAS RECORDED YESTERDAY.
  THUNDERSTORM
  LIGHT RAIN
  FOG


RELATIVE HUMIDITY (PERCENT)
 HIGHEST   100           400 AM
 LOWEST     64           200 PM
 AVERAGE    82

..........................................................


THE ROCHESTER MN CLIMATE NORMALS FOR TODAY
                         NORMAL    RECORD    YEAR
 MAXIMUM TEMPERATURE (F)   72        91      1939
 MINIMUM TEMPERATURE (F)   51        31      1961


SUNRISE AND SUNSET
MAY 26 2015...........SUNRISE   534 AM CDT   SUNSET   840 PM CDT
MAY 27 2015...........SUNRISE   534 AM CDT   SUNSET   841 PM CDT


-  INDICATES NEGATIVE NUMBERS.
R  INDICATES RECORD WAS SET OR TIED.
MM INDICATES DATA IS MISSING.
T  INDICATES TRACE AMOUNT.




$$
