000
CDUS43 KARX 052128
CLIRST


CLIMATE REPORT
NATIONAL WEATHER SERVICE LA CROSSE WI
426 PM CDT SUN JUL 5 2015


...................................

...THE ROCHESTER MN CLIMATE SUMMARY FOR JULY 5 2015...
VALID TODAY AS OF 0400 PM LOCAL TIME.

CLIMATE NORMAL PERIOD 1981 TO 2010
CLIMATE RECORD PERIOD 1886 TO 2015


WEATHER ITEM   OBSERVED TIME   RECORD YEAR NORMAL DEPARTURE LAST
                VALUE   (LST)  VALUE       VALUE  FROM      YEAR
                                                  NORMAL
..................................................................
TEMPERATURE (F)
 TODAY
  MAXIMUM         84    228 PM 104    1911  82      2       76
  MINIMUM         59    518 AM  42    1967  61     -2       63
  AVERAGE         72                        72      0       70

PRECIPITATION (IN)
  TODAY            0.00          6.22 1978   0.15  -0.15      T
  MONTH TO DATE    T                         0.72  -0.72     0.05
  SINCE JUN 1      4.46                      5.40  -0.94     7.32
  SINCE JAN 1     17.07                     15.84   1.23    18.65

SNOWFALL (IN)
  TODAY            0.0           0.0  2012   0.0    0.0      0.0
  MONTH TO DATE    0.0                       0.0    0.0      0.0
  SINCE JUL 1      0.0                       0.0    0.0      0.0
  SNOW DEPTH       0

DEGREE DAYS
 HEATING
  TODAY            0                         0      0        0
  MONTH TO DATE    9                         0      9        7
  SINCE JUL 1      9                         0      9        7

 COOLING
  TODAY            7                         7      0        5
  MONTH TO DATE   12                        35    -23        5
  SINCE JAN 1    125                       199    -74      175
..................................................................


WIND (MPH)
  HIGHEST WIND SPEED    20   HIGHEST WIND DIRECTION     S (190)
  HIGHEST GUST SPEED    25   HIGHEST GUST DIRECTION     S (170)
  AVERAGE WIND SPEED    11.4


SKY COVER
  POSSIBLE SUNSHINE  MM
  AVERAGE SKY COVER 0.0


WEATHER CONDITIONS
 THE FOLLOWING WEATHER WAS RECORDED TODAY.
  FOG


RELATIVE HUMIDITY (PERCENT)
 HIGHEST    97           600 AM
 LOWEST     58           200 PM
 AVERAGE    78

..........................................................


THE ROCHESTER MN CLIMATE NORMALS FOR TOMORROW
                         NORMAL    RECORD    YEAR
 MAXIMUM TEMPERATURE (F)   82       105      1936
 MINIMUM TEMPERATURE (F)   61        46      1972
                                             1958
                                             1950


SUNRISE AND SUNSET
JULY  5 2015..........SUNRISE   534 AM CDT   SUNSET   855 PM CDT
JULY  6 2015..........SUNRISE   534 AM CDT   SUNSET   855 PM CDT


-  INDICATES NEGATIVE NUMBERS.
R  INDICATES RECORD WAS SET OR TIED.
MM INDICATES DATA IS MISSING.
T  INDICATES TRACE AMOUNT.




$$
