000
CDUS43 KARX 212134
CLIRST


CLIMATE REPORT
NATIONAL WEATHER SERVICE LA CROSSE WI
432 PM CDT THU SEP 21 2017


...................................

...THE ROCHESTER MN CLIMATE SUMMARY FOR SEPTEMBER 21 2017...
VALID TODAY AS OF 0430 PM LOCAL TIME.

CLIMATE NORMAL PERIOD 1981 TO 2010
CLIMATE RECORD PERIOD 1886 TO 2017


WEATHER ITEM   OBSERVED TIME   RECORD YEAR NORMAL DEPARTURE LAST
                VALUE   (LST)  VALUE       VALUE  FROM      YEAR
                                                  NORMAL
..................................................................
TEMPERATURE (F)
 TODAY
  MAXIMUM         86    255 PM  94    1908  69     17       80
  MINIMUM         51    540 AM  27    1918  48      3       62
  AVERAGE         69                        59     10       71

PRECIPITATION (IN)
  TODAY            0.00          3.60 2016   0.12  -0.12     3.60
  MONTH TO DATE    1.47                      2.48  -1.01     8.25
  SINCE SEP 1      1.47                      2.48  -1.01     8.25
  SINCE JAN 1     25.97                     26.67  -0.70    36.52

SNOWFALL (IN)
  TODAY            0.0           0.0  2012   0.0    0.0      0.0
  MONTH TO DATE    0.0                       0.0    0.0      0.0
  SINCE JUL 1      0.0                       0.0    0.0      0.0
  SNOW DEPTH       0

DEGREE DAYS
 HEATING
  TODAY            0                         7     -7        0
  MONTH TO DATE   67                        92    -25       23
  SINCE JUL 1    108                       130    -22       34

 COOLING
  TODAY            4                         1      3        6
  MONTH TO DATE   43                        46     -3       50
  SINCE JAN 1    445                       571   -126      623
..................................................................


WIND (MPH)
  HIGHEST WIND SPEED    18   HIGHEST WIND DIRECTION     S (180)
  HIGHEST GUST SPEED    25   HIGHEST GUST DIRECTION     S (160)
  AVERAGE WIND SPEED     9.4


SKY COVER
  POSSIBLE SUNSHINE  MM
  AVERAGE SKY COVER 0.2


WEATHER CONDITIONS
 THE FOLLOWING WEATHER WAS RECORDED TODAY.
  NO SIGNIFICANT WEATHER WAS OBSERVED.


RELATIVE HUMIDITY (PERCENT)
 HIGHEST    96           600 AM
 LOWEST     57           300 PM
 AVERAGE    77

..........................................................


THE ROCHESTER MN CLIMATE NORMALS FOR TOMORROW
                         NORMAL    RECORD    YEAR
 MAXIMUM TEMPERATURE (F)   69        95      1908
 MINIMUM TEMPERATURE (F)   48        24      1974


SUNRISE AND SUNSET
SEPTEMBER 21 2017.....SUNRISE   656 AM CDT   SUNSET   709 PM CDT
SEPTEMBER 22 2017.....SUNRISE   657 AM CDT   SUNSET   707 PM CDT


-  INDICATES NEGATIVE NUMBERS.
R  INDICATES RECORD WAS SET OR TIED.
MM INDICATES DATA IS MISSING.
T  INDICATES TRACE AMOUNT.




$$
