000
CDUS43 KARX 030645
CLIRST


CLIMATE REPORT
NATIONAL WEATHER SERVICE LA CROSSE WI
144 AM CDT WED SEP 3 2014


...................................

...THE ROCHESTER MN CLIMATE SUMMARY FOR SEPTEMBER 2 2014...

CLIMATE NORMAL PERIOD 1981 TO 2010
CLIMATE RECORD PERIOD 1886 TO 2014


WEATHER ITEM   OBSERVED TIME   RECORD YEAR NORMAL DEPARTURE LAST
                VALUE   (LST)  VALUE       VALUE  FROM      YEAR
                                                  NORMAL
..................................................................
TEMPERATURE (F)
 YESTERDAY
  MAXIMUM         76    333 PM  94    1929  76      0       64
  MINIMUM         57   1159 PM  35    1909  56      1       49
  AVERAGE         67                        66      1       57

PRECIPITATION (IN)
  YESTERDAY        T             1.35 1961   0.12  -0.12     0.00
  MONTH TO DATE    1.28                      0.25   1.03      T
  SINCE SEP 1      1.28                      0.25   1.03      T
  SINCE JAN 1     26.70                     24.44   2.26    34.70

SNOWFALL (IN)
  YESTERDAY        0.0           0.0  2012   0.0    0.0      0.0
  MONTH TO DATE    0.0                       0.0    0.0      0.0
  SINCE JUL 1      0.0                       0.0    0.0      0.0
  SNOW DEPTH       0

DEGREE DAYS
 HEATING
  YESTERDAY        0                         2     -2        8
  MONTH TO DATE    0                         4     -4        8
  SINCE JUL 1     25                        42    -17       42

 COOLING
  YESTERDAY        2                         3     -1        0
  MONTH TO DATE    4                         6     -2        2
  SINCE JAN 1    464                       531    -67      558
..................................................................


WIND (MPH)
  HIGHEST WIND SPEED    15   HIGHEST WIND DIRECTION     W (260)
  HIGHEST GUST SPEED    21   HIGHEST GUST DIRECTION     W (280)
  AVERAGE WIND SPEED     7.5


SKY COVER
  POSSIBLE SUNSHINE  MM
  AVERAGE SKY COVER 0.2


WEATHER CONDITIONS
 THE FOLLOWING WEATHER WAS RECORDED YESTERDAY.
  LIGHT RAIN


RELATIVE HUMIDITY (PERCENT)
 HIGHEST    93          1200 AM
 LOWEST     50           300 PM
 AVERAGE    72

..........................................................


THE ROCHESTER MN CLIMATE NORMALS FOR TODAY
                         NORMAL    RECORD    YEAR
 MAXIMUM TEMPERATURE (F)   76        94      1937
 MINIMUM TEMPERATURE (F)   56        33      1974


SUNRISE AND SUNSET
SEPTEMBER  3 2014.....SUNRISE   636 AM CDT   SUNSET   742 PM CDT
SEPTEMBER  4 2014.....SUNRISE   637 AM CDT   SUNSET   740 PM CDT


-  INDICATES NEGATIVE NUMBERS.
R  INDICATES RECORD WAS SET OR TIED.
MM INDICATES DATA IS MISSING.
T  INDICATES TRACE AMOUNT.




$$
