649
CDUS43 KARX 200635
CLIRST


CLIMATE REPORT
NATIONAL WEATHER SERVICE LA CROSSE WI
1235 AM CST TUE FEB 20 2018


...................................

...THE ROCHESTER MN CLIMATE SUMMARY FOR FEBRUARY 19 2018...

CLIMATE NORMAL PERIOD 1981 TO 2010
CLIMATE RECORD PERIOD 1886 TO 2018


WEATHER ITEM   OBSERVED TIME   RECORD YEAR NORMAL DEPARTURE LAST
                VALUE   (LST)  VALUE       VALUE  FROM      YEAR
                                                  NORMAL
..................................................................
TEMPERATURE (F)
 YESTERDAY
  MAXIMUM         36   1202 AM  59    1930  29      7       57
  MINIMUM         24   1159 PM -30    1929  14     10       31
  AVERAGE         30                        22      8       44

PRECIPITATION (IN)
  YESTERDAY        0.09          0.67 2002   0.03   0.06     0.00
  MONTH TO DATE    0.43                      0.52  -0.09     0.05
  SINCE DEC 1      2.36                      2.61  -0.25     4.24
  SINCE JAN 1      1.85                      1.38   0.47     2.17

SNOWFALL (IN)
  YESTERDAY        0.0           4.8  1952   0.3   -0.3      0.0
  MONTH TO DATE    5.6                       5.8   -0.2      0.2
  SINCE JUL 1     32.3                      37.2   -4.9     34.1
  SNOW DEPTH       2

DEGREE DAYS
 HEATING
  YESTERDAY       35                        43     -8       21
  MONTH TO DATE 1007                       878    129      748
  SINCE JUL 1   5592                      5486    106     4751

 COOLING
  YESTERDAY        0                         0      0        0
  MONTH TO DATE    0                         0      0        0
  SINCE JAN 1      0                         0      0        0
..................................................................


WIND (MPH)
  HIGHEST WIND SPEED    23   HIGHEST WIND DIRECTION    NE (50)
  HIGHEST GUST SPEED    30   HIGHEST GUST DIRECTION    NE (50)
  AVERAGE WIND SPEED    13.6


SKY COVER
  POSSIBLE SUNSHINE  MM
  AVERAGE SKY COVER 0.9


WEATHER CONDITIONS
 THE FOLLOWING WEATHER WAS RECORDED YESTERDAY.
  LT FREEZING RAIN
  FOG


RELATIVE HUMIDITY (PERCENT)
 HIGHEST   100          1000 AM
 LOWEST     82          1200 AM
 AVERAGE    91

..........................................................


THE ROCHESTER MN CLIMATE NORMALS FOR TODAY
                         NORMAL    RECORD    YEAR
 MAXIMUM TEMPERATURE (F)   30        60      1930
 MINIMUM TEMPERATURE (F)   14       -21      1966


SUNRISE AND SUNSET
FEBRUARY 20 2018......SUNRISE   701 AM CST   SUNSET   547 PM CST
FEBRUARY 21 2018......SUNRISE   700 AM CST   SUNSET   548 PM CST


-  INDICATES NEGATIVE NUMBERS.
R  INDICATES RECORD WAS SET OR TIED.
MM INDICATES DATA IS MISSING.
T  INDICATES TRACE AMOUNT.




$$
