000
CDUS43 KARX 180640
CLIRST


CLIMATE REPORT
NATIONAL WEATHER SERVICE LA CROSSE WI
1239 AM CST WED JAN 18 2017


...................................

...THE ROCHESTER MN CLIMATE SUMMARY FOR JANUARY 17 2017...

CLIMATE NORMAL PERIOD 1981 TO 2010
CLIMATE RECORD PERIOD 1886 TO 2017


WEATHER ITEM   OBSERVED TIME   RECORD YEAR NORMAL DEPARTURE LAST
                VALUE   (LST)  VALUE       VALUE  FROM      YEAR
                                                  NORMAL
..................................................................
TEMPERATURE (F)
 YESTERDAY
  MAXIMUM         32    647 PM  49    1894  23      9       -8
  MINIMUM         28   1159 PM -25    1954   7     21      -18
  AVERAGE         30                        15     15      -13

PRECIPITATION (IN)
  YESTERDAY        0.03          0.52 1996   0.03   0.00     0.00
  MONTH TO DATE    1.03                      0.47   0.56     0.46
  SINCE DEC 1      3.10                      1.70   1.40     3.67
  SINCE JAN 1      1.03                      0.47   0.56     0.46

SNOWFALL (IN)
  YESTERDAY        T             3.5  1945   0.4   -0.4      0.0
  MONTH TO DATE    3.7                       6.2   -2.5      3.4
  SINCE JUL 1     24.4                      25.6   -1.2     19.1
  SNOW DEPTH       4

DEGREE DAYS
 HEATING
  YESTERDAY       35                        50    -15       78
  MONTH TO DATE  908                       841     67      901
  SINCE JUL 1   3479                      3919   -440     3332

 COOLING
  YESTERDAY        0                         0      0        0
  MONTH TO DATE    0                         0      0        0
  SINCE JAN 1      0                         0      0        0
..................................................................


WIND (MPH)
  HIGHEST WIND SPEED    18   HIGHEST WIND DIRECTION    NW (310)
  HIGHEST GUST SPEED    21   HIGHEST GUST DIRECTION    NW (310)
  AVERAGE WIND SPEED    10.7


SKY COVER
  POSSIBLE SUNSHINE  MM
  AVERAGE SKY COVER 1.0


WEATHER CONDITIONS
 THE FOLLOWING WEATHER WAS RECORDED YESTERDAY.
  LT FREEZING RAIN
  LIGHT SNOW
  FOG
  FOG W/VISIBILITY <= 1/4 MILE


RELATIVE HUMIDITY (PERCENT)
 HIGHEST   100          1200 AM
 LOWEST    100          1200 AM
 AVERAGE   100

..........................................................


THE ROCHESTER MN CLIMATE NORMALS FOR TODAY
                         NORMAL    RECORD    YEAR
 MAXIMUM TEMPERATURE (F)   23        46      1919
 MINIMUM TEMPERATURE (F)    7       -31      1967


SUNRISE AND SUNSET
JANUARY 18 2017.......SUNRISE   739 AM CST   SUNSET   502 PM CST
JANUARY 19 2017.......SUNRISE   739 AM CST   SUNSET   503 PM CST


-  INDICATES NEGATIVE NUMBERS.
R  INDICATES RECORD WAS SET OR TIED.
MM INDICATES DATA IS MISSING.
T  INDICATES TRACE AMOUNT.




$$
