000
CDUS43 KARX 242136
CLIRST


CLIMATE REPORT
NATIONAL WEATHER SERVICE LA CROSSE WI
435 PM CDT TUE MAR 24 2015


...................................

...THE ROCHESTER MN CLIMATE SUMMARY FOR MARCH 24 2015...
VALID TODAY AS OF 0400 PM LOCAL TIME.

CLIMATE NORMAL PERIOD 1981 TO 2010
CLIMATE RECORD PERIOD 1886 TO 2015


WEATHER ITEM   OBSERVED TIME   RECORD YEAR NORMAL DEPARTURE LAST
                VALUE   (LST)  VALUE       VALUE  FROM      YEAR
                                                  NORMAL
..................................................................
TEMPERATURE (F)
 TODAY
  MAXIMUM         35    259 PM  82    1910  45    -10       32
  MINIMUM         18    403 AM  -9    1974  28    -10       17
  AVERAGE         27                        36     -9       25

PRECIPITATION (IN)
  TODAY            0.00          1.51 1996   0.07  -0.07     0.01
  MONTH TO DATE    0.75                      1.35  -0.60     0.67
  SINCE MAR 1      0.75                      1.35  -0.60     0.67
  SINCE JAN 1      2.11                      3.04  -0.93     3.43

SNOWFALL (IN)
  TODAY            0.0           1.8  1979   0.3   -0.3      0.2
  MONTH TO DATE    8.2                       7.3    0.9      6.0
  SINCE JUL 1     46.2                      47.2   -1.0     53.8
  SNOW DEPTH       5

DEGREE DAYS
 HEATING
  TODAY           38                        29      9       40
  MONTH TO DATE  785                       822    -37     1035
  SINCE JUL 1   7080                      6683    397     7760

 COOLING
  TODAY            0                         0      0        0
  MONTH TO DATE    0                         0      0        0
  SINCE JAN 1      0                         0      0        0
..................................................................


WIND (MPH)
  HIGHEST WIND SPEED    24   HIGHEST WIND DIRECTION    SE (130)
  HIGHEST GUST SPEED    28   HIGHEST GUST DIRECTION     S (160)
  AVERAGE WIND SPEED    14.7


SKY COVER
  POSSIBLE SUNSHINE  MM
  AVERAGE SKY COVER 0.5


WEATHER CONDITIONS
 THE FOLLOWING WEATHER WAS RECORDED TODAY.
  LIGHT SNOW
  FOG


RELATIVE HUMIDITY (PERCENT)
 HIGHEST    92           100 AM
 LOWEST     56           300 PM
 AVERAGE    74

..........................................................


THE ROCHESTER MN CLIMATE NORMALS FOR TOMORROW
                         NORMAL    RECORD    YEAR
 MAXIMUM TEMPERATURE (F)   45        75      2007
 MINIMUM TEMPERATURE (F)   28        -3      1940


SUNRISE AND SUNSET
MARCH 24 2015.........SUNRISE   706 AM CDT   SUNSET   727 PM CDT
MARCH 25 2015.........SUNRISE   705 AM CDT   SUNSET   728 PM CDT


-  INDICATES NEGATIVE NUMBERS.
R  INDICATES RECORD WAS SET OR TIED.
MM INDICATES DATA IS MISSING.
T  INDICATES TRACE AMOUNT.




$$
