000
CDUS43 KARX 180656
CLIRST


CLIMATE REPORT
NATIONAL WEATHER SERVICE LA CROSSE WI
154 AM CDT FRI APR 18 2014


...................................

...THE ROCHESTER MN CLIMATE SUMMARY FOR APRIL 17 2014...

CLIMATE NORMAL PERIOD 1981 TO 2010
CLIMATE RECORD PERIOD 1886 TO 2014


WEATHER ITEM   OBSERVED TIME   RECORD YEAR NORMAL DEPARTURE LAST
                VALUE   (LST)  VALUE       VALUE  FROM      YEAR
                                                  NORMAL
..................................................................
TEMPERATURE (F)
 YESTERDAY
  MAXIMUM         44   1204 AM  84    1985  58    -14       39
  MINIMUM         30   1159 PM  17    1983  37     -7       33
  AVERAGE         37                        48    -11       36

PRECIPITATION (IN)
  YESTERDAY        0.01          1.42 1959   0.11  -0.10     0.64
  MONTH TO DATE    2.15                      1.69   0.46     4.53
  SINCE MAR 1      3.30                      3.57  -0.27     7.38
  SINCE JAN 1      6.06                      5.26   0.80     9.38

SNOWFALL (IN)
  YESTERDAY        0.0           3.0  1910   0.1   -0.1      0.0
  MONTH TO DATE    5.1                       2.3    2.8      2.7
  SINCE JUL 1     59.1                      50.9    8.2     58.0
  SNOW DEPTH       0

DEGREE DAYS
 HEATING
  YESTERDAY       28                        18     10       29
  MONTH TO DATE  428                       363     65      487
  SINCE JUL 1   8408                      7235   1173     7204

 COOLING
  YESTERDAY        0                         0      0        0
  MONTH TO DATE    0                         0      0        0
  SINCE JAN 1      0                         0      0        0
..................................................................


WIND (MPH)
  HIGHEST WIND SPEED    26   HIGHEST WIND DIRECTION    NW (310)
  HIGHEST GUST SPEED    30   HIGHEST GUST DIRECTION    NW (310)
  AVERAGE WIND SPEED    12.4


SKY COVER
  POSSIBLE SUNSHINE  MM
  AVERAGE SKY COVER 0.8


WEATHER CONDITIONS
 THE FOLLOWING WEATHER WAS RECORDED YESTERDAY.
  LIGHT RAIN
  FOG
  HAZE


RELATIVE HUMIDITY (PERCENT)
 HIGHEST    92           300 AM
 LOWEST     70           300 PM
 AVERAGE    81

..........................................................


THE ROCHESTER MN CLIMATE NORMALS FOR TODAY
                         NORMAL    RECORD    YEAR
 MAXIMUM TEMPERATURE (F)   59        89      1985
 MINIMUM TEMPERATURE (F)   37        16      1983


SUNRISE AND SUNSET
APRIL 18 2014.........SUNRISE   622 AM CDT   SUNSET   758 PM CDT
APRIL 19 2014.........SUNRISE   620 AM CDT   SUNSET   759 PM CDT


-  INDICATES NEGATIVE NUMBERS.
R  INDICATES RECORD WAS SET OR TIED.
MM INDICATES DATA IS MISSING.
T  INDICATES TRACE AMOUNT.




$$
