000
CDUS43 KARX 030653
CLIRST


CLIMATE REPORT
NATIONAL WEATHER SERVICE LA CROSSE WI
1248 AM CST TUE MAR 3 2015


...................................

...THE ROCHESTER MN CLIMATE SUMMARY FOR MARCH 2 2015...

CLIMATE NORMAL PERIOD 1981 TO 2010
CLIMATE RECORD PERIOD 1886 TO 2015


WEATHER ITEM   OBSERVED TIME   RECORD YEAR NORMAL DEPARTURE LAST
                VALUE   (LST)  VALUE       VALUE  FROM      YEAR
                                                  NORMAL
..................................................................
TEMPERATURE (F)
 YESTERDAY
  MAXIMUM         20   1159 PM  58    1964  34    -14       -3
  MINIMUM          2    817 AM -19    1913  19    -17      -15
  AVERAGE         11                        26    -15       -9

PRECIPITATION (IN)
  YESTERDAY        0.00          0.64 1888   0.04  -0.04     0.00
  MONTH TO DATE    T                         0.09  -0.09     0.02
  SINCE MAR 1      T                         0.09  -0.09     0.02
  SINCE JAN 1      1.36                      1.78  -0.42     2.78

SNOWFALL (IN)
  YESTERDAY        0.0           5.1  2007   0.4   -0.4      0.0
  MONTH TO DATE    T                         0.7   -0.7      0.6
  SINCE JUL 1     38.0                      40.6   -2.6     48.4
  SNOW DEPTH       8

DEGREE DAYS
 HEATING
  YESTERDAY       54                        39     15       74
  MONTH TO DATE  106                        78     28      136
  SINCE JUL 1   6401                      5939    462     6861

 COOLING
  YESTERDAY        0                         0      0        0
  MONTH TO DATE    0                         0      0        0
  SINCE JAN 1      0                         0      0        0
..................................................................


WIND (MPH)
  HIGHEST WIND SPEED    23   HIGHEST WIND DIRECTION    NW (300)
  HIGHEST GUST SPEED    26   HIGHEST GUST DIRECTION    NW (300)
  AVERAGE WIND SPEED     9.2


SKY COVER
  POSSIBLE SUNSHINE  MM
  AVERAGE SKY COVER 0.3


WEATHER CONDITIONS
 THE FOLLOWING WEATHER WAS RECORDED YESTERDAY.
  FOG


RELATIVE HUMIDITY (PERCENT)
 HIGHEST   100           800 AM
 LOWEST     61           100 PM
 AVERAGE    81

..........................................................


THE ROCHESTER MN CLIMATE NORMALS FOR TODAY
                         NORMAL    RECORD    YEAR
 MAXIMUM TEMPERATURE (F)   34        56      1946
 MINIMUM TEMPERATURE (F)   19       -17      1913


SUNRISE AND SUNSET
MARCH  3 2015.........SUNRISE   644 AM CST   SUNSET   601 PM CST
MARCH  4 2015.........SUNRISE   642 AM CST   SUNSET   602 PM CST


-  INDICATES NEGATIVE NUMBERS.
R  INDICATES RECORD WAS SET OR TIED.
MM INDICATES DATA IS MISSING.
T  INDICATES TRACE AMOUNT.




$$
