062
CDUS43 KARX 200648
CLIRST


CLIMATE REPORT
NATIONAL WEATHER SERVICE LA CROSSE WI
1246 AM CST MON FEB 20 2017


...................................

...THE ROCHESTER MN CLIMATE SUMMARY FOR FEBRUARY 19 2017...

CLIMATE NORMAL PERIOD 1981 TO 2010
CLIMATE RECORD PERIOD 1886 TO 2017


WEATHER ITEM   OBSERVED TIME   RECORD YEAR NORMAL DEPARTURE LAST
                VALUE   (LST)  VALUE       VALUE  FROM      YEAR
                                                  NORMAL
..................................................................
TEMPERATURE (F)
 YESTERDAY
  MAXIMUM         57    234 PM  59    1930  29     28       40
  MINIMUM         31    712 AM -30    1929  14     17       35
  AVERAGE         44                        22     22       38

PRECIPITATION (IN)
  YESTERDAY        0.00          0.67 2002   0.03  -0.03      T
  MONTH TO DATE    0.05                      0.52  -0.47     0.64
  SINCE DEC 1      4.24                      2.61   1.63     4.60
  SINCE JAN 1      2.17                      1.38   0.79     1.39

SNOWFALL (IN)
  YESTERDAY        0.0           4.8  1952   0.3   -0.3      0.0
  MONTH TO DATE    0.2                       5.8   -5.6     11.1
  SINCE JUL 1     34.1                      37.2   -3.1     32.5
  SNOW DEPTH       0

DEGREE DAYS
 HEATING
  YESTERDAY       21                        43    -22       27
  MONTH TO DATE  748                       878   -130      907
  SINCE JUL 1   4751                      5486   -735     4884

 COOLING
  YESTERDAY        0                         0      0        0
  MONTH TO DATE    0                         0      0        0
  SINCE JAN 1      0                         0      0        0
..................................................................


WIND (MPH)
  HIGHEST WIND SPEED    20   HIGHEST WIND DIRECTION    SE (150)
  HIGHEST GUST SPEED    23   HIGHEST GUST DIRECTION    SE (150)
  AVERAGE WIND SPEED    11.2


SKY COVER
  POSSIBLE SUNSHINE  MM
  AVERAGE SKY COVER 0.0


WEATHER CONDITIONS
 THE FOLLOWING WEATHER WAS RECORDED YESTERDAY.
  FOG


RELATIVE HUMIDITY (PERCENT)
 HIGHEST   100          1200 AM
 LOWEST     66           200 PM
 AVERAGE    83

..........................................................


THE ROCHESTER MN CLIMATE NORMALS FOR TODAY
                         NORMAL    RECORD    YEAR
 MAXIMUM TEMPERATURE (F)   30        60      1930
 MINIMUM TEMPERATURE (F)   14       -21      1966


SUNRISE AND SUNSET
FEBRUARY 20 2017......SUNRISE   701 AM CST   SUNSET   547 PM CST
FEBRUARY 21 2017......SUNRISE   659 AM CST   SUNSET   548 PM CST


-  INDICATES NEGATIVE NUMBERS.
R  INDICATES RECORD WAS SET OR TIED.
MM INDICATES DATA IS MISSING.
T  INDICATES TRACE AMOUNT.




$$
