000
CDUS43 KARX 010651
CLIRST


CLIMATE REPORT
NATIONAL WEATHER SERVICE LA CROSSE WI
1250 AM CST THU DEC 1 2016


...................................

...THE ROCHESTER MN CLIMATE SUMMARY FOR NOVEMBER 30 2016...

CLIMATE NORMAL PERIOD 1981 TO 2010
CLIMATE RECORD PERIOD 1886 TO 2016


WEATHER ITEM   OBSERVED TIME   RECORD YEAR NORMAL DEPARTURE LAST
                VALUE   (LST)  VALUE       VALUE  FROM      YEAR
                                                  NORMAL
..................................................................
TEMPERATURE (F)
 YESTERDAY
  MAXIMUM         37   1229 PM  59    1962  33      4       34
  MINIMUM         34    549 PM -18    1893  18     16       28
  AVERAGE         36                        26     10       31

PRECIPITATION (IN)
  YESTERDAY        0.09          0.98 1934   0.06   0.03     0.42
  MONTH TO DATE    1.37                      1.91  -0.54     3.08
  SINCE SEP 1     13.21                      7.60   5.61     7.22
  SINCE JAN 1     41.48                     31.79   9.69    32.39

SNOWFALL (IN)
  YESTERDAY        T            12.0  1934   0.3   -0.3      0.8
  MONTH TO DATE    0.7                       6.1   -5.4      2.3
  SINCE JUL 1      0.7                       6.9   -6.2      2.5
  SNOW DEPTH       0

DEGREE DAYS
 HEATING
  YESTERDAY       29                        39    -10       34
  MONTH TO DATE  660                       936   -276      762
  SINCE JUL 1   1135                      1672   -537     1350

 COOLING
  YESTERDAY        0                         0      0        0
  MONTH TO DATE    0                         0      0        0
  SINCE JAN 1    629                       585     44      507
..................................................................


WIND (MPH)
  HIGHEST WIND SPEED    17   HIGHEST WIND DIRECTION     W (250)
  HIGHEST GUST SPEED    21   HIGHEST GUST DIRECTION     W (250)
  AVERAGE WIND SPEED    10.6


SKY COVER
  POSSIBLE SUNSHINE  MM
  AVERAGE SKY COVER 1.0


WEATHER CONDITIONS
 THE FOLLOWING WEATHER WAS RECORDED YESTERDAY.
  LIGHT RAIN
  LIGHT SNOW
  FOG


RELATIVE HUMIDITY (PERCENT)
 HIGHEST   100           800 AM
 LOWEST     92          1200 AM
 AVERAGE    96

..........................................................


THE ROCHESTER MN CLIMATE NORMALS FOR TODAY
                         NORMAL    RECORD    YEAR
 MAXIMUM TEMPERATURE (F)   32        62      1998
                                             1962
 MINIMUM TEMPERATURE (F)   18       -10      1886


SUNRISE AND SUNSET
DECEMBER  1 2016......SUNRISE   725 AM CST   SUNSET   433 PM CST
DECEMBER  2 2016......SUNRISE   726 AM CST   SUNSET   433 PM CST


-  INDICATES NEGATIVE NUMBERS.
R  INDICATES RECORD WAS SET OR TIED.
MM INDICATES DATA IS MISSING.
T  INDICATES TRACE AMOUNT.




$$
