000
CDUS43 KARX 210643
CLIRST


CLIMATE REPORT
NATIONAL WEATHER SERVICE LA CROSSE WI
140 AM CDT THU MAY 21 2015

...THE ROCHESTER MN CLIMATE SUMMARY FOR MAY 20 2015...

CLIMATE NORMAL PERIOD 1981 TO 2010
CLIMATE RECORD PERIOD 1886 TO 2015

WEATHER ITEM   OBSERVED TIME   RECORD YEAR NORMAL DEPARTURE LAST
                VALUE   (LST)  VALUE       VALUE  FROM      YEAR
                                                  NORMAL
..................................................................
TEMPERATURE (F)
 YESTERDAY
  MAXIMUM         56    550 PM  96    1934  70    -14       78
  MINIMUM         40   1230 AM  30    1967  49     -9       51
                                      1954
                                      1892
  AVERAGE         48                        59    -11       65

PRECIPITATION (IN)
  YESTERDAY        0.00          2.97 1912   0.12  -0.12      T
  MONTH TO DATE    3.36                      2.30   1.06     1.77
  SINCE MAR 1      9.36                      7.42   1.94     8.56
  SINCE JAN 1     10.72                      9.11   1.61    11.32

SNOWFALL (IN)
  YESTERDAY        0.0           0.0  2012   0.0    0.0      0.0
  MONTH TO DATE    0.0                       0.2   -0.2      0.0
  SINCE JUL 1     50.4                      52.1   -1.7     60.5
  SNOW DEPTH       0

DEGREE DAYS
 HEATING
  YESTERDAY       17                         7     10        0
  MONTH TO DATE  186                       186      0      235
  SINCE JUL 1   7998                      7611    387     8890

 COOLING
  YESTERDAY        0                         1     -1        0
  MONTH TO DATE    7                        13     -6        0
  SINCE JAN 1      7                        17    -10        0
..................................................................

WIND (MPH)
  HIGHEST WIND SPEED    15   HIGHEST WIND DIRECTION     W (250)
  HIGHEST GUST SPEED    17   HIGHEST GUST DIRECTION    SW (240)
  AVERAGE WIND SPEED     6.2

SKY COVER
  POSSIBLE SUNSHINE  MM
  AVERAGE SKY COVER 0.4

WEATHER CONDITIONS
 THE FOLLOWING WEATHER WAS RECORDED YESTERDAY.
  NO SIGNIFICANT WEATHER WAS OBSERVED.

RELATIVE HUMIDITY (PERCENT)
 HIGHEST    83           600 AM
 LOWEST     43           600 PM
 AVERAGE    63
..........................................................

THE ROCHESTER MN CLIMATE NORMALS FOR TODAY
                         NORMAL    RECORD    YEAR
 MAXIMUM TEMPERATURE (F)   70        88      1970
                                             1964
 MINIMUM TEMPERATURE (F)   49        31      1929

SUNRISE AND SUNSET
MAY 21 2015...........SUNRISE   538 AM CDT   SUNSET   835 PM CDT
MAY 22 2015...........SUNRISE   538 AM CDT   SUNSET   836 PM CDT

-  INDICATES NEGATIVE NUMBERS.
R  INDICATES RECORD WAS SET OR TIED.
MM INDICATES DATA IS MISSING.
T  INDICATES TRACE AMOUNT.

$$

BOYNE
