000
CDUS43 KARX 180742
CLIRST


CLIMATE REPORT
NATIONAL WEATHER SERVICE LA CROSSE WI
241 AM CDT THU MAY 18 2017


...................................

...THE ROCHESTER MN CLIMATE SUMMARY FOR MAY 17 2017...

CLIMATE NORMAL PERIOD 1981 TO 2010
CLIMATE RECORD PERIOD 1886 TO 2017


WEATHER ITEM   OBSERVED TIME   RECORD YEAR NORMAL DEPARTURE LAST
                VALUE   (LST)  VALUE       VALUE  FROM      YEAR
                                                  NORMAL
..................................................................
TEMPERATURE (F)
 YESTERDAY
  MAXIMUM         72    211 PM  91    1934  69      3       61
  MINIMUM         58   1159 PM  29    1930  48     10       41
  AVERAGE         65                        58      7       51

PRECIPITATION (IN)
  YESTERDAY        1.04          4.02 2000   0.11   0.93     0.00
  MONTH TO DATE    1.48                      1.95  -0.47     1.54
  SINCE MAR 1      8.90                      7.07   1.83     7.24
  SINCE JAN 1     12.68                      8.76   3.92     8.64

SNOWFALL (IN)
  YESTERDAY        0.0           0.0  2012   0.0    0.0      0.0
  MONTH TO DATE    0.0                       0.2   -0.2      0.0
  SINCE JUL 1     52.7                      52.1    0.6     47.9
  SNOW DEPTH       0

DEGREE DAYS
 HEATING
  YESTERDAY        0                         8     -8       14
  MONTH TO DATE  139                       165    -26      207
  SINCE JUL 1   6723                      7590   -867     6753

 COOLING
  YESTERDAY        0                         1     -1        0
  MONTH TO DATE   20                        10     10        9
  SINCE JAN 1     20                        14      6       10
..................................................................


WIND (MPH)
  HIGHEST WIND SPEED    45   HIGHEST WIND DIRECTION     S (190)
  HIGHEST GUST SPEED    66   HIGHEST GUST DIRECTION     S (170)
  AVERAGE WIND SPEED    10.7


SKY COVER
  POSSIBLE SUNSHINE  MM
  AVERAGE SKY COVER 0.7


WEATHER CONDITIONS
 THE FOLLOWING WEATHER WAS RECORDED YESTERDAY.
  THUNDERSTORM
  HEAVY RAIN
  RAIN
  LIGHT RAIN
  FOG


RELATIVE HUMIDITY (PERCENT)
 HIGHEST   100           400 AM
 LOWEST     84           200 PM
 AVERAGE    92

..........................................................


THE ROCHESTER MN CLIMATE NORMALS FOR TODAY
                         NORMAL    RECORD    YEAR
 MAXIMUM TEMPERATURE (F)   69        95      1934
 MINIMUM TEMPERATURE (F)   48        32      1916
                                             1915


SUNRISE AND SUNSET
MAY 18 2017...........SUNRISE   541 AM CDT   SUNSET   833 PM CDT
MAY 19 2017...........SUNRISE   540 AM CDT   SUNSET   834 PM CDT


-  INDICATES NEGATIVE NUMBERS.
R  INDICATES RECORD WAS SET OR TIED.
MM INDICATES DATA IS MISSING.
T  INDICATES TRACE AMOUNT.




$$
