000
CDUS43 KARX 150702
CLIRST


CLIMATE REPORT
NATIONAL WEATHER SERVICE LA CROSSE WI
201 AM CDT MON SEP 15 2014


...................................

...THE ROCHESTER MN CLIMATE SUMMARY FOR SEPTEMBER 14 2014...

CLIMATE NORMAL PERIOD 1981 TO 2010
CLIMATE RECORD PERIOD 1886 TO 2014


WEATHER ITEM   OBSERVED TIME   RECORD YEAR NORMAL DEPARTURE LAST
                VALUE   (LST)  VALUE       VALUE  FROM      YEAR
                                                  NORMAL
..................................................................
TEMPERATURE (F)
 YESTERDAY
  MAXIMUM         69    247 PM  95    1939  72     -3       75
  MINIMUM         45   1203 AM  33    1929  51     -6       44
  AVERAGE         57                        62     -5       60

PRECIPITATION (IN)
  YESTERDAY        0.01          4.04 2004   0.11  -0.10     0.60
  MONTH TO DATE    2.67                      1.69   0.98     0.61
  SINCE SEP 1      2.67                      1.69   0.98     0.61
  SINCE JAN 1     28.09                     25.88   2.21    35.31

SNOWFALL (IN)
  YESTERDAY        0.0           0.0  2012   0.0    0.0      0.0
  MONTH TO DATE    0.0                       0.0    0.0      0.0
  SINCE JUL 1      0.0                       0.0    0.0      0.0
  SNOW DEPTH       0

DEGREE DAYS
 HEATING
  YESTERDAY        8                         5      3        5
  MONTH TO DATE   86                        48     38       30
  SINCE JUL 1    111                        86     25       64

 COOLING
  YESTERDAY        0                         2     -2        0
  MONTH TO DATE   23                        36    -13       78
  SINCE JAN 1    483                       561    -78      634
..................................................................


WIND (MPH)
  HIGHEST WIND SPEED    20   HIGHEST WIND DIRECTION    SW (240)
  HIGHEST GUST SPEED    27   HIGHEST GUST DIRECTION    SW (240)
  AVERAGE WIND SPEED    10.0


SKY COVER
  POSSIBLE SUNSHINE  MM
  AVERAGE SKY COVER 0.7


WEATHER CONDITIONS
 THE FOLLOWING WEATHER WAS RECORDED YESTERDAY.
  LIGHT RAIN


RELATIVE HUMIDITY (PERCENT)
 HIGHEST    83          1200 AM
 LOWEST     48           300 PM
 AVERAGE    66

..........................................................


THE ROCHESTER MN CLIMATE NORMALS FOR TODAY
                         NORMAL    RECORD    YEAR
 MAXIMUM TEMPERATURE (F)   72        96      1939
 MINIMUM TEMPERATURE (F)   51        31      2011


SUNRISE AND SUNSET
SEPTEMBER 15 2014.....SUNRISE   649 AM CDT   SUNSET   720 PM CDT
SEPTEMBER 16 2014.....SUNRISE   650 AM CDT   SUNSET   718 PM CDT


-  INDICATES NEGATIVE NUMBERS.
R  INDICATES RECORD WAS SET OR TIED.
MM INDICATES DATA IS MISSING.
T  INDICATES TRACE AMOUNT.




$$
