000
CDUS43 KARX 190638
CLIRST


CLIMATE REPORT
NATIONAL WEATHER SERVICE LA CROSSE WI
137 AM CDT SAT APR 19 2014


...................................

...THE ROCHESTER MN CLIMATE SUMMARY FOR APRIL 18 2014...

CLIMATE NORMAL PERIOD 1981 TO 2010
CLIMATE RECORD PERIOD 1886 TO 2014


WEATHER ITEM   OBSERVED TIME   RECORD YEAR NORMAL DEPARTURE LAST
                VALUE   (LST)  VALUE       VALUE  FROM      YEAR
                                                  NORMAL
..................................................................
TEMPERATURE (F)
 YESTERDAY
  MAXIMUM         54    513 PM  89    1985  59     -5       37
  MINIMUM         27    452 AM  16    1983  37    -10       31
  AVERAGE         41                        48     -7       34

PRECIPITATION (IN)
  YESTERDAY        0.00          0.90 1930   0.11  -0.11     0.40
  MONTH TO DATE    2.15                      1.80   0.35     4.93
  SINCE MAR 1      3.30                      3.68  -0.38     7.78
  SINCE JAN 1      6.06                      5.37   0.69     9.78

SNOWFALL (IN)
  YESTERDAY        0.0           2.0  1939   0.1   -0.1      0.2
  MONTH TO DATE    5.1                       2.4    2.7      2.9
  SINCE JUL 1     59.1                      51.0    8.1     58.2
  SNOW DEPTH       0

DEGREE DAYS
 HEATING
  YESTERDAY       24                        17      7       31
  MONTH TO DATE  452                       380     72      518
  SINCE JUL 1   8432                      7252   1180     7235

 COOLING
  YESTERDAY        0                         0      0        0
  MONTH TO DATE    0                         0      0        0
  SINCE JAN 1      0                         0      0        0
..................................................................


WIND (MPH)
  HIGHEST WIND SPEED    17   HIGHEST WIND DIRECTION    SE (120)
  HIGHEST GUST SPEED    20   HIGHEST GUST DIRECTION     E (110)
  AVERAGE WIND SPEED     8.2


SKY COVER
  POSSIBLE SUNSHINE  MM
  AVERAGE SKY COVER 0.2


WEATHER CONDITIONS
 THE FOLLOWING WEATHER WAS RECORDED YESTERDAY.
  FOG
  HAZE


RELATIVE HUMIDITY (PERCENT)
 HIGHEST    92           600 AM
 LOWEST     38           300 PM
 AVERAGE    65

..........................................................


THE ROCHESTER MN CLIMATE NORMALS FOR TODAY
                         NORMAL    RECORD    YEAR
 MAXIMUM TEMPERATURE (F)   59        84      1985
 MINIMUM TEMPERATURE (F)   38        20      1988


SUNRISE AND SUNSET
APRIL 19 2014.........SUNRISE   620 AM CDT   SUNSET   759 PM CDT
APRIL 20 2014.........SUNRISE   619 AM CDT   SUNSET   800 PM CDT


-  INDICATES NEGATIVE NUMBERS.
R  INDICATES RECORD WAS SET OR TIED.
MM INDICATES DATA IS MISSING.
T  INDICATES TRACE AMOUNT.




$$
