035
CDUS43 KARX 251437
CLIRST


CLIMATE REPORT
NATIONAL WEATHER SERVICE LA CROSSE WI
834 AM CST SAT FEB 25 2017

...THE ROCHESTER MN CLIMATE SUMMARY FOR FEBRUARY 24 2017...

CLIMATE NORMAL PERIOD 1981 TO 2010
CLIMATE RECORD PERIOD 1886 TO 2017

WEATHER ITEM   OBSERVED TIME   RECORD YEAR NORMAL DEPARTURE LAST
                VALUE   (LST)  VALUE       VALUE  FROM      YEAR
                                                  NORMAL
..................................................................
TEMPERATURE (F)
 YESTERDAY
  MAXIMUM         30   1235 AM  60    1931  31     -1       35
  MINIMUM         17   1159 PM -24    1913  16      1       31
  AVERAGE         24                        23      1       33

PRECIPITATION (IN)
  YESTERDAY        0.47          0.65 2007   0.03   0.44     0.00
  MONTH TO DATE    1.66                      0.68   0.98     0.65
  SINCE DEC 1      5.85                      2.77   3.08     4.61
  SINCE JAN 1      3.78                      1.54   2.24     1.40

SNOWFALL (IN)
  YESTERDAY        6.4 R         6.4  2017   0.3    6.1      0.0
  MONTH TO DATE   10.4                       7.3    3.1     11.1
  SINCE JUL 1     44.3                      38.7    5.6     32.5
  SNOW DEPTH       8

DEGREE DAYS
 HEATING
  YESTERDAY       41                        42     -1       32
  MONTH TO DATE  879                      1090   -211     1065
  SINCE JUL 1   4882                      5698   -816     5042

 COOLING
  YESTERDAY        0                         0      0        0
  MONTH TO DATE    0                         0      0        0
  SINCE JAN 1      0                         0      0        0
..................................................................

WIND (MPH)
  HIGHEST WIND SPEED    30   HIGHEST WIND DIRECTION     N (10)
  HIGHEST GUST SPEED    39   HIGHEST GUST DIRECTION     N (10)
  AVERAGE WIND SPEED    21.1

SKY COVER
  POSSIBLE SUNSHINE  MM
  AVERAGE SKY COVER 1.0

WEATHER CONDITIONS
 THE FOLLOWING WEATHER WAS RECORDED YESTERDAY.
  THUNDERSTORM
  HEAVY SNOW
  SNOW
  FOG
  FOG W/VISIBILITY <= 1/4 MILE
  HAZE

RELATIVE HUMIDITY (PERCENT)
 HIGHEST   100          1200 AM
 LOWEST     74          1100 PM
 AVERAGE    87

..........................................................

THE ROCHESTER MN CLIMATE NORMALS FOR TODAY
                         NORMAL    RECORD    YEAR
 MAXIMUM TEMPERATURE (F)   31        58      2000
 MINIMUM TEMPERATURE (F)   16       -28      1940

SUNRISE AND SUNSET
FEBRUARY 25 2017......SUNRISE   653 AM CST   SUNSET   554 PM CST
FEBRUARY 26 2017......SUNRISE   651 AM CST   SUNSET   555 PM CST

-  INDICATES NEGATIVE NUMBERS.
R  INDICATES RECORD WAS SET OR TIED.
MM INDICATES DATA IS MISSING.
T  INDICATES TRACE AMOUNT.

$$

BOYNE
