000
CDUS43 KARX 020642
CLIRST


CLIMATE REPORT
NATIONAL WEATHER SERVICE LA CROSSE WI
142 AM CDT TUE JUN 2 2015


...................................

...THE ROCHESTER MN CLIMATE SUMMARY FOR JUNE 1 2015...

CLIMATE NORMAL PERIOD 1981 TO 2010
CLIMATE RECORD PERIOD 1886 TO 2015


WEATHER ITEM   OBSERVED TIME   RECORD YEAR NORMAL DEPARTURE LAST
                VALUE   (LST)  VALUE       VALUE  FROM      YEAR
                                                  NORMAL
..................................................................
TEMPERATURE (F)
 YESTERDAY
  MAXIMUM         67    518 PM  95    1934  74     -7       83
  MINIMUM         43    530 AM  37    1946  53    -10       63
  AVERAGE         55                        63     -8       73

PRECIPITATION (IN)
  YESTERDAY        0.00          4.80 2000   0.14  -0.14     0.87
  MONTH TO DATE    0.00                      0.14  -0.14     0.87
  SINCE JUN 1      0.00                      0.14  -0.14     0.87
  SINCE JAN 1     12.61                     10.58   2.03    12.20

SNOWFALL (IN)
  YESTERDAY        0.0           0.0  2012   0.0    0.0      0.0
  MONTH TO DATE    0.0                       0.0    0.0      0.0
  SINCE JUL 1     50.4                      51.9   -1.5     60.5
  SNOW DEPTH       0

DEGREE DAYS
 HEATING
  YESTERDAY       10                         4      6        0
  MONTH TO DATE   10                         4      6        0
  SINCE JUL 1   8058                      7674    384     8906

 COOLING
  YESTERDAY        0                         2     -2        8
  MONTH TO DATE    0                         2     -2        8
  SINCE JAN 1     16                        36    -20       47
..................................................................


WIND (MPH)
  HIGHEST WIND SPEED    16   HIGHEST WIND DIRECTION    SE (150)
  HIGHEST GUST SPEED    20   HIGHEST GUST DIRECTION    SE (140)
  AVERAGE WIND SPEED     9.2


SKY COVER
  POSSIBLE SUNSHINE  MM
  AVERAGE SKY COVER 0.0


WEATHER CONDITIONS
 THE FOLLOWING WEATHER WAS RECORDED YESTERDAY.
  NO SIGNIFICANT WEATHER WAS OBSERVED.


RELATIVE HUMIDITY (PERCENT)
 HIGHEST    89           300 AM
 LOWEST     42          1100 AM
 AVERAGE    66

..........................................................


THE ROCHESTER MN CLIMATE NORMALS FOR TODAY
                         NORMAL    RECORD    YEAR
 MAXIMUM TEMPERATURE (F)   74        94      1934
 MINIMUM TEMPERATURE (F)   53        35      1888


SUNRISE AND SUNSET
JUNE  2 2015..........SUNRISE   530 AM CDT   SUNSET   846 PM CDT
JUNE  3 2015..........SUNRISE   530 AM CDT   SUNSET   847 PM CDT


-  INDICATES NEGATIVE NUMBERS.
R  INDICATES RECORD WAS SET OR TIED.
MM INDICATES DATA IS MISSING.
T  INDICATES TRACE AMOUNT.




$$
