730
CDUS43 KARX 300641
CLIRST


CLIMATE REPORT
NATIONAL WEATHER SERVICE LA CROSSE WI
139 AM CDT SAT APR 30 2016

...THE ROCHESTER MN CLIMATE SUMMARY FOR APRIL 29 2016...

CLIMATE NORMAL PERIOD 1981 TO 2010
CLIMATE RECORD PERIOD 1886 TO 2016

WEATHER ITEM   OBSERVED TIME   RECORD YEAR NORMAL DEPARTURE LAST
                VALUE   (LST)  VALUE       VALUE  FROM      YEAR
                                                  NORMAL
..................................................................
TEMPERATURE (F)
 YESTERDAY
  MAXIMUM         52    321 PM  89    1952  63    -11       66
  MINIMUM         37    617 AM  17    1956  42     -5       42
  AVERAGE         45                        52     -7       54

PRECIPITATION (IN)
  YESTERDAY        0.00          1.34 1984   0.12  -0.12     0.00
  MONTH TO DATE    1.15                      3.11  -1.96     4.93
  SINCE MAR 1      5.13                      4.99   0.14     6.00
  SINCE JAN 1      6.53                      6.68  -0.15     7.36

SNOWFALL (IN)
  YESTERDAY        0.0           7.1  1956   0.1   -0.1      0.0
  MONTH TO DATE    0.5                       3.3   -2.8      1.5
  SINCE JUL 1     47.9                      51.9   -4.0     50.4
  SNOW DEPTH       0

DEGREE DAYS
 HEATING
  YESTERDAY       20                        13      7       11
  MONTH TO DATE  510                       541    -31      502
  SINCE JUL 1   6525                      7413   -888     7800

 COOLING
  YESTERDAY        0                         0      0        0
  MONTH TO DATE    1                         0      1        0
  SINCE JAN 1      1                         0      1        0
..................................................................

WIND (MPH)
  HIGHEST WIND SPEED    17   HIGHEST WIND DIRECTION     N (20)
  HIGHEST GUST SPEED    21   HIGHEST GUST DIRECTION     N (20)
  AVERAGE WIND SPEED     8.2

SKY COVER
  POSSIBLE SUNSHINE  MM
  AVERAGE SKY COVER 0.9

WEATHER CONDITIONS
 THE FOLLOWING WEATHER WAS RECORDED YESTERDAY.
  FOG

RELATIVE HUMIDITY (PERCENT)
 HIGHEST   100          1200 AM
 LOWEST     66           300 PM
 AVERAGE    83
..........................................................

THE ROCHESTER MN CLIMATE NORMALS FOR TODAY
                         NORMAL    RECORD    YEAR
 MAXIMUM TEMPERATURE (F)   64        90      1952
 MINIMUM TEMPERATURE (F)   42        11      1956

SUNRISE AND SUNSET
APRIL 30 2016.........SUNRISE   602 AM CDT   SUNSET   813 PM CDT
MAY  1 2016...........SUNRISE   601 AM CDT   SUNSET   814 PM CDT

-  INDICATES NEGATIVE NUMBERS.
R  INDICATES RECORD WAS SET OR TIED.
MM INDICATES DATA IS MISSING.
T  INDICATES TRACE AMOUNT.

$$

boyne
