925
CDUS43 KARX 090704
CLIRST


CLIMATE REPORT
NATIONAL WEATHER SERVICE LA CROSSE WI
102 AM CST FRI DEC 9 2016

...THE ROCHESTER MN CLIMATE SUMMARY FOR DECEMBER 8 2016...

CLIMATE NORMAL PERIOD 1981 TO 2010
CLIMATE RECORD PERIOD 1886 TO 2016

WEATHER ITEM   OBSERVED TIME   RECORD YEAR NORMAL DEPARTURE LAST
                VALUE   (LST)  VALUE       VALUE  FROM      YEAR
                                                  NORMAL
..................................................................
TEMPERATURE (F)
 YESTERDAY
  MAXIMUM         21    213 PM  58    1946  29     -8       44
  MINIMUM         12    234 AM -18    1947  15     -3       31
  AVERAGE         17                        22     -5       38

PRECIPITATION (IN)
  YESTERDAY        T             0.51 1987   0.05  -0.05     0.02
  MONTH TO DATE    0.40                      0.39   0.01     0.05
  SINCE DEC 1      0.40                      0.39   0.01     0.05
  SINCE JAN 1     41.88                     32.18   9.70    32.44

SNOWFALL (IN)
  YESTERDAY        T             8.3  2009   0.4   -0.4      0.0
  MONTH TO DATE    3.3                       3.3    0.0       T
  SINCE JUL 1      4.3                      10.2   -5.9      2.5
  SNOW DEPTH       1

DEGREE DAYS
 HEATING
  YESTERDAY       48                        43      5       27
  MONTH TO DATE  304                       332    -28      249
  SINCE JUL 1   1439                      2004   -565     1599

 COOLING
  YESTERDAY        0                         0      0        0
  MONTH TO DATE    0                         0      0        0
  SINCE JAN 1    629                       585     44      507
..................................................................

WIND (MPH)
  HIGHEST WIND SPEED    25   HIGHEST WIND DIRECTION     W (280)
  HIGHEST GUST SPEED    32   HIGHEST GUST DIRECTION     W (270)
  AVERAGE WIND SPEED    18.4

SKY COVER
  POSSIBLE SUNSHINE  MM
  AVERAGE SKY COVER 1.0

WEATHER CONDITIONS
 THE FOLLOWING WEATHER WAS RECORDED YESTERDAY.
  LIGHT SNOW
  FOG
  HAZE
  BLOWING SNOW

RELATIVE HUMIDITY (PERCENT)
 HIGHEST    84           200 AM
 LOWEST     76          1200 AM
 AVERAGE    80
..........................................................

THE ROCHESTER MN CLIMATE NORMALS FOR TODAY
                         NORMAL    RECORD    YEAR
 MAXIMUM TEMPERATURE (F)   29        52      1918
 MINIMUM TEMPERATURE (F)   14       -22      1947

SUNRISE AND SUNSET
DECEMBER  9 2016......SUNRISE   733 AM CST   SUNSET   432 PM CST
DECEMBER 10 2016......SUNRISE   734 AM CST   SUNSET   432 PM CST

-  INDICATES NEGATIVE NUMBERS.
R  INDICATES RECORD WAS SET OR TIED.
MM INDICATES DATA IS MISSING.
T  INDICATES TRACE AMOUNT.

$$

BOYNE
