000
CDUS43 KARX 200641
CLIRST


CLIMATE REPORT
NATIONAL WEATHER SERVICE LA CROSSE WI
1241 AM CST SAT DEC 20 2014


...................................

...THE ROCHESTER MN CLIMATE SUMMARY FOR DECEMBER 19 2014...

CLIMATE NORMAL PERIOD 1981 TO 2010
CLIMATE RECORD PERIOD 1886 TO 2014


WEATHER ITEM   OBSERVED TIME   RECORD YEAR NORMAL DEPARTURE LAST
                VALUE   (LST)  VALUE       VALUE  FROM      YEAR
                                                  NORMAL
..................................................................
TEMPERATURE (F)
 YESTERDAY
  MAXIMUM         28    535 PM  50    1890  26      2       27
  MINIMUM         20    107 AM -33    1983  11      9       20
  AVERAGE         24                        18      6       24

PRECIPITATION (IN)
  YESTERDAY        0.00          0.53 1939   0.04  -0.04      T
  MONTH TO DATE    0.20                      0.84  -0.64     0.73
  SINCE DEC 1      0.20                      0.84  -0.64     0.73
  SINCE JAN 1     33.21                     32.63   0.58    41.39

SNOWFALL (IN)
  YESTERDAY        0.0           5.4  2008   0.4   -0.4      0.0
  MONTH TO DATE    0.1                       8.0   -7.9      5.1
  SINCE JUL 1      9.3                      14.9   -5.6      6.4
  SNOW DEPTH       0

DEGREE DAYS
 HEATING
  YESTERDAY       41                        47     -6       41
  MONTH TO DATE  742                       830    -88      957
  SINCE JUL 1   2689                      2502    187     2650

 COOLING
  YESTERDAY        0                         0      0        0
  MONTH TO DATE    0                         0      0        0
  SINCE JAN 1    491                       585    -94      656
..................................................................


WIND (MPH)
  HIGHEST WIND SPEED    14   HIGHEST WIND DIRECTION     S (160)
  HIGHEST GUST SPEED    17   HIGHEST GUST DIRECTION     S (160)
  AVERAGE WIND SPEED     8.7


SKY COVER
  POSSIBLE SUNSHINE  MM
  AVERAGE SKY COVER 1.0


WEATHER CONDITIONS
 THE FOLLOWING WEATHER WAS RECORDED YESTERDAY.
  FOG
  HAZE


RELATIVE HUMIDITY (PERCENT)
 HIGHEST    91           100 AM
 LOWEST     75          1100 AM
 AVERAGE    83

..........................................................


THE ROCHESTER MN CLIMATE NORMALS FOR TODAY
                         NORMAL    RECORD    YEAR
 MAXIMUM TEMPERATURE (F)   26        48      1967
 MINIMUM TEMPERATURE (F)   11       -26      1983


SUNRISE AND SUNSET
DECEMBER 20 2014......SUNRISE   741 AM CST   SUNSET   435 PM CST
DECEMBER 21 2014......SUNRISE   741 AM CST   SUNSET   435 PM CST


-  INDICATES NEGATIVE NUMBERS.
R  INDICATES RECORD WAS SET OR TIED.
MM INDICATES DATA IS MISSING.
T  INDICATES TRACE AMOUNT.




$$
