000
CDUS43 KARX 140656
CLIRST


CLIMATE REPORT
NATIONAL WEATHER SERVICE LA CROSSE WI
148 AM CDT SAT OCT 14 2017

...THE ROCHESTER MN CLIMATE SUMMARY FOR OCTOBER 13 2017...

CLIMATE NORMAL PERIOD 1981 TO 2010
CLIMATE RECORD PERIOD 1886 TO 2017

WEATHER ITEM   OBSERVED TIME   RECORD YEAR NORMAL DEPARTURE LAST
                VALUE   (LST)  VALUE       VALUE  FROM      YEAR
                                                  NORMAL
..................................................................
TEMPERATURE (F)
 YESTERDAY
  MAXIMUM         57   1003 AM  85    1975  60     -3       53
  MINIMUM         43   1159 PM  15    1917  39      4       29
  AVERAGE         50                        50      0       41

PRECIPITATION (IN)
  YESTERDAY        0.08          1.74 1956   0.07   0.01     0.00
  MONTH TO DATE    4.19                      1.08   3.11     0.66
  SINCE SEP 1      6.36                      4.53   1.83     9.76
  SINCE JAN 1     30.86                     28.72   2.14    38.03

SNOWFALL (IN)
  YESTERDAY        0.0           0.5  2009   0.0    0.0      0.0
  MONTH TO DATE    0.0                       0.1   -0.1      0.0
  SINCE JUL 1      0.0                       0.1   -0.1      0.0
  SNOW DEPTH       0

DEGREE DAYS
 HEATING
  YESTERDAY       15                        16     -1       24
  MONTH TO DATE  127                       176    -49      137
  SINCE JUL 1    279                       391   -112      214

 COOLING
  YESTERDAY        0                         0      0        0
  MONTH TO DATE    1                         4     -3        1
  SINCE JAN 1    494                       583    -89      629
..................................................................

WIND (MPH)
  HIGHEST WIND SPEED    17   HIGHEST WIND DIRECTION     W (280)
  HIGHEST GUST SPEED    22   HIGHEST GUST DIRECTION     S (200)
  AVERAGE WIND SPEED     6.7

SKY COVER
  POSSIBLE SUNSHINE  MM
  AVERAGE SKY COVER 0.6

WEATHER CONDITIONS
 THE FOLLOWING WEATHER WAS RECORDED YESTERDAY.
  LIGHT RAIN
  FOG

RELATIVE HUMIDITY (PERCENT)
 HIGHEST   100           700 AM
 LOWEST     71           500 PM
 AVERAGE    86

..........................................................

THE ROCHESTER MN CLIMATE NORMALS FOR TODAY
                         NORMAL    RECORD    YEAR
 MAXIMUM TEMPERATURE (F)   60        87      1947
 MINIMUM TEMPERATURE (F)   39        15      1917

SUNRISE AND SUNSET
OCTOBER 14 2017.......SUNRISE   724 AM CDT   SUNSET   627 PM CDT
OCTOBER 15 2017.......SUNRISE   725 AM CDT   SUNSET   626 PM CDT

-  INDICATES NEGATIVE NUMBERS.
R  INDICATES RECORD WAS SET OR TIED.
MM INDICATES DATA IS MISSING.
T  INDICATES TRACE AMOUNT.

$$

Boyne
