000
CDUS43 KARX 162134
CLIRST


CLIMATE REPORT
NATIONAL WEATHER SERVICE LA CROSSE WI
434 PM CDT THU OCT 16 2014


...................................

...THE ROCHESTER MN CLIMATE SUMMARY FOR OCTOBER 16 2014...
VALID TODAY AS OF 0400 PM LOCAL TIME.

CLIMATE NORMAL PERIOD 1981 TO 2010
CLIMATE RECORD PERIOD 1886 TO 2014


WEATHER ITEM   OBSERVED TIME   RECORD YEAR NORMAL DEPARTURE LAST
                VALUE   (LST)  VALUE       VALUE  FROM      YEAR
                                                  NORMAL
..................................................................
TEMPERATURE (F)
 TODAY
  MAXIMUM         72    247 PM  84    1953  59     13       48
  MINIMUM         34    636 AM  21    1937  38     -4       35
  AVERAGE         53                        48      5       42

PRECIPITATION (IN)
  TODAY            0.00          2.35 1911   0.06  -0.06     0.01
  MONTH TO DATE    2.08                      1.28   0.80     2.93
  SINCE SEP 1      5.62                      4.73   0.89     4.15
  SINCE JAN 1     31.04                     28.92   2.12    38.85

SNOWFALL (IN)
  TODAY            0.0           0.5  1937   0.0    0.0      0.0
  MONTH TO DATE    T                         0.2   -0.2      0.0
  SINCE JUL 1      T                         0.2   -0.2      0.0
  SNOW DEPTH       0

DEGREE DAYS
 HEATING
  TODAY           12                        17     -5       23
  MONTH TO DATE  271                       225     46      153
  SINCE JUL 1    476                       440     36      307

 COOLING
  TODAY            0                         0      0        0
  MONTH TO DATE    0                         4     -4        0
  SINCE JAN 1    491                       583    -92      656
..................................................................


WIND (MPH)
  HIGHEST WIND SPEED    21   HIGHEST WIND DIRECTION    SW (220)
  HIGHEST GUST SPEED    27   HIGHEST GUST DIRECTION    SW (220)
  AVERAGE WIND SPEED     9.1


SKY COVER
  POSSIBLE SUNSHINE  MM
  AVERAGE SKY COVER 0.0


WEATHER CONDITIONS
 THE FOLLOWING WEATHER WAS RECORDED TODAY.
  FOG
  HAZE


RELATIVE HUMIDITY (PERCENT)
 HIGHEST    92           700 AM
 LOWEST     31           100 PM
 AVERAGE    62

..........................................................


THE ROCHESTER MN CLIMATE NORMALS FOR TOMORROW
                         NORMAL    RECORD    YEAR
 MAXIMUM TEMPERATURE (F)   58        85      1910
 MINIMUM TEMPERATURE (F)   38        18      1976
                                             1919


SUNRISE AND SUNSET
OCTOBER 16 2014.......SUNRISE   726 AM CDT   SUNSET   625 PM CDT
OCTOBER 17 2014.......SUNRISE   727 AM CDT   SUNSET   623 PM CDT


-  INDICATES NEGATIVE NUMBERS.
R  INDICATES RECORD WAS SET OR TIED.
MM INDICATES DATA IS MISSING.
T  INDICATES TRACE AMOUNT.




$$
