000
CDUS43 KARX 160822
CLIRST

CLIMATE REPORT...CORRECTED SNOW DEPTH
NATIONAL WEATHER SERVICE LA CROSSE WI
136 AM CST SUN NOV 16 2014

...THE ROCHESTER MN CLIMATE SUMMARY FOR NOVEMBER 15 2014...

CLIMATE NORMAL PERIOD 1981 TO 2010
CLIMATE RECORD PERIOD 1886 TO 2014

WEATHER ITEM   OBSERVED TIME   RECORD YEAR NORMAL DEPARTURE LAST
                VALUE   (LST)  VALUE       VALUE  FROM      YEAR
                                                  NORMAL
..................................................................
TEMPERATURE (F)
 YESTERDAY
  MAXIMUM         21    315 PM  67    2001  42    -21       53
                                      1953
  MINIMUM          3   1257 AM  -5    1915  27    -24       28
  AVERAGE         12                        34    -22       41

PRECIPITATION (IN)
  YESTERDAY        0.15          0.98 1988   0.07   0.08     0.00
  MONTH TO DATE    0.43                      0.99  -0.56     1.35
  SINCE SEP 1      6.34                      6.68  -0.34     5.55
  SINCE JAN 1     31.76                     30.87   0.89    40.25

SNOWFALL (IN)
  YESTERDAY        2.5           5.0  1911   0.2    2.3      0.0
  MONTH TO DATE    4.2                       2.0    2.2      0.5
  SINCE JUL 1      4.2                       2.8    1.4      0.5
  SNOW DEPTH       2

DEGREE DAYS
 HEATING
  YESTERDAY       53                        31     22       24
  MONTH TO DATE  510                       404    106      441
  SINCE JUL 1   1255                      1140    115     1124

 COOLING
  YESTERDAY        0                         0      0        0
  MONTH TO DATE    0                         0      0        0
  SINCE JAN 1    491                       585    -94      656
..................................................................

WIND (MPH)
  HIGHEST WIND SPEED    15   HIGHEST WIND DIRECTION     S (200)
  HIGHEST GUST SPEED    17   HIGHEST GUST DIRECTION    SW (210)
  AVERAGE WIND SPEED     7.0

SKY COVER
  POSSIBLE SUNSHINE  MM
  AVERAGE SKY COVER 0.9

WEATHER CONDITIONS
 THE FOLLOWING WEATHER WAS RECORDED YESTERDAY.
  LIGHT SNOW
  FOG
  HAZE

RELATIVE HUMIDITY (PERCENT)
 HIGHEST    92           400 AM
 LOWEST     77          1100 AM
 AVERAGE    85
..........................................................

THE ROCHESTER MN CLIMATE NORMALS FOR TODAY
                         NORMAL    RECORD    YEAR
 MAXIMUM TEMPERATURE (F)   41        71      1953
 MINIMUM TEMPERATURE (F)   26        -6      1933

SUNRISE AND SUNSET
NOVEMBER 16 2014......SUNRISE   706 AM CST   SUNSET   443 PM CST
NOVEMBER 17 2014......SUNRISE   707 AM CST   SUNSET   442 PM CST

-  INDICATES NEGATIVE NUMBERS.
R  INDICATES RECORD WAS SET OR TIED.
MM INDICATES DATA IS MISSING.
T  INDICATES TRACE AMOUNT.

$$

BOYNE
