000
CDUS43 KARX 210639
CLIRST


CLIMATE REPORT
NATIONAL WEATHER SERVICE LA CROSSE WI
138 AM CDT FRI APR 21 2017


...................................

...THE ROCHESTER MN CLIMATE SUMMARY FOR APRIL 20 2017...

CLIMATE NORMAL PERIOD 1981 TO 2010
CLIMATE RECORD PERIOD 1886 TO 2017


WEATHER ITEM   OBSERVED TIME   RECORD YEAR NORMAL DEPARTURE LAST
                VALUE   (LST)  VALUE       VALUE  FROM      YEAR
                                                  NORMAL
..................................................................
TEMPERATURE (F)
 YESTERDAY
  MAXIMUM         48    428 AM  85    1987  60    -12       63
  MINIMUM         38   1152 PM  21    1956  38      0       48
  AVERAGE         43                        49     -6       56

PRECIPITATION (IN)
  YESTERDAY        0.08          1.40 1893   0.12  -0.04     0.29
  MONTH TO DATE    3.49                      2.03   1.46     0.55
  SINCE MAR 1      6.36                      3.91   2.45     4.53
  SINCE JAN 1     10.14                      5.60   4.54     5.93

SNOWFALL (IN)
  YESTERDAY        0.0          14.0  1893   0.1   -0.1      0.0
  MONTH TO DATE    T                         2.6   -2.6      0.5
  SINCE JUL 1     52.7                      51.2    1.5     47.9
  SNOW DEPTH       0

DEGREE DAYS
 HEATING
  YESTERDAY       22                        16      6        9
  MONTH TO DATE  324                       413    -89      386
  SINCE JUL 1   6405                      7285   -880     6401

 COOLING
  YESTERDAY        0                         0      0        0
  MONTH TO DATE    0                         0      0        1
  SINCE JAN 1      0                         0      0        1
..................................................................


WIND (MPH)
  HIGHEST WIND SPEED    25   HIGHEST WIND DIRECTION    NW (310)
  HIGHEST GUST SPEED    31   HIGHEST GUST DIRECTION    NW (320)
  AVERAGE WIND SPEED    14.1


SKY COVER
  POSSIBLE SUNSHINE  MM
  AVERAGE SKY COVER 0.9


WEATHER CONDITIONS
 THE FOLLOWING WEATHER WAS RECORDED YESTERDAY.
  LIGHT RAIN
  FOG


RELATIVE HUMIDITY (PERCENT)
 HIGHEST   100           100 AM
 LOWEST     83           200 PM
 AVERAGE    92

..........................................................


THE ROCHESTER MN CLIMATE NORMALS FOR TODAY
                         NORMAL    RECORD    YEAR
 MAXIMUM TEMPERATURE (F)   60        91      1980
 MINIMUM TEMPERATURE (F)   39        18      1934


SUNRISE AND SUNSET
APRIL 21 2017.........SUNRISE   617 AM CDT   SUNSET   801 PM CDT
APRIL 22 2017.........SUNRISE   615 AM CDT   SUNSET   803 PM CDT


-  INDICATES NEGATIVE NUMBERS.
R  INDICATES RECORD WAS SET OR TIED.
MM INDICATES DATA IS MISSING.
T  INDICATES TRACE AMOUNT.




$$
