000
CDUS43 KARX 071136 CCA
CLIRST

CLIMATE REPORT...CORRECTED SNOW DEPTH
NATIONAL WEATHER SERVICE LA CROSSE WI
1252 AM CST WED FEB 7 2018


...................................

...THE ROCHESTER MN CLIMATE SUMMARY FOR FEBRUARY 6 2018...

CLIMATE NORMAL PERIOD 1981 TO 2010
CLIMATE RECORD PERIOD 1886 TO 2018


WEATHER ITEM   OBSERVED TIME   RECORD YEAR NORMAL DEPARTURE LAST
                VALUE   (LST)  VALUE       VALUE  FROM      YEAR
                                                  NORMAL
..................................................................
TEMPERATURE (F)
 YESTERDAY
  MAXIMUM          6   1159 PM  43    1987  26    -20       36
  MINIMUM        -11    726 AM -28    1936  10    -21       12
  AVERAGE         -2                        18    -20       24

PRECIPITATION (IN)
  YESTERDAY        T             0.40 1911   0.03  -0.03     0.00
  MONTH TO DATE    0.14                      0.16  -0.02     0.01
  SINCE DEC 1      2.07                      2.25  -0.18     4.20
  SINCE JAN 1      1.56                      1.02   0.54     2.13

SNOWFALL (IN)
  YESTERDAY        0.1           6.0  2007   0.3   -0.2      0.0
  MONTH TO DATE    2.5                       2.1    0.4      0.2
  SINCE JUL 1     29.2                      33.5   -4.3     34.1
  SNOW DEPTH       5

DEGREE DAYS
 HEATING
  YESTERDAY       67                        47     20       41
  MONTH TO DATE  353                       287     66      292
  SINCE JUL 1   4938                      4895     43     4295

 COOLING
  YESTERDAY        0                         0      0        0
  MONTH TO DATE    0                         0      0        0
  SINCE JAN 1      0                         0      0        0
..................................................................


WIND (MPH)
  HIGHEST WIND SPEED    14   HIGHEST WIND DIRECTION    NW (330)
  HIGHEST GUST SPEED    17   HIGHEST GUST DIRECTION    NW (320)
  AVERAGE WIND SPEED     6.4


SKY COVER
  POSSIBLE SUNSHINE  MM
  AVERAGE SKY COVER 0.4


WEATHER CONDITIONS
 THE FOLLOWING WEATHER WAS RECORDED YESTERDAY.
  LIGHT SNOW
  FOG


RELATIVE HUMIDITY (PERCENT)
 HIGHEST    92           400 AM
 LOWEST     62           100 PM
 AVERAGE    77

..........................................................


THE ROCHESTER MN CLIMATE NORMALS FOR TODAY
                         NORMAL    RECORD    YEAR
 MAXIMUM TEMPERATURE (F)   26        52      1987
 MINIMUM TEMPERATURE (F)   10       -21      1972
                                             1971


SUNRISE AND SUNSET
FEBRUARY  7 2018......SUNRISE   720 AM CST   SUNSET   529 PM CST
FEBRUARY  8 2018......SUNRISE   719 AM CST   SUNSET   530 PM CST


-  INDICATES NEGATIVE NUMBERS.
R  INDICATES RECORD WAS SET OR TIED.
MM INDICATES DATA IS MISSING.
T  INDICATES TRACE AMOUNT.




$$
