000
CDUS43 KARX 150702
CLIRST


CLIMATE REPORT
NATIONAL WEATHER SERVICE LA CROSSE WI
100 AM CST SAT NOV 15 2014

...THE ROCHESTER MN CLIMATE SUMMARY FOR NOVEMBER 14 2014...

CLIMATE NORMAL PERIOD 1981 TO 2010
CLIMATE RECORD PERIOD 1886 TO 2014

WEATHER ITEM   OBSERVED TIME   RECORD YEAR NORMAL DEPARTURE LAST
                VALUE   (LST)  VALUE       VALUE  FROM      YEAR
                                                  NORMAL
..................................................................
TEMPERATURE (F)
 YESTERDAY
  MAXIMUM         18    341 PM  68    1990  43    -25       42
  MINIMUM          4   1102 PM  -5    1916  27    -23       32
  AVERAGE         11                        35    -24       37

PRECIPITATION (IN)
  YESTERDAY        T             0.88 1973   0.06  -0.06     0.01
  MONTH TO DATE    0.28                      0.92  -0.64     1.35
  SINCE SEP 1      6.19                      6.61  -0.42     5.55
  SINCE JAN 1     31.61                     30.80   0.81    40.25

SNOWFALL (IN)
  YESTERDAY        T             8.0  1915   0.2   -0.2      0.0
  MONTH TO DATE    1.7                       1.8   -0.1      0.5
  SINCE JUL 1      1.7                       2.6   -0.9      0.5
  SNOW DEPTH       2

DEGREE DAYS
 HEATING
  YESTERDAY       54                        30     24       28
  MONTH TO DATE  457                       373     84      417
  SINCE JUL 1   1202                      1109     93     1100

 COOLING
  YESTERDAY        0                         0      0        0
  MONTH TO DATE    0                         0      0        0
  SINCE JAN 1    491                       585    -94      656
..................................................................

WIND (MPH)
  HIGHEST WIND SPEED    13   HIGHEST WIND DIRECTION    NW (310)
  HIGHEST GUST SPEED    15   HIGHEST GUST DIRECTION    NW (310)
  AVERAGE WIND SPEED     7.4

SKY COVER
  POSSIBLE SUNSHINE  MM
  AVERAGE SKY COVER 0.4

WEATHER CONDITIONS
 THE FOLLOWING WEATHER WAS RECORDED YESTERDAY.
  LIGHT SNOW
  FOG
  HAZE

RELATIVE HUMIDITY (PERCENT)
 HIGHEST    96           400 AM
 LOWEST     67           200 PM
 AVERAGE    82
..........................................................

THE ROCHESTER MN CLIMATE NORMALS FOR TODAY
                         NORMAL    RECORD    YEAR
 MAXIMUM TEMPERATURE (F)   42        67      2001
                                             1953
 MINIMUM TEMPERATURE (F)   27        -5      1915

SUNRISE AND SUNSET
NOVEMBER 15 2014......SUNRISE   705 AM CST   SUNSET   444 PM CST
NOVEMBER 16 2014......SUNRISE   706 AM CST   SUNSET   443 PM CST

-  INDICATES NEGATIVE NUMBERS.
R  INDICATES RECORD WAS SET OR TIED.
MM INDICATES DATA IS MISSING.
T  INDICATES TRACE AMOUNT.

$$

BOYNE
