138
CDUS43 KARX 222132
CLIRST


CLIMATE REPORT
NATIONAL WEATHER SERVICE LA CROSSE WI
431 PM CDT WED MAR 22 2017


...................................

...THE ROCHESTER MN CLIMATE SUMMARY FOR MARCH 22 2017...
VALID TODAY AS OF 0400 PM LOCAL TIME.

CLIMATE NORMAL PERIOD 1981 TO 2010
CLIMATE RECORD PERIOD 1886 TO 2017


WEATHER ITEM   OBSERVED TIME   RECORD YEAR NORMAL DEPARTURE LAST
                VALUE   (LST)  VALUE       VALUE  FROM      YEAR
                                                  NORMAL
..................................................................
TEMPERATURE (F)
 TODAY
  MAXIMUM         37    244 PM  77    1938  44     -7       59
  MINIMUM         18    613 AM -12    1888  27     -9       38
  AVERAGE         28                        35     -7       49

PRECIPITATION (IN)
  TODAY            0.00          2.20 2011   0.07  -0.07     0.00
  MONTH TO DATE    1.44                      1.21   0.23     1.52
  SINCE MAR 1      1.44                      1.21   0.23     1.52
  SINCE JAN 1      5.22                      2.90   2.32     2.92

SNOWFALL (IN)
  TODAY            0.0          10.2  1952   0.2   -0.2      0.0
  MONTH TO DATE    8.4                       6.8    1.6      4.3
  SINCE JUL 1     52.7                      46.7    6.0     36.8
  SNOW DEPTH       0

DEGREE DAYS
 HEATING
  TODAY           37                        30      7       16
  MONTH TO DATE  813                       764     49      580
  SINCE JUL 1   5857                      6625   -768     5780

 COOLING
  TODAY            0                         0      0        0
  MONTH TO DATE    0                         0      0        0
  SINCE JAN 1      0                         0      0        0
..................................................................


WIND (MPH)
  HIGHEST WIND SPEED    21   HIGHEST WIND DIRECTION    SE (120)
  HIGHEST GUST SPEED    24   HIGHEST GUST DIRECTION    SE (120)
  AVERAGE WIND SPEED    11.0


SKY COVER
  POSSIBLE SUNSHINE  MM
  AVERAGE SKY COVER 0.0


WEATHER CONDITIONS
 THE FOLLOWING WEATHER WAS RECORDED TODAY.
  NO SIGNIFICANT WEATHER WAS OBSERVED.


RELATIVE HUMIDITY (PERCENT)
 HIGHEST    67           400 AM
 LOWEST     38           200 PM
 AVERAGE    53

..........................................................


THE ROCHESTER MN CLIMATE NORMALS FOR TOMORROW
                         NORMAL    RECORD    YEAR
 MAXIMUM TEMPERATURE (F)   44        72      1945
 MINIMUM TEMPERATURE (F)   27        -8      1888


SUNRISE AND SUNSET
MARCH 22 2017.........SUNRISE   709 AM CDT   SUNSET   725 PM CDT
MARCH 23 2017.........SUNRISE   707 AM CDT   SUNSET   726 PM CDT


-  INDICATES NEGATIVE NUMBERS.
R  INDICATES RECORD WAS SET OR TIED.
MM INDICATES DATA IS MISSING.
T  INDICATES TRACE AMOUNT.




$$
