000
CDUS43 KARX 230646
CLIRST


CLIMATE REPORT
NATIONAL WEATHER SERVICE LA CROSSE WI
145 AM CDT SUN AUG 23 2015

...THE ROCHESTER MN CLIMATE SUMMARY FOR AUGUST 22 2015...

CLIMATE NORMAL PERIOD 1981 TO 2010
CLIMATE RECORD PERIOD 1886 TO 2015

WEATHER ITEM   OBSERVED TIME   RECORD YEAR NORMAL DEPARTURE LAST
                VALUE   (LST)  VALUE       VALUE  FROM      YEAR
                                                  NORMAL
..................................................................
TEMPERATURE (F)
 YESTERDAY
  MAXIMUM         77    415 PM  96    1916  78     -1       84
  MINIMUM         60    556 AM  38    1920  59      1       70
  AVERAGE         69                        69      0       77

PRECIPITATION (IN)
  YESTERDAY        0.17          2.43 1973   0.15   0.02     0.00
  MONTH TO DATE    2.26                      3.25  -0.99     2.20
  SINCE JUN 1     11.66                     12.48  -0.82    11.70
  SINCE JAN 1     24.27                     22.92   1.35    23.03

SNOWFALL (IN)
  YESTERDAY        0.0           0.0  2012   0.0    0.0      0.0
  MONTH TO DATE    0.0                       0.0    0.0      0.0
  SINCE JUL 1      0.0                       0.0    0.0      0.0
  SNOW DEPTH       0

DEGREE DAYS
 HEATING
  YESTERDAY        0                         1     -1        0
  MONTH TO DATE   12                        19     -7        0
  SINCE JUL 1     29                        30     -1       22

 COOLING
  YESTERDAY        4                         5     -1       12
  MONTH TO DATE   90                       120    -30      125
  SINCE JAN 1    367                       491   -124      405
..................................................................

WIND (MPH)
  HIGHEST WIND SPEED    31   HIGHEST WIND DIRECTION     S (170)
  HIGHEST GUST SPEED    44   HIGHEST GUST DIRECTION     S (180)
  AVERAGE WIND SPEED    17.5

SKY COVER
  POSSIBLE SUNSHINE  MM
  AVERAGE SKY COVER 0.3

WEATHER CONDITIONS
 THE FOLLOWING WEATHER WAS RECORDED YESTERDAY.
  THUNDERSTORM
  RAIN
  LIGHT RAIN
  FOG

RELATIVE HUMIDITY (PERCENT)
 HIGHEST    90           400 AM
 LOWEST     64           100 PM
 AVERAGE    77
..........................................................

THE ROCHESTER MN CLIMATE NORMALS FOR TODAY
                         NORMAL    RECORD    YEAR
 MAXIMUM TEMPERATURE (F)   78       100      1948
 MINIMUM TEMPERATURE (F)   59        37      1920

SUNRISE AND SUNSET
AUGUST 23 2015........SUNRISE   623 AM CDT   SUNSET   802 PM CDT
AUGUST 24 2015........SUNRISE   624 AM CDT   SUNSET   800 PM CDT

-  INDICATES NEGATIVE NUMBERS.
R  INDICATES RECORD WAS SET OR TIED.
MM INDICATES DATA IS MISSING.
T  INDICATES TRACE AMOUNT.

$$

BOYNE
