000
CDUS43 KARX 130638
CLIRST


CLIMATE REPORT
NATIONAL WEATHER SERVICE LA CROSSE WI
136 AM CDT SAT AUG 13 2016


...................................

...THE ROCHESTER MN CLIMATE SUMMARY FOR AUGUST 12 2016...

CLIMATE NORMAL PERIOD 1981 TO 2010
CLIMATE RECORD PERIOD 1886 TO 2016


WEATHER ITEM   OBSERVED TIME   RECORD YEAR NORMAL DEPARTURE LAST
                VALUE   (LST)  VALUE       VALUE  FROM      YEAR
                                                  NORMAL
..................................................................
TEMPERATURE (F)
 YESTERDAY
  MAXIMUM         79   1040 AM  95    1947  80     -1       79
  MINIMUM         67    753 PM  43    1946  60      7       54
  AVERAGE         73                        70      3       67

PRECIPITATION (IN)
  YESTERDAY        0.56          2.04 1909   0.15   0.41     0.00
  MONTH TO DATE    2.66                      1.73   0.93     0.06
  SINCE JUN 1     13.50                     10.96   2.54     9.46
  SINCE JAN 1     25.19                     21.40   3.79    22.07

SNOWFALL (IN)
  YESTERDAY        0.0           0.0  2012   0.0    0.0      0.0
  MONTH TO DATE    0.0                       0.0    0.0      0.0
  SINCE JUL 1      0.0                       0.0    0.0      0.0
  SNOW DEPTH       0

DEGREE DAYS
 HEATING
  YESTERDAY        0                         1     -1        0
  MONTH TO DATE    0                         9     -9        2
  SINCE JUL 1      4                        20    -16       19

 COOLING
  YESTERDAY        8                         5      3        2
  MONTH TO DATE   91                        70     21       43
  SINCE JAN 1    491                       441     50      320
..................................................................


WIND (MPH)
  HIGHEST WIND SPEED    14   HIGHEST WIND DIRECTION     N (360)
  HIGHEST GUST SPEED    17   HIGHEST GUST DIRECTION     N (350)
  AVERAGE WIND SPEED     5.4


SKY COVER
  POSSIBLE SUNSHINE  MM
  AVERAGE SKY COVER 0.9


WEATHER CONDITIONS
 THE FOLLOWING WEATHER WAS RECORDED YESTERDAY.
  HEAVY RAIN
  RAIN
  LIGHT RAIN
  FOG


RELATIVE HUMIDITY (PERCENT)
 HIGHEST   100           100 AM
 LOWEST     74          1000 AM
 AVERAGE    87

..........................................................


THE ROCHESTER MN CLIMATE NORMALS FOR TODAY
                         NORMAL    RECORD    YEAR
 MAXIMUM TEMPERATURE (F)   79        96      1918
 MINIMUM TEMPERATURE (F)   60        40      1933


SUNRISE AND SUNSET
AUGUST 13 2016........SUNRISE   612 AM CDT   SUNSET   816 PM CDT
AUGUST 14 2016........SUNRISE   613 AM CDT   SUNSET   815 PM CDT


-  INDICATES NEGATIVE NUMBERS.
R  INDICATES RECORD WAS SET OR TIED.
MM INDICATES DATA IS MISSING.
T  INDICATES TRACE AMOUNT.




$$
