000
CDUS43 KARX 120631
CLIRST


CLIMATE REPORT
NATIONAL WEATHER SERVICE LA CROSSE WI
130 AM CDT MON JUN 12 2017


...................................

...THE ROCHESTER MN CLIMATE SUMMARY FOR JUNE 11 2017...

CLIMATE NORMAL PERIOD 1981 TO 2010
CLIMATE RECORD PERIOD 1886 TO 2017


WEATHER ITEM   OBSERVED TIME   RECORD YEAR NORMAL DEPARTURE LAST
                VALUE   (LST)  VALUE       VALUE  FROM      YEAR
                                                  NORMAL
..................................................................
TEMPERATURE (F)
 YESTERDAY
  MAXIMUM         96R   332 PM  92    2001  77     19       89
                                      1956
  MINIMUM         65   1029 AM  34    1936  56      9       67
  AVERAGE         81                        66     15       78

PRECIPITATION (IN)
  YESTERDAY        0.01          3.67 1929   0.16  -0.15     0.00
  MONTH TO DATE    0.07                      1.68  -1.61     2.50
  SINCE JUN 1      0.07                      1.68  -1.61     2.50
  SINCE JAN 1     14.34                     12.12   2.22    14.19

SNOWFALL (IN)
  YESTERDAY        0.0           0.0  2012   0.0    0.0      0.0
  MONTH TO DATE    0.0                       0.0    0.0      0.0
  SINCE JUL 1     52.7                      51.9    0.8     47.9
  SNOW DEPTH       0

DEGREE DAYS
 HEATING
  YESTERDAY        0                         2     -2        0
  MONTH TO DATE    2                        33    -31       15
  SINCE JUL 1   6870                      7703   -833     6790

 COOLING
  YESTERDAY       16                         4     12       13
  MONTH TO DATE   85                        30     55       43
  SINCE JAN 1    105                        64     41       91
..................................................................


WIND (MPH)
  HIGHEST WIND SPEED    32   HIGHEST WIND DIRECTION     S (200)
  HIGHEST GUST SPEED    42   HIGHEST GUST DIRECTION    SW (220)
  AVERAGE WIND SPEED    13.3


SKY COVER
  POSSIBLE SUNSHINE  MM
  AVERAGE SKY COVER 0.6


WEATHER CONDITIONS
 THE FOLLOWING WEATHER WAS RECORDED YESTERDAY.
  THUNDERSTORM
  LIGHT RAIN
  HAZE


RELATIVE HUMIDITY (PERCENT)
 HIGHEST    93          1100 AM
 LOWEST     39           300 PM
 AVERAGE    66

..........................................................


THE ROCHESTER MN CLIMATE NORMALS FOR TODAY
                         NORMAL    RECORD    YEAR
 MAXIMUM TEMPERATURE (F)   77        95      1953
 MINIMUM TEMPERATURE (F)   56        40      1936


SUNRISE AND SUNSET
JUNE 12 2017..........SUNRISE   527 AM CDT   SUNSET   853 PM CDT
JUNE 13 2017..........SUNRISE   527 AM CDT   SUNSET   854 PM CDT


-  INDICATES NEGATIVE NUMBERS.
R  INDICATES RECORD WAS SET OR TIED.
MM INDICATES DATA IS MISSING.
T  INDICATES TRACE AMOUNT.




$$
