000
CDUS43 KARX 100647
CLIRST


CLIMATE REPORT
NATIONAL WEATHER SERVICE LA CROSSE WI
146 AM CDT TUE OCT 10 2017


...................................

...THE ROCHESTER MN CLIMATE SUMMARY FOR OCTOBER 9 2017...

CLIMATE NORMAL PERIOD 1981 TO 2010
CLIMATE RECORD PERIOD 1886 TO 2017


WEATHER ITEM   OBSERVED TIME   RECORD YEAR NORMAL DEPARTURE LAST
                VALUE   (LST)  VALUE       VALUE  FROM      YEAR
                                                  NORMAL
..................................................................
TEMPERATURE (F)
 YESTERDAY
  MAXIMUM         61    111 PM  90    2010  62     -1       61
  MINIMUM         43   1159 PM  21    1915  41      2       35
  AVERAGE         52                        51      1       48

PRECIPITATION (IN)
  YESTERDAY        T             1.18 1968   0.07  -0.07     0.00
  MONTH TO DATE    3.77                      0.80   2.97     0.52
  SINCE SEP 1      5.94                      4.25   1.69     9.62
  SINCE JAN 1     30.44                     28.44   2.00    37.89

SNOWFALL (IN)
  YESTERDAY        0.0           T    1967   0.0    0.0      0.0
                                      1932
  MONTH TO DATE    0.0                       0.1   -0.1      0.0
  SINCE JUL 1      0.0                       0.1   -0.1      0.0
  SNOW DEPTH       0

DEGREE DAYS
 HEATING
  YESTERDAY       13                        14     -1       17
  MONTH TO DATE   65                       115    -50       84
  SINCE JUL 1    217                       330   -113      161

 COOLING
  YESTERDAY        0                         0      0        0
  MONTH TO DATE    1                         4     -3        1
  SINCE JAN 1    494                       583    -89      629
..................................................................


WIND (MPH)
  HIGHEST WIND SPEED    22   HIGHEST WIND DIRECTION    NW (320)
  HIGHEST GUST SPEED    27   HIGHEST GUST DIRECTION    NW (320)
  AVERAGE WIND SPEED    13.0


SKY COVER
  POSSIBLE SUNSHINE  MM
  AVERAGE SKY COVER 0.4


WEATHER CONDITIONS
 THE FOLLOWING WEATHER WAS RECORDED YESTERDAY.
  NO SIGNIFICANT WEATHER WAS OBSERVED.


RELATIVE HUMIDITY (PERCENT)
 HIGHEST    76           700 AM
 LOWEST     36           200 PM
 AVERAGE    56

..........................................................


THE ROCHESTER MN CLIMATE NORMALS FOR TODAY
                         NORMAL    RECORD    YEAR
 MAXIMUM TEMPERATURE (F)   61        85      1930
 MINIMUM TEMPERATURE (F)   40        22      1987


SUNRISE AND SUNSET
OCTOBER 10 2017.......SUNRISE   719 AM CDT   SUNSET   634 PM CDT
OCTOBER 11 2017.......SUNRISE   720 AM CDT   SUNSET   633 PM CDT


-  INDICATES NEGATIVE NUMBERS.
R  INDICATES RECORD WAS SET OR TIED.
MM INDICATES DATA IS MISSING.
T  INDICATES TRACE AMOUNT.




$$
