000
CDUS43 KARX 052232
CLIRST


CLIMATE REPORT
NATIONAL WEATHER SERVICE LA CROSSE WI
432 PM CST MON FEB 5 2018


...................................

...THE ROCHESTER MN CLIMATE SUMMARY FOR FEBRUARY 5 2018...
VALID TODAY AS OF 0430 PM LOCAL TIME.

CLIMATE NORMAL PERIOD 1981 TO 2010
CLIMATE RECORD PERIOD 1886 TO 2018


WEATHER ITEM   OBSERVED TIME   RECORD YEAR NORMAL DEPARTURE LAST
                VALUE   (LST)  VALUE       VALUE  FROM      YEAR
                                                  NORMAL
..................................................................
TEMPERATURE (F)
 TODAY
  MAXIMUM         11    359 PM  48    1946  25    -14       29
  MINIMUM         -4    238 AM -29    1979   9    -13       13
  AVERAGE          4                        17    -13       21

PRECIPITATION (IN)
  TODAY            0.06          0.41 1946   0.02   0.04     0.00
  MONTH TO DATE    0.14                      0.13   0.01     0.01
  SINCE DEC 1      2.07                      2.22  -0.15     4.20
  SINCE JAN 1      1.56                      0.99   0.57     2.13

SNOWFALL (IN)
  TODAY           MM             4.0  1916   0.4   MM        0.0
  MONTH TO DATE    1.1                       1.8   -0.7      0.2
  SINCE JUL 1     27.8                      33.2   -5.4     34.1
  SNOW DEPTH       4

DEGREE DAYS
 HEATING
  TODAY           61                        48     13       44
  MONTH TO DATE  286                       240     46      251
  SINCE JUL 1   4871                      4848     23     4254

 COOLING
  TODAY            0                         0      0        0
  MONTH TO DATE    0                         0      0        0
  SINCE JAN 1      0                         0      0        0
..................................................................


WIND (MPH)
  HIGHEST WIND SPEED    20   HIGHEST WIND DIRECTION     S (190)
  HIGHEST GUST SPEED    24   HIGHEST GUST DIRECTION     S (200)
  AVERAGE WIND SPEED    10.4


SKY COVER
  POSSIBLE SUNSHINE  MM
  AVERAGE SKY COVER 0.4


WEATHER CONDITIONS
 THE FOLLOWING WEATHER WAS RECORDED TODAY.
  SNOW
  LIGHT SNOW
  FOG


RELATIVE HUMIDITY (PERCENT)
 HIGHEST    91           800 AM
 LOWEST     76          1000 AM
 AVERAGE    84

..........................................................


THE ROCHESTER MN CLIMATE NORMALS FOR TOMORROW
                         NORMAL    RECORD    YEAR
 MAXIMUM TEMPERATURE (F)   26        43      1987
 MINIMUM TEMPERATURE (F)   10       -28      1936


SUNRISE AND SUNSET
FEBRUARY  5 2018......SUNRISE   722 AM CST   SUNSET   526 PM CST
FEBRUARY  6 2018......SUNRISE   721 AM CST   SUNSET   528 PM CST


-  INDICATES NEGATIVE NUMBERS.
R  INDICATES RECORD WAS SET OR TIED.
MM INDICATES DATA IS MISSING.
T  INDICATES TRACE AMOUNT.




$$
