000
CDUS43 KARX 272133
CLIRST


CLIMATE REPORT
NATIONAL WEATHER SERVICE LA CROSSE WI
432 PM CDT SAT JUN 27 2015


...................................

...THE ROCHESTER MN CLIMATE SUMMARY FOR JUNE 27 2015...
VALID TODAY AS OF 0430 PM LOCAL TIME.

CLIMATE NORMAL PERIOD 1981 TO 2010
CLIMATE RECORD PERIOD 1886 TO 2015


WEATHER ITEM   OBSERVED TIME   RECORD YEAR NORMAL DEPARTURE LAST
                VALUE   (LST)  VALUE       VALUE  FROM      YEAR
                                                  NORMAL
..................................................................
TEMPERATURE (F)
 TODAY
  MAXIMUM         82    328 PM 105    1934  81      1       78
  MINIMUM         57    505 AM  43    1992  60     -3       67
  AVERAGE         70                        71     -1       73

PRECIPITATION (IN)
  TODAY            0.00          1.71 1998   0.16  -0.16     0.49
  MONTH TO DATE    3.65                      4.21  -0.56     6.52
  SINCE JUN 1      3.65                      4.21  -0.56     6.52
  SINCE JAN 1     16.26                     14.65   1.61    17.85

SNOWFALL (IN)
  TODAY            0.0           0.0  2012   0.0    0.0      0.0
  MONTH TO DATE    0.0                       0.0    0.0      0.0
  SINCE JUL 1     50.4                      51.9   -1.5     60.5
  SNOW DEPTH       0

DEGREE DAYS
 HEATING
  TODAY            0                         1     -1        0
  MONTH TO DATE   20                        53    -33       11
  SINCE JUL 1   8068                      7723    345     8917

 COOLING
  TODAY            5                         6     -1        8
  MONTH TO DATE   88                       110    -22      112
  SINCE JAN 1    104                       144    -40      151
..................................................................


WIND (MPH)
  HIGHEST WIND SPEED    10   HIGHEST WIND DIRECTION    NW (330)
  HIGHEST GUST SPEED    14   HIGHEST GUST DIRECTION     W (280)
  AVERAGE WIND SPEED     4.4


SKY COVER
  POSSIBLE SUNSHINE  MM
  AVERAGE SKY COVER 0.1


WEATHER CONDITIONS
 THE FOLLOWING WEATHER WAS RECORDED TODAY.
  FOG
  HAZE


RELATIVE HUMIDITY (PERCENT)
 HIGHEST    93           300 AM
 LOWEST     42           200 PM
 AVERAGE    68

..........................................................


THE ROCHESTER MN CLIMATE NORMALS FOR TOMORROW
                         NORMAL    RECORD    YEAR
 MAXIMUM TEMPERATURE (F)   81       100      1931
 MINIMUM TEMPERATURE (F)   61        40      1911


SUNRISE AND SUNSET
JUNE 27 2015..........SUNRISE   529 AM CDT   SUNSET   857 PM CDT
JUNE 28 2015..........SUNRISE   530 AM CDT   SUNSET   857 PM CDT


-  INDICATES NEGATIVE NUMBERS.
R  INDICATES RECORD WAS SET OR TIED.
MM INDICATES DATA IS MISSING.
T  INDICATES TRACE AMOUNT.




$$
