194
CDUS43 KARX 310639
CLIRST


CLIMATE REPORT
NATIONAL WEATHER SERVICE LA CROSSE WI
1237 AM CST SUN JAN 31 2016


...................................

...THE ROCHESTER MN CLIMATE SUMMARY FOR JANUARY 30 2016...

CLIMATE NORMAL PERIOD 1981 TO 2010
CLIMATE RECORD PERIOD 1886 TO 2016


WEATHER ITEM   OBSERVED TIME   RECORD YEAR NORMAL DEPARTURE LAST
                VALUE   (LST)  VALUE       VALUE  FROM      YEAR
                                                  NORMAL
..................................................................
TEMPERATURE (F)
 YESTERDAY
  MAXIMUM         39    139 PM  48    1919  24     15       23
  MINIMUM         26    716 AM -40    1951   8     18        6
  AVERAGE         33                        16     17       15

PRECIPITATION (IN)
  YESTERDAY        0.09          0.49 1947   0.03   0.06     0.00
  MONTH TO DATE    0.66                      0.83  -0.17     0.58
  SINCE DEC 1      3.87                      2.06   1.81     1.60
  SINCE JAN 1      0.66                      0.83  -0.17     0.58

SNOWFALL (IN)
  YESTERDAY        0.0           6.4  1947   0.4   -0.4      0.0
  MONTH TO DATE    5.7                      11.6   -5.9      8.5
  SINCE JUL 1     21.4                      31.0   -9.6     25.9
  SNOW DEPTH       5

DEGREE DAYS
 HEATING
  YESTERDAY       32                        49    -17       50
  MONTH TO DATE 1513                      1483     30     1441
  SINCE JUL 1   3944                      4561   -617     4661

 COOLING
  YESTERDAY        0                         0      0        0
  MONTH TO DATE    0                         0      0        0
  SINCE JAN 1      0                         0      0        0
..................................................................


WIND (MPH)
  HIGHEST WIND SPEED    21   HIGHEST WIND DIRECTION    SW (220)
  HIGHEST GUST SPEED    27   HIGHEST GUST DIRECTION    SW (220)
  AVERAGE WIND SPEED    12.1


SKY COVER
  POSSIBLE SUNSHINE  MM
  AVERAGE SKY COVER 0.5


WEATHER CONDITIONS
 THE FOLLOWING WEATHER WAS RECORDED YESTERDAY.
  LIGHT RAIN
  FOG


RELATIVE HUMIDITY (PERCENT)
 HIGHEST    92           200 AM
 LOWEST     70           100 PM
 AVERAGE    81

..........................................................


THE ROCHESTER MN CLIMATE NORMALS FOR TODAY
                         NORMAL    RECORD    YEAR
 MAXIMUM TEMPERATURE (F)   25        48      1989
 MINIMUM TEMPERATURE (F)    8       -31      1918


SUNRISE AND SUNSET
JANUARY 31 2016.......SUNRISE   729 AM CST   SUNSET   519 PM CST
FEBRUARY  1 2016......SUNRISE   728 AM CST   SUNSET   520 PM CST


-  INDICATES NEGATIVE NUMBERS.
R  INDICATES RECORD WAS SET OR TIED.
MM INDICATES DATA IS MISSING.
T  INDICATES TRACE AMOUNT.




$$
