000
CDUS43 KARX 170632
CLIRST


CLIMATE REPORT
NATIONAL WEATHER SERVICE LA CROSSE WI
132 AM CDT TUE MAY 17 2016


...................................

...THE ROCHESTER MN CLIMATE SUMMARY FOR MAY 16 2016...

CLIMATE NORMAL PERIOD 1981 TO 2010
CLIMATE RECORD PERIOD 1886 TO 2016


WEATHER ITEM   OBSERVED TIME   RECORD YEAR NORMAL DEPARTURE LAST
                VALUE   (LST)  VALUE       VALUE  FROM      YEAR
                                                  NORMAL
..................................................................
TEMPERATURE (F)
 YESTERDAY
  MAXIMUM         68    240 PM  92    1936  69     -1       76
  MINIMUM         46    509 AM  29    1956  47     -1       54
                                      1929
  AVERAGE         57                        58     -1       65

PRECIPITATION (IN)
  YESTERDAY        0.02          1.55 1999   0.12  -0.10     0.18
  MONTH TO DATE    1.54                      1.84  -0.30     3.28
  SINCE MAR 1      7.24                      6.96   0.28     9.28
  SINCE JAN 1      8.64                      8.65  -0.01    10.64

SNOWFALL (IN)
  YESTERDAY        0.0           0.0  2012   0.0    0.0      0.0
  MONTH TO DATE    0.0                       0.2   -0.2      0.0
  SINCE JUL 1     47.9                      52.1   -4.2     50.4
  SNOW DEPTH       0

DEGREE DAYS
 HEATING
  YESTERDAY        8                         8      0        0
  MONTH TO DATE  193                       157     36      122
  SINCE JUL 1   6739                      7582   -843     7934

 COOLING
  YESTERDAY        0                         1     -1        0
  MONTH TO DATE    9                         9      0        7
  SINCE JAN 1     10                        13     -3        7
..................................................................


WIND (MPH)
  HIGHEST WIND SPEED    18   HIGHEST WIND DIRECTION    NE (40)
  HIGHEST GUST SPEED    21   HIGHEST GUST DIRECTION    NE (40)
  AVERAGE WIND SPEED    10.1


SKY COVER
  POSSIBLE SUNSHINE  MM
  AVERAGE SKY COVER 0.2


WEATHER CONDITIONS
 THE FOLLOWING WEATHER WAS RECORDED YESTERDAY.
  LIGHT RAIN


RELATIVE HUMIDITY (PERCENT)
 HIGHEST    71           500 AM
 LOWEST     40           200 PM
 AVERAGE    56

..........................................................


THE ROCHESTER MN CLIMATE NORMALS FOR TODAY
                         NORMAL    RECORD    YEAR
 MAXIMUM TEMPERATURE (F)   69        91      1934
 MINIMUM TEMPERATURE (F)   48        29      1930


SUNRISE AND SUNSET
MAY 17 2016...........SUNRISE   542 AM CDT   SUNSET   832 PM CDT
MAY 18 2016...........SUNRISE   541 AM CDT   SUNSET   833 PM CDT


-  INDICATES NEGATIVE NUMBERS.
R  INDICATES RECORD WAS SET OR TIED.
MM INDICATES DATA IS MISSING.
T  INDICATES TRACE AMOUNT.




$$
