000
CDUS43 KARX 100642
CLIRST


CLIMATE REPORT
NATIONAL WEATHER SERVICE LA CROSSE WI
139 AM CDT WED SEP 10 2014


...................................

...THE ROCHESTER MN CLIMATE SUMMARY FOR SEPTEMBER 9 2014...

CLIMATE NORMAL PERIOD 1981 TO 2010
CLIMATE RECORD PERIOD 1886 TO 2014


WEATHER ITEM   OBSERVED TIME   RECORD YEAR NORMAL DEPARTURE LAST
                VALUE   (LST)  VALUE       VALUE  FROM      YEAR
                                                  NORMAL
..................................................................
TEMPERATURE (F)
 YESTERDAY
  MAXIMUM         74    217 PM  97    1955  74      0       92
  MINIMUM         61    217 AM  37    1969  54      7       67
  AVERAGE         68                        64      4       80

PRECIPITATION (IN)
  YESTERDAY        0.04          1.54 1971   0.13  -0.09     0.00
  MONTH TO DATE    1.32                      1.10   0.22     0.01
  SINCE SEP 1      1.32                      1.10   0.22     0.01
  SINCE JAN 1     26.74                     25.29   1.45    34.71

SNOWFALL (IN)
  YESTERDAY        0.0           0.0  2012   0.0    0.0      0.0
  MONTH TO DATE    0.0                       0.0    0.0      0.0
  SINCE JUL 1      0.0                       0.0    0.0      0.0
  SNOW DEPTH       0

DEGREE DAYS
 HEATING
  YESTERDAY        0                         4     -4        0
  MONTH TO DATE   15                        25    -10       13
  SINCE JUL 1     40                        63    -23       47

 COOLING
  YESTERDAY        3                         2      1       15
  MONTH TO DATE   23                        26     -3       59
  SINCE JAN 1    483                       551    -68      615
..................................................................


WIND (MPH)
  HIGHEST WIND SPEED    21   HIGHEST WIND DIRECTION     S (190)
  HIGHEST GUST SPEED    29   HIGHEST GUST DIRECTION     S (190)
  AVERAGE WIND SPEED    11.2


SKY COVER
  POSSIBLE SUNSHINE  MM
  AVERAGE SKY COVER 0.9


WEATHER CONDITIONS
 THE FOLLOWING WEATHER WAS RECORDED YESTERDAY.
  LIGHT RAIN
  FOG


RELATIVE HUMIDITY (PERCENT)
 HIGHEST    93           800 PM
 LOWEST     68           200 PM
 AVERAGE    81

..........................................................


THE ROCHESTER MN CLIMATE NORMALS FOR TODAY
                         NORMAL    RECORD    YEAR
 MAXIMUM TEMPERATURE (F)   74        98      1931
 MINIMUM TEMPERATURE (F)   53        29      1917


SUNRISE AND SUNSET
SEPTEMBER 10 2014.....SUNRISE   644 AM CDT   SUNSET   729 PM CDT
SEPTEMBER 11 2014.....SUNRISE   645 AM CDT   SUNSET   728 PM CDT


-  INDICATES NEGATIVE NUMBERS.
R  INDICATES RECORD WAS SET OR TIED.
MM INDICATES DATA IS MISSING.
T  INDICATES TRACE AMOUNT.




$$
