000
CDUS43 KARX 212136
CLIRST


CLIMATE REPORT
NATIONAL WEATHER SERVICE LA CROSSE WI
436 PM CDT SAT MAR 21 2015


...................................

...THE ROCHESTER MN CLIMATE SUMMARY FOR MARCH 21 2015...
VALID TODAY AS OF 0400 PM LOCAL TIME.

CLIMATE NORMAL PERIOD 1981 TO 2010
CLIMATE RECORD PERIOD 1886 TO 2015


WEATHER ITEM   OBSERVED TIME   RECORD YEAR NORMAL DEPARTURE LAST
                VALUE   (LST)  VALUE       VALUE  FROM      YEAR
                                                  NORMAL
..................................................................
TEMPERATURE (F)
 TODAY
  MAXIMUM         43    257 PM  70    1918  43      0       46
  MINIMUM         28    653 AM  -6    1965  26      2       27
  AVERAGE         36                        35      1       37

PRECIPITATION (IN)
  TODAY            0.00          0.60 1953   0.07  -0.07     0.00
  MONTH TO DATE    0.04                      1.14  -1.10     0.66
  SINCE MAR 1      0.04                      1.14  -1.10     0.66
  SINCE JAN 1      1.40                      2.83  -1.43     3.42

SNOWFALL (IN)
  TODAY            0.0           3.8  1961   0.3   -0.3      0.0
  MONTH TO DATE    0.3                       6.6   -6.3      5.8
  SINCE JUL 1     38.3                      46.5   -8.2     53.6
  SNOW DEPTH       0

DEGREE DAYS
 HEATING
  TODAY           29                        30     -1       28
  MONTH TO DATE  675                       734    -59      901
  SINCE JUL 1   6970                      6595    375     7626

 COOLING
  TODAY            0                         0      0        0
  MONTH TO DATE    0                         0      0        0
  SINCE JAN 1      0                         0      0        0
..................................................................


WIND (MPH)
  HIGHEST WIND SPEED    23   HIGHEST WIND DIRECTION     N (350)
  HIGHEST GUST SPEED    28   HIGHEST GUST DIRECTION     N (350)
  AVERAGE WIND SPEED    13.7


SKY COVER
  POSSIBLE SUNSHINE  MM
  AVERAGE SKY COVER 0.2


WEATHER CONDITIONS
 THE FOLLOWING WEATHER WAS RECORDED TODAY.
  NO SIGNIFICANT WEATHER WAS OBSERVED.


RELATIVE HUMIDITY (PERCENT)
 HIGHEST    85           100 AM
 LOWEST     25           200 PM
 AVERAGE    55

..........................................................


THE ROCHESTER MN CLIMATE NORMALS FOR TOMORROW
                         NORMAL    RECORD    YEAR
 MAXIMUM TEMPERATURE (F)   44        77      1938
 MINIMUM TEMPERATURE (F)   27       -12      1888


SUNRISE AND SUNSET
MARCH 21 2015.........SUNRISE   712 AM CDT   SUNSET   723 PM CDT
MARCH 22 2015.........SUNRISE   710 AM CDT   SUNSET   725 PM CDT


-  INDICATES NEGATIVE NUMBERS.
R  INDICATES RECORD WAS SET OR TIED.
MM INDICATES DATA IS MISSING.
T  INDICATES TRACE AMOUNT.




$$
