000
CDUS43 KARX 130641
CLIRST


CLIMATE REPORT
NATIONAL WEATHER SERVICE LA CROSSE WI
140 AM CDT TUE SEP 13 2016


...................................

...THE ROCHESTER MN CLIMATE SUMMARY FOR SEPTEMBER 12 2016...

CLIMATE NORMAL PERIOD 1981 TO 2010
CLIMATE RECORD PERIOD 1886 TO 2016


WEATHER ITEM   OBSERVED TIME   RECORD YEAR NORMAL DEPARTURE LAST
                VALUE   (LST)  VALUE       VALUE  FROM      YEAR
                                                  NORMAL
..................................................................
TEMPERATURE (F)
 YESTERDAY
  MAXIMUM         82    328 PM  94    1948  73      9       67
  MINIMUM         55    607 AM  30    1955  52      3       42
  AVERAGE         69                        63      6       55

PRECIPITATION (IN)
  YESTERDAY        0.12          5.98 1978   0.12   0.00     0.00
  MONTH TO DATE    3.30                      1.46   1.84     1.27
  SINCE SEP 1      3.30                      1.46   1.84     1.27
  SINCE JAN 1     31.57                     25.65   5.92    26.44

SNOWFALL (IN)
  YESTERDAY        0.0           0.0  2012   0.0    0.0      0.0
  MONTH TO DATE    0.0                       0.0    0.0      0.0
  SINCE JUL 1      0.0                       0.0    0.0      0.0
  SNOW DEPTH       0

DEGREE DAYS
 HEATING
  YESTERDAY        0                         5     -5       10
  MONTH TO DATE   10                        38    -28       27
  SINCE JUL 1     21                        76    -55       86

 COOLING
  YESTERDAY        4                         2      2        0
  MONTH TO DATE   34                        32      2       82
  SINCE JAN 1    607                       557     50      457
..................................................................


WIND (MPH)
  HIGHEST WIND SPEED    23   HIGHEST WIND DIRECTION     S (170)
  HIGHEST GUST SPEED    32   HIGHEST GUST DIRECTION     S (180)
  AVERAGE WIND SPEED    11.6


SKY COVER
  POSSIBLE SUNSHINE  MM
  AVERAGE SKY COVER 0.3


WEATHER CONDITIONS
 THE FOLLOWING WEATHER WAS RECORDED YESTERDAY.
  THUNDERSTORM
  RAIN
  LIGHT RAIN
  FOG


RELATIVE HUMIDITY (PERCENT)
 HIGHEST    93           600 AM
 LOWEST     45          1200 PM
 AVERAGE    69

..........................................................


THE ROCHESTER MN CLIMATE NORMALS FOR TODAY
                         NORMAL    RECORD    YEAR
 MAXIMUM TEMPERATURE (F)   73        93      1908
 MINIMUM TEMPERATURE (F)   52        32      1963
                                             1953
                                             1888


SUNRISE AND SUNSET
SEPTEMBER 13 2016.....SUNRISE   648 AM CDT   SUNSET   723 PM CDT
SEPTEMBER 14 2016.....SUNRISE   649 AM CDT   SUNSET   721 PM CDT


-  INDICATES NEGATIVE NUMBERS.
R  INDICATES RECORD WAS SET OR TIED.
MM INDICATES DATA IS MISSING.
T  INDICATES TRACE AMOUNT.




$$
