000
CDUS43 KARX 070757
CLIRST


CLIMATE REPORT
NATIONAL WEATHER SERVICE LA CROSSE WI
205 AM CDT MON APR 7 2014

...THE ROCHESTER MN CLIMATE SUMMARY FOR APRIL 6 2014...

CLIMATE NORMAL PERIOD 1981 TO 2010
CLIMATE RECORD PERIOD 1886 TO 2014

WEATHER ITEM   OBSERVED TIME   RECORD YEAR NORMAL DEPARTURE LAST
                VALUE   (LST)  VALUE       VALUE  FROM      YEAR
                                                  NORMAL
..................................................................
TEMPERATURE (F)
 YESTERDAY
  MAXIMUM         60    313 PM  89    1991  52      8       58
  MINIMUM         38    519 AM   5    1982  33      5       35
  AVERAGE         49                        42      7       47

PRECIPITATION (IN)
  YESTERDAY        0.21          0.80 1919   0.09   0.12     0.06
  MONTH TO DATE    0.82                      0.52   0.30     0.18
  SINCE MAR 1      1.97                      2.40  -0.43     3.03
  SINCE JAN 1      4.73                      4.09   0.64     5.03

SNOWFALL (IN)
  YESTERDAY        0.0           2.5  1938   0.1   -0.1      0.0
  MONTH TO DATE    3.2                       0.9    2.3      0.7
  SINCE JUL 1     57.2                      49.5    7.7     56.0
  SNOW DEPTH       0

DEGREE DAYS
 HEATING
  YESTERDAY       16                        23     -7       18
  MONTH TO DATE  177                       144     33      181
  SINCE JUL 1   8157                      7016   1141     6898

 COOLING
  YESTERDAY        0                         0      0        0
  MONTH TO DATE    0                         0      0        0
  SINCE JAN 1      0                         0      0        0
..................................................................

WIND (MPH)
  HIGHEST WIND SPEED    29   HIGHEST WIND DIRECTION    SW (240)
  HIGHEST GUST SPEED    36   HIGHEST GUST DIRECTION    SW (240)
  AVERAGE WIND SPEED    17.1

SKY COVER
  POSSIBLE SUNSHINE  MM
  AVERAGE SKY COVER 0.6

WEATHER CONDITIONS
 THE FOLLOWING WEATHER WAS RECORDED YESTERDAY.
  RAIN
  LIGHT RAIN
  FOG

RELATIVE HUMIDITY (PERCENT)
 HIGHEST    86           900 PM
 LOWEST     57          1200 PM
 AVERAGE    72
..........................................................

THE ROCHESTER MN CLIMATE NORMALS FOR TODAY
                         NORMAL    RECORD    YEAR
 MAXIMUM TEMPERATURE (F)   53        83      1991
 MINIMUM TEMPERATURE (F)   33         9      1936

SUNRISE AND SUNSET
APRIL  7 2014.........SUNRISE   641 AM CDT   SUNSET   744 PM CDT
APRIL  8 2014.........SUNRISE   639 AM CDT   SUNSET   745 PM CDT

-  INDICATES NEGATIVE NUMBERS.
R  INDICATES RECORD WAS SET OR TIED.
MM INDICATES DATA IS MISSING.
T  INDICATES TRACE AMOUNT.

$$

BOYNE
