000
CDUS43 KARX 200641
CLIRST


CLIMATE REPORT
NATIONAL WEATHER SERVICE LA CROSSE WI
1240 AM CST FRI FEB 20 2015


...................................

...THE ROCHESTER MN CLIMATE SUMMARY FOR FEBRUARY 19 2015...

CLIMATE NORMAL PERIOD 1981 TO 2010
CLIMATE RECORD PERIOD 1886 TO 2015


WEATHER ITEM   OBSERVED TIME   RECORD YEAR NORMAL DEPARTURE LAST
                VALUE   (LST)  VALUE       VALUE  FROM      YEAR
                                                  NORMAL
..................................................................
TEMPERATURE (F)
 YESTERDAY
  MAXIMUM          3   1159 PM  59    1930  29    -26       36
  MINIMUM        -16    717 AM -30    1929  14    -30       17
  AVERAGE         -6                        22    -28       27

PRECIPITATION (IN)
  YESTERDAY        0.00          0.67 2002   0.03  -0.03     0.00
  MONTH TO DATE    0.45                      0.52  -0.07     0.53
  SINCE DEC 1      2.18                      2.61  -0.43     2.63
  SINCE JAN 1      1.16                      1.38  -0.22     1.53

SNOWFALL (IN)
  YESTERDAY        0.0           4.8  1952   0.3   -0.3      0.0
  MONTH TO DATE    7.8                       5.8    2.0      8.4
  SINCE JUL 1     35.2                      37.2   -2.0     37.6
  SNOW DEPTH       7

DEGREE DAYS
 HEATING
  YESTERDAY       71                        43     28       38
  MONTH TO DATE 1052                       878    174     1089
  SINCE JUL 1   5753                      5486    267     6186

 COOLING
  YESTERDAY        0                         0      0        0
  MONTH TO DATE    0                         0      0        0
  SINCE JAN 1      0                         0      0        0
..................................................................


WIND (MPH)
  HIGHEST WIND SPEED    15   HIGHEST WIND DIRECTION     S (170)
  HIGHEST GUST SPEED    18   HIGHEST GUST DIRECTION     S (170)
  AVERAGE WIND SPEED     7.5


SKY COVER
  POSSIBLE SUNSHINE  MM
  AVERAGE SKY COVER 0.1


WEATHER CONDITIONS
 THE FOLLOWING WEATHER WAS RECORDED YESTERDAY.
  NO SIGNIFICANT WEATHER WAS OBSERVED.


RELATIVE HUMIDITY (PERCENT)
 HIGHEST    81           500 AM
 LOWEST     62           200 PM
 AVERAGE    72

..........................................................


THE ROCHESTER MN CLIMATE NORMALS FOR TODAY
                         NORMAL    RECORD    YEAR
 MAXIMUM TEMPERATURE (F)   30        60      1930
 MINIMUM TEMPERATURE (F)   14       -21      1966


SUNRISE AND SUNSET
FEBRUARY 20 2015......SUNRISE   702 AM CST   SUNSET   546 PM CST
FEBRUARY 21 2015......SUNRISE   700 AM CST   SUNSET   548 PM CST


-  INDICATES NEGATIVE NUMBERS.
R  INDICATES RECORD WAS SET OR TIED.
MM INDICATES DATA IS MISSING.
T  INDICATES TRACE AMOUNT.




$$
