399
CDUS43 KARX 210637
CLIRST


CLIMATE REPORT
NATIONAL WEATHER SERVICE LA CROSSE WI
136 AM CDT SUN MAY 21 2017


...................................

...THE ROCHESTER MN CLIMATE SUMMARY FOR MAY 20 2017...

CLIMATE NORMAL PERIOD 1981 TO 2010
CLIMATE RECORD PERIOD 1886 TO 2017


WEATHER ITEM   OBSERVED TIME   RECORD YEAR NORMAL DEPARTURE LAST
                VALUE   (LST)  VALUE       VALUE  FROM      YEAR
                                                  NORMAL
..................................................................
TEMPERATURE (F)
 YESTERDAY
  MAXIMUM         50   1159 PM  96    1934  70    -20       72
  MINIMUM         40    831 AM  30    1967  49     -9       51
                                      1954
                                      1892
  AVERAGE         45                        59    -14       62

PRECIPITATION (IN)
  YESTERDAY        0.84          2.97 1912   0.12   0.72     0.00
  MONTH TO DATE    2.38                      2.30   0.08     1.54
  SINCE MAR 1      9.80                      7.42   2.38     7.24
  SINCE JAN 1     13.58                      9.11   4.47     8.64

SNOWFALL (IN)
  YESTERDAY        0.0           0.0  2012   0.0    0.0      0.0
  MONTH TO DATE    0.0                       0.2   -0.2      0.0
  SINCE JUL 1     52.7                      52.1    0.6     47.9
  SNOW DEPTH       0

DEGREE DAYS
 HEATING
  YESTERDAY       20                         7     13        3
  MONTH TO DATE  193                       186      7      228
  SINCE JUL 1   6777                      7611   -834     6774

 COOLING
  YESTERDAY        0                         1     -1        0
  MONTH TO DATE   20                        13      7        9
  SINCE JAN 1     20                        17      3       10
..................................................................


WIND (MPH)
  HIGHEST WIND SPEED    23   HIGHEST WIND DIRECTION     E (80)
  HIGHEST GUST SPEED    30   HIGHEST GUST DIRECTION     E (80)
  AVERAGE WIND SPEED    15.4


SKY COVER
  POSSIBLE SUNSHINE  MM
  AVERAGE SKY COVER 1.0


WEATHER CONDITIONS
 THE FOLLOWING WEATHER WAS RECORDED YESTERDAY.
  HEAVY RAIN
  RAIN
  LIGHT RAIN
  FOG


RELATIVE HUMIDITY (PERCENT)
 HIGHEST   100          1100 AM
 LOWEST     58          1200 AM
 AVERAGE    79

..........................................................


THE ROCHESTER MN CLIMATE NORMALS FOR TODAY
                         NORMAL    RECORD    YEAR
 MAXIMUM TEMPERATURE (F)   70        88      1970
                                             1964
 MINIMUM TEMPERATURE (F)   49        31      1929


SUNRISE AND SUNSET
MAY 21 2017...........SUNRISE   538 AM CDT   SUNSET   836 PM CDT
MAY 22 2017...........SUNRISE   537 AM CDT   SUNSET   837 PM CDT


-  INDICATES NEGATIVE NUMBERS.
R  INDICATES RECORD WAS SET OR TIED.
MM INDICATES DATA IS MISSING.
T  INDICATES TRACE AMOUNT.




$$
