000
CDUS43 KARX 030652
CLIRST


CLIMATE REPORT
NATIONAL WEATHER SERVICE LA CROSSE WI
1252 AM CST WED JAN 3 2018


...................................

...THE ROCHESTER MN CLIMATE SUMMARY FOR JANUARY 2 2018...

CLIMATE NORMAL PERIOD 1981 TO 2010
CLIMATE RECORD PERIOD 1886 TO 2018


WEATHER ITEM   OBSERVED TIME   RECORD YEAR NORMAL DEPARTURE LAST
                VALUE   (LST)  VALUE       VALUE  FROM      YEAR
                                                  NORMAL
..................................................................
TEMPERATURE (F)
 YESTERDAY
  MAXIMUM         13   1056 PM  45    1998  24    -11       32
  MINIMUM        -15    658 AM -27    1979   8    -23       27
  AVERAGE         -1                        16    -17       30

PRECIPITATION (IN)
  YESTERDAY        0.01          0.89 2000   0.03  -0.02     0.14
  MONTH TO DATE    0.01                      0.06  -0.05     0.14
  SINCE DEC 1      0.52                      1.29  -0.77     2.21
  SINCE JAN 1      0.01                      0.06  -0.05     0.14

SNOWFALL (IN)
  YESTERDAY        0.1           6.0  2000   0.4   -0.3      0.3
  MONTH TO DATE    0.1                       0.7   -0.6      0.3
  SINCE JUL 1     10.6                      20.1   -9.5     21.0
  SNOW DEPTH       0

DEGREE DAYS
 HEATING
  YESTERDAY       66                        49     17       35
  MONTH TO DATE  142                        98     44       76
  SINCE JUL 1   3172                      3176     -4     2647

 COOLING
  YESTERDAY        0                         0      0        0
  MONTH TO DATE    0                         0      0        0
  SINCE JAN 1      0                         0      0        0
..................................................................


WIND (MPH)
  HIGHEST WIND SPEED    32   HIGHEST WIND DIRECTION    SW (220)
  HIGHEST GUST SPEED    42   HIGHEST GUST DIRECTION    SW (220)
  AVERAGE WIND SPEED    17.8


SKY COVER
  POSSIBLE SUNSHINE  MM
  AVERAGE SKY COVER 0.2


WEATHER CONDITIONS
 THE FOLLOWING WEATHER WAS RECORDED YESTERDAY.
  LIGHT SNOW
  FOG
  HAZE


RELATIVE HUMIDITY (PERCENT)
 HIGHEST    92           800 PM
 LOWEST     71          1000 AM
 AVERAGE    82

..........................................................


THE ROCHESTER MN CLIMATE NORMALS FOR TODAY
                         NORMAL    RECORD    YEAR
 MAXIMUM TEMPERATURE (F)   24        41      2007
                                             1998
                                             1944
 MINIMUM TEMPERATURE (F)    8       -28      1911


SUNRISE AND SUNSET
JANUARY  3 2018.......SUNRISE   744 AM CST   SUNSET   445 PM CST
JANUARY  4 2018.......SUNRISE   744 AM CST   SUNSET   446 PM CST


-  INDICATES NEGATIVE NUMBERS.
R  INDICATES RECORD WAS SET OR TIED.
MM INDICATES DATA IS MISSING.
T  INDICATES TRACE AMOUNT.




$$
