000
CDUS43 KARX 232135
CLIRST


CLIMATE REPORT
NATIONAL WEATHER SERVICE LA CROSSE WI
432 PM CDT TUE AUG 23 2016


...................................

...THE ROCHESTER MN CLIMATE SUMMARY FOR AUGUST 23 2016...
VALID TODAY AS OF 0430 PM LOCAL TIME.

CLIMATE NORMAL PERIOD 1981 TO 2010
CLIMATE RECORD PERIOD 1886 TO 2016


WEATHER ITEM   OBSERVED TIME   RECORD YEAR NORMAL DEPARTURE LAST
                VALUE   (LST)  VALUE       VALUE  FROM      YEAR
                                                  NORMAL
..................................................................
TEMPERATURE (F)
 TODAY
  MAXIMUM         80    151 PM 100    1948  78      2       68
  MINIMUM         62    603 AM  37    1920  59      3       51
  AVERAGE         71                        68      3       60

PRECIPITATION (IN)
  TODAY            0.00          1.26 1943   0.14  -0.14     0.04
  MONTH TO DATE    4.87                      3.39   1.48     2.30
  SINCE JUN 1     15.71                     12.62   3.09    11.70
  SINCE JAN 1     27.40                     23.06   4.34    24.31

SNOWFALL (IN)
  TODAY            0.0           0.0  2012   0.0    0.0      0.0
  MONTH TO DATE    0.0                       0.0    0.0      0.0
  SINCE JUL 1      0.0                       0.0    0.0      0.0
  SNOW DEPTH       0

DEGREE DAYS
 HEATING
  TODAY            0                         1     -1        5
  MONTH TO DATE    4                        20    -16       17
  SINCE JUL 1      8                        31    -23       34

 COOLING
  TODAY            6                         4      2        0
  MONTH TO DATE  141                       124     17       90
  SINCE JAN 1    541                       495     46      367
..................................................................


WIND (MPH)
  HIGHEST WIND SPEED    23   HIGHEST WIND DIRECTION     S (170)
  HIGHEST GUST SPEED    30   HIGHEST GUST DIRECTION     S (170)
  AVERAGE WIND SPEED    13.2


SKY COVER
  POSSIBLE SUNSHINE  MM
  AVERAGE SKY COVER 0.0


WEATHER CONDITIONS
 THE FOLLOWING WEATHER WAS RECORDED TODAY.
  NO SIGNIFICANT WEATHER WAS OBSERVED.


RELATIVE HUMIDITY (PERCENT)
 HIGHEST    93           300 AM
 LOWEST     62           100 PM
 AVERAGE    78

..........................................................


THE ROCHESTER MN CLIMATE NORMALS FOR TOMORROW
                         NORMAL    RECORD    YEAR
 MAXIMUM TEMPERATURE (F)   78       100      1948
 MINIMUM TEMPERATURE (F)   59        34      1934


SUNRISE AND SUNSET
AUGUST 23 2016........SUNRISE   624 AM CDT   SUNSET   800 PM CDT
AUGUST 24 2016........SUNRISE   625 AM CDT   SUNSET   759 PM CDT


-  INDICATES NEGATIVE NUMBERS.
R  INDICATES RECORD WAS SET OR TIED.
MM INDICATES DATA IS MISSING.
T  INDICATES TRACE AMOUNT.




$$
