000
CDUS43 KARX 262143
CLIRST


CLIMATE REPORT
NATIONAL WEATHER SERVICE LA CROSSE WI
442 PM CDT TUE APR 26 2016


...................................

...THE ROCHESTER MN CLIMATE SUMMARY FOR APRIL 26 2016...
VALID TODAY AS OF 0400 PM LOCAL TIME.

CLIMATE NORMAL PERIOD 1981 TO 2010
CLIMATE RECORD PERIOD 1886 TO 2016


WEATHER ITEM   OBSERVED TIME   RECORD YEAR NORMAL DEPARTURE LAST
                VALUE   (LST)  VALUE       VALUE  FROM      YEAR
                                                  NORMAL
..................................................................
TEMPERATURE (F)
 TODAY
  MAXIMUM         53   1219 AM  84    1962  62     -9       60
  MINIMUM         46    953 AM  24    1930  41      5       34
                                      1919
  AVERAGE         50                        51     -1       47

PRECIPITATION (IN)
  TODAY            0.01          1.48 1988   0.11  -0.10     0.00
  MONTH TO DATE    0.58                      2.74  -2.16     4.93
  SINCE MAR 1      4.56                      4.62  -0.06     6.00
  SINCE JAN 1      5.96                      6.31  -0.35     7.36

SNOWFALL (IN)
  TODAY           MM            13.0  1988   0.1   MM        0.0
  MONTH TO DATE    0.5                       3.1   -2.6      1.5
  SINCE JUL 1     47.9                      51.7   -3.8     50.4
  SNOW DEPTH       0

DEGREE DAYS
 HEATING
  TODAY           15                        14      1       18
  MONTH TO DATE  442                       502    -60      469
  SINCE JUL 1   6457                      7374   -917     7767

 COOLING
  TODAY            0                         0      0        0
  MONTH TO DATE    1                         0      1        0
  SINCE JAN 1      1                         0      1        0
..................................................................


WIND (MPH)
  HIGHEST WIND SPEED    21   HIGHEST WIND DIRECTION    NE (60)
  HIGHEST GUST SPEED    26   HIGHEST GUST DIRECTION    NE (60)
  AVERAGE WIND SPEED    12.2


SKY COVER
  POSSIBLE SUNSHINE  MM
  AVERAGE SKY COVER 1.0


WEATHER CONDITIONS
 THE FOLLOWING WEATHER WAS RECORDED TODAY.
  LIGHT RAIN
  FOG
  FOG W/VISIBILITY <= 1/4 MILE


RELATIVE HUMIDITY (PERCENT)
 HIGHEST   100           200 AM
 LOWEST     71           200 PM
 AVERAGE    86

..........................................................


THE ROCHESTER MN CLIMATE NORMALS FOR TOMORROW
                         NORMAL    RECORD    YEAR
 MAXIMUM TEMPERATURE (F)   63        86      1977
 MINIMUM TEMPERATURE (F)   41        19      1933


SUNRISE AND SUNSET
APRIL 26 2016.........SUNRISE   608 AM CDT   SUNSET   808 PM CDT
APRIL 27 2016.........SUNRISE   607 AM CDT   SUNSET   809 PM CDT


-  INDICATES NEGATIVE NUMBERS.
R  INDICATES RECORD WAS SET OR TIED.
MM INDICATES DATA IS MISSING.
T  INDICATES TRACE AMOUNT.




$$
