000
CDUS43 KARX 072138
CLIRST


CLIMATE REPORT
NATIONAL WEATHER SERVICE LA CROSSE WI
437 PM CDT MON JUL 7 2014


...................................

...THE ROCHESTER MN CLIMATE SUMMARY FOR JULY 7 2014...
VALID TODAY AS OF 0400 PM LOCAL TIME.

CLIMATE NORMAL PERIOD 1981 TO 2010
CLIMATE RECORD PERIOD 1886 TO 2014


WEATHER ITEM   OBSERVED TIME   RECORD YEAR NORMAL DEPARTURE LAST
                VALUE   (LST)  VALUE       VALUE  FROM      YEAR
                                                  NORMAL
..................................................................
TEMPERATURE (F)
 TODAY
  MAXIMUM         83    149 PM 102    1936  82      1       91
  MINIMUM         60    452 AM  43    1934  62     -2       72
  AVERAGE         72                        72      0       82

PRECIPITATION (IN)
  TODAY            0.00          2.21 1990   0.15  -0.15     0.03
  MONTH TO DATE    0.05                      1.01  -0.96     0.03
  SINCE JUN 1      6.55                      5.69   0.86     6.89
  SINCE JAN 1     17.88                     16.13   1.75    30.79

SNOWFALL (IN)
  TODAY            0.0           0.0  2012   0.0    0.0      0.0
  MONTH TO DATE    0.0                       0.0    0.0      0.0
  SINCE JUL 1      0.0                       0.0    0.0      0.0
  SNOW DEPTH       0

DEGREE DAYS
 HEATING
  TODAY            0                         0      0        0
  MONTH TO DATE    7                         0      7        0
  SINCE JUL 1      7                         0      7        0

 COOLING
  TODAY            7                         7      0       17
  MONTH TO DATE   23                        49    -26       64
  SINCE JAN 1    193                       213    -20      220
..................................................................


WIND (MPH)
  HIGHEST WIND SPEED    22   HIGHEST WIND DIRECTION    SW (240)
  HIGHEST GUST SPEED    27   HIGHEST GUST DIRECTION     W (250)
  AVERAGE WIND SPEED    11.1


SKY COVER
  POSSIBLE SUNSHINE  MM
  AVERAGE SKY COVER 0.1


WEATHER CONDITIONS
 THE FOLLOWING WEATHER WAS RECORDED TODAY.
  NO SIGNIFICANT WEATHER WAS OBSERVED.


RELATIVE HUMIDITY (PERCENT)
 HIGHEST    90           400 AM
 LOWEST     51          1100 AM
 AVERAGE    71

..........................................................


THE ROCHESTER MN CLIMATE NORMALS FOR TOMORROW
                         NORMAL    RECORD    YEAR
 MAXIMUM TEMPERATURE (F)   82        99      1974
                                             1936
 MINIMUM TEMPERATURE (F)   62        45      1958
                                             1931
                                             1908


SUNRISE AND SUNSET
JULY  7 2014..........SUNRISE   535 AM CDT   SUNSET   854 PM CDT
JULY  8 2014..........SUNRISE   536 AM CDT   SUNSET   854 PM CDT


-  INDICATES NEGATIVE NUMBERS.
R  INDICATES RECORD WAS SET OR TIED.
MM INDICATES DATA IS MISSING.
T  INDICATES TRACE AMOUNT.




$$
