000
CDUS43 KARX 202133
CLIRST


CLIMATE REPORT
NATIONAL WEATHER SERVICE LA CROSSE WI
433 PM CDT WED AUG 20 2014


...................................

...THE ROCHESTER MN CLIMATE SUMMARY FOR AUGUST 20 2014...
VALID TODAY AS OF 0400 PM LOCAL TIME.

CLIMATE NORMAL PERIOD 1981 TO 2010
CLIMATE RECORD PERIOD 1886 TO 2014


WEATHER ITEM   OBSERVED TIME   RECORD YEAR NORMAL DEPARTURE LAST
                VALUE   (LST)  VALUE       VALUE  FROM      YEAR
                                                  NORMAL
..................................................................
TEMPERATURE (F)
 TODAY
  MAXIMUM         83    254 PM  96    1955  79      4       85
                                      1916
  MINIMUM         60    556 AM  35    1950  59      1       66
  AVERAGE         72                        69      3       76

PRECIPITATION (IN)
  TODAY            0.00          1.84 1947   0.15  -0.15     0.00
  MONTH TO DATE    1.36                      2.95  -1.59     1.29
  SINCE JUN 1     10.09                     12.18  -2.09    10.29
  SINCE JAN 1     21.42                     22.62  -1.20    34.19

SNOWFALL (IN)
  TODAY            0.0           0.0  2012   0.0    0.0      0.0
  MONTH TO DATE    0.0                       0.0    0.0      0.0
  SINCE JUL 1      0.0                       0.0    0.0      0.0
  SNOW DEPTH       0

DEGREE DAYS
 HEATING
  TODAY            0                         1     -1        0
  MONTH TO DATE    0                        17    -17       11
  SINCE JUL 1     22                        28     -6       34

 COOLING
  TODAY            7                         5      2       11
  MONTH TO DATE  101                       110     -9       37
  SINCE JAN 1    381                       481   -100      422
..................................................................


WIND (MPH)
  HIGHEST WIND SPEED    10   HIGHEST WIND DIRECTION    SE (130)
  HIGHEST GUST SPEED    14   HIGHEST GUST DIRECTION    SE (150)
  AVERAGE WIND SPEED     4.2


SKY COVER
  POSSIBLE SUNSHINE  MM
  AVERAGE SKY COVER 0.2


WEATHER CONDITIONS
 THE FOLLOWING WEATHER WAS RECORDED TODAY.
  FOG
  FOG W/VISIBILITY <= 1/4 MILE


RELATIVE HUMIDITY (PERCENT)
 HIGHEST    97           400 AM
 LOWEST     58           300 PM
 AVERAGE    78

..........................................................


THE ROCHESTER MN CLIMATE NORMALS FOR TOMORROW
                         NORMAL    RECORD    YEAR
 MAXIMUM TEMPERATURE (F)   79        97      1947
 MINIMUM TEMPERATURE (F)   59        39      2004


SUNRISE AND SUNSET
AUGUST 20 2014........SUNRISE   620 AM CDT   SUNSET   806 PM CDT
AUGUST 21 2014........SUNRISE   621 AM CDT   SUNSET   805 PM CDT


-  INDICATES NEGATIVE NUMBERS.
R  INDICATES RECORD WAS SET OR TIED.
MM INDICATES DATA IS MISSING.
T  INDICATES TRACE AMOUNT.




$$
