000
CDUS43 KARX 050644
CLIRST


CLIMATE REPORT
NATIONAL WEATHER SERVICE LA CROSSE WI
142 AM CDT SAT APR 5 2014

...THE ROCHESTER MN CLIMATE SUMMARY FOR APRIL 4 2014...

CLIMATE NORMAL PERIOD 1981 TO 2010
CLIMATE RECORD PERIOD 1886 TO 2014

WEATHER ITEM   OBSERVED TIME   RECORD YEAR NORMAL DEPARTURE LAST
                VALUE   (LST)  VALUE       VALUE  FROM      YEAR
                                                  NORMAL
..................................................................
TEMPERATURE (F)
 YESTERDAY
  MAXIMUM         37    549 PM  77    1942  51    -14       50
                                      1929
  MINIMUM         26    807 AM   6    1995  32     -6       33
  AVERAGE         32                        41     -9       42

PRECIPITATION (IN)
  YESTERDAY        0.21          1.03 1887   0.08   0.13     0.02
  MONTH TO DATE    0.61                      0.33   0.28     0.02
  SINCE MAR 1      1.76                      2.21  -0.45     2.87
  SINCE JAN 1      4.52                      3.90   0.62     4.87

SNOWFALL (IN)
  YESTERDAY        3.2           4.5  1945   0.1    3.1      0.0
  MONTH TO DATE    3.2                       0.6    2.6      0.0
  SINCE JUL 1     57.2                      49.2    8.0     55.3
  SNOW DEPTH       2

DEGREE DAYS
 HEATING
  YESTERDAY       33                        24      9       23
  MONTH TO DATE  132                        98     34      133
  SINCE JUL 1   8112                      6970   1142     6850

 COOLING
  YESTERDAY        0                         0      0        0
  MONTH TO DATE    0                         0      0        0
  SINCE JAN 1      0                         0      0        0
..................................................................

WIND (MPH)
  HIGHEST WIND SPEED    33   HIGHEST WIND DIRECTION    NW (320)
  HIGHEST GUST SPEED    39   HIGHEST GUST DIRECTION    NW (320)
  AVERAGE WIND SPEED    18.3

SKY COVER
  POSSIBLE SUNSHINE  MM
  AVERAGE SKY COVER 0.7

WEATHER CONDITIONS
 THE FOLLOWING WEATHER WAS RECORDED YESTERDAY.
  HEAVY SNOW
  SNOW
  LIGHT SNOW
  FOG
  FOG W/VISIBILITY <= 1/4 MILE
  BLOWING SNOW

RELATIVE HUMIDITY (PERCENT)
 HIGHEST    92           100 AM
 LOWEST     69           100 PM
 AVERAGE    81
..........................................................

THE ROCHESTER MN CLIMATE NORMALS FOR TODAY
                         NORMAL    RECORD    YEAR
 MAXIMUM TEMPERATURE (F)   52        83      1991
 MINIMUM TEMPERATURE (F)   32         7      1887

SUNRISE AND SUNSET
APRIL  5 2014.........SUNRISE   644 AM CDT   SUNSET   742 PM CDT
APRIL  6 2014.........SUNRISE   642 AM CDT   SUNSET   743 PM CDT

-  INDICATES NEGATIVE NUMBERS.
R  INDICATES RECORD WAS SET OR TIED.
MM INDICATES DATA IS MISSING.
T  INDICATES TRACE AMOUNT.

$$

BOYNE
