000
CDUS43 KARX 050649
CLIRST


CLIMATE REPORT
NATIONAL WEATHER SERVICE LA CROSSE WI
1247 AM CST FRI FEB 5 2016

...THE ROCHESTER MN CLIMATE SUMMARY FOR FEBRUARY 4 2016...

CLIMATE NORMAL PERIOD 1981 TO 2010
CLIMATE RECORD PERIOD 1886 TO 2016

WEATHER ITEM   OBSERVED TIME   RECORD YEAR NORMAL DEPARTURE LAST
                VALUE   (LST)  VALUE       VALUE  FROM      YEAR
                                                  NORMAL
..................................................................
TEMPERATURE (F)
 YESTERDAY
  MAXIMUM         24    612 PM  49    1964  25     -1       13
  MINIMUM          0    438 AM -29    1912   9     -9      -12
  AVERAGE         12                        17     -5        1

PRECIPITATION (IN)
  YESTERDAY        T             0.56 1997   0.03  -0.03      T
  MONTH TO DATE    0.53                      0.11   0.42     0.33
  SINCE DEC 1      4.49                      2.20   2.29     2.06
  SINCE JAN 1      1.28                      0.97   0.31     1.04

SNOWFALL (IN)
  YESTERDAY        T             7.2  1997   0.3   -0.3       T
  MONTH TO DATE    8.9                       1.4    7.5      6.3
  SINCE JUL 1     30.3                      32.8   -2.5     33.7
  SNOW DEPTH      13

DEGREE DAYS
 HEATING
  YESTERDAY       53                        48      5       64
  MONTH TO DATE  178                       192    -14      237
  SINCE JUL 1   4155                      4800   -645     4938

 COOLING
  YESTERDAY        0                         0      0        0
  MONTH TO DATE    0                         0      0        0
  SINCE JAN 1      0                         0      0        0
..................................................................

WIND (MPH)
  HIGHEST WIND SPEED    21   HIGHEST WIND DIRECTION    NW (310)
  HIGHEST GUST SPEED    24   HIGHEST GUST DIRECTION    NW (310)
  AVERAGE WIND SPEED    10.2

SKY COVER
  POSSIBLE SUNSHINE  MM
  AVERAGE SKY COVER 0.7

WEATHER CONDITIONS
 THE FOLLOWING WEATHER WAS RECORDED YESTERDAY.
  LIGHT SNOW
  FOG
  HAZE

RELATIVE HUMIDITY (PERCENT)
 HIGHEST    91          1200 AM
 LOWEST     77          1200 PM
 AVERAGE    84
..........................................................

THE ROCHESTER MN CLIMATE NORMALS FOR TODAY
                         NORMAL    RECORD    YEAR
 MAXIMUM TEMPERATURE (F)   25        48      1946
 MINIMUM TEMPERATURE (F)    9       -29      1979

SUNRISE AND SUNSET
FEBRUARY  5 2016......SUNRISE   723 AM CST   SUNSET   525 PM CST
FEBRUARY  6 2016......SUNRISE   722 AM CST   SUNSET   527 PM CST

-  INDICATES NEGATIVE NUMBERS.
R  INDICATES RECORD WAS SET OR TIED.
MM INDICATES DATA IS MISSING.
T  INDICATES TRACE AMOUNT.

$$

BOYNE
