000
CDUS43 KARX 072136
CLIRST


CLIMATE REPORT
NATIONAL WEATHER SERVICE LA CROSSE WI
435 PM CDT MON APR 7 2014


...................................

...THE ROCHESTER MN CLIMATE SUMMARY FOR APRIL 7 2014...
VALID TODAY AS OF 0430 PM LOCAL TIME.

CLIMATE NORMAL PERIOD 1981 TO 2010
CLIMATE RECORD PERIOD 1886 TO 2014


WEATHER ITEM   OBSERVED TIME   RECORD YEAR NORMAL DEPARTURE LAST
                VALUE   (LST)  VALUE       VALUE  FROM      YEAR
                                                  NORMAL
..................................................................
TEMPERATURE (F)
 TODAY
  MAXIMUM         59    205 PM  83    1991  53      6       50
  MINIMUM         38    255 AM   9    1936  33      5       35
  AVERAGE         49                        43      6       43

PRECIPITATION (IN)
  TODAY            0.02          1.52 2006   0.09  -0.07      T
  MONTH TO DATE    0.84                      0.61   0.23     0.18
  SINCE MAR 1      1.99                      2.49  -0.50     3.03
  SINCE JAN 1      4.75                      4.18   0.57     5.03

SNOWFALL (IN)
  TODAY            0.0           5.5  2003   0.1   -0.1      0.0
  MONTH TO DATE    3.2                       1.0    2.2      0.7
  SINCE JUL 1     57.2                      49.6    7.6     56.0
  SNOW DEPTH       0

DEGREE DAYS
 HEATING
  TODAY           16                        22     -6       22
  MONTH TO DATE  193                       166     27      203
  SINCE JUL 1   8173                      7038   1135     6920

 COOLING
  TODAY            0                         0      0        0
  MONTH TO DATE    0                         0      0        0
  SINCE JAN 1      0                         0      0        0
..................................................................


WIND (MPH)
  HIGHEST WIND SPEED    16   HIGHEST WIND DIRECTION    NW (330)
  HIGHEST GUST SPEED    22   HIGHEST GUST DIRECTION    NW (320)
  AVERAGE WIND SPEED     6.4


SKY COVER
  POSSIBLE SUNSHINE  MM
  AVERAGE SKY COVER 0.8


WEATHER CONDITIONS
 THE FOLLOWING WEATHER WAS RECORDED TODAY.
  RAIN
  LIGHT RAIN
  FOG
  HAZE


RELATIVE HUMIDITY (PERCENT)
 HIGHEST    93           200 AM
 LOWEST     57           200 PM
 AVERAGE    75

..........................................................


THE ROCHESTER MN CLIMATE NORMALS FOR TOMORROW
                         NORMAL    RECORD    YEAR
 MAXIMUM TEMPERATURE (F)   53        84      1931
 MINIMUM TEMPERATURE (F)   33         9      1997
                                             1972


SUNRISE AND SUNSET
APRIL  7 2014.........SUNRISE   641 AM CDT   SUNSET   744 PM CDT
APRIL  8 2014.........SUNRISE   639 AM CDT   SUNSET   745 PM CDT


-  INDICATES NEGATIVE NUMBERS.
R  INDICATES RECORD WAS SET OR TIED.
MM INDICATES DATA IS MISSING.
T  INDICATES TRACE AMOUNT.




$$
