000
CDUS43 KARX 040644
CLIRST


CLIMATE REPORT
NATIONAL WEATHER SERVICE LA CROSSE WI
141 AM CDT MON SEP 4 2017


...................................

...THE ROCHESTER MN CLIMATE SUMMARY FOR SEPTEMBER 3 2017...

CLIMATE NORMAL PERIOD 1981 TO 2010
CLIMATE RECORD PERIOD 1886 TO 2017


WEATHER ITEM   OBSERVED TIME   RECORD YEAR NORMAL DEPARTURE LAST
                VALUE   (LST)  VALUE       VALUE  FROM      YEAR
                                                  NORMAL
..................................................................
TEMPERATURE (F)
 YESTERDAY
  MAXIMUM         80    235 PM  94    1937  76      4       74
  MINIMUM         53    605 AM  33    1974  56     -3       52
  AVERAGE         67                        66      1       63

PRECIPITATION (IN)
  YESTERDAY        0.00          1.17 1968   0.12  -0.12     0.00
  MONTH TO DATE    0.01                      0.37  -0.36     0.00
  SINCE SEP 1      0.01                      0.37  -0.36     0.00
  SINCE JAN 1     24.51                     24.56  -0.05    28.27

SNOWFALL (IN)
  YESTERDAY        0.0           0.0  2012   0.0    0.0      0.0
  MONTH TO DATE    0.0                       0.0    0.0      0.0
  SINCE JUL 1      0.0                       0.0    0.0      0.0
  SNOW DEPTH       0

DEGREE DAYS
 HEATING
  YESTERDAY        0                         2     -2        2
  MONTH TO DATE    8                         6      2        4
  SINCE JUL 1     49                        44      5       15

 COOLING
  YESTERDAY        2                         3     -1        0
  MONTH TO DATE    2                         9     -7        0
  SINCE JAN 1    404                       534   -130      573
..................................................................


WIND (MPH)
  HIGHEST WIND SPEED    18   HIGHEST WIND DIRECTION     S (200)
  HIGHEST GUST SPEED    25   HIGHEST GUST DIRECTION    SW (210)
  AVERAGE WIND SPEED    12.2


SKY COVER
  POSSIBLE SUNSHINE  MM
  AVERAGE SKY COVER 0.0


WEATHER CONDITIONS
 THE FOLLOWING WEATHER WAS RECORDED YESTERDAY.
  NO SIGNIFICANT WEATHER WAS OBSERVED.


RELATIVE HUMIDITY (PERCENT)
 HIGHEST    93          1200 AM
 LOWEST     54           100 PM
 AVERAGE    74

..........................................................


THE ROCHESTER MN CLIMATE NORMALS FOR TODAY
                         NORMAL    RECORD    YEAR
 MAXIMUM TEMPERATURE (F)   76        95      1893
 MINIMUM TEMPERATURE (F)   55        36      1974


SUNRISE AND SUNSET
SEPTEMBER  4 2017.....SUNRISE   637 AM CDT   SUNSET   740 PM CDT
SEPTEMBER  5 2017.....SUNRISE   638 AM CDT   SUNSET   738 PM CDT


-  INDICATES NEGATIVE NUMBERS.
R  INDICATES RECORD WAS SET OR TIED.
MM INDICATES DATA IS MISSING.
T  INDICATES TRACE AMOUNT.




$$
