000
CDUS43 KARX 110726
CLIRST


CLIMATE REPORT
NATIONAL WEATHER SERVICE LA CROSSE WI
125 AM CST SAT NOV 11 2017


...................................

...THE ROCHESTER MN CLIMATE SUMMARY FOR NOVEMBER 10 2017...

CLIMATE NORMAL PERIOD 1981 TO 2010
CLIMATE RECORD PERIOD 1886 TO 2017


WEATHER ITEM   OBSERVED TIME   RECORD YEAR NORMAL DEPARTURE LAST
                VALUE   (LST)  VALUE       VALUE  FROM      YEAR
                                                  NORMAL
..................................................................
TEMPERATURE (F)
 YESTERDAY
  MAXIMUM         28   1159 PM  75    2012  45    -17       65
  MINIMUM          9    346 AM   1    1986  29    -20       42
  AVERAGE         19                        37    -18       54

PRECIPITATION (IN)
  YESTERDAY        0.00          1.59 1919   0.07  -0.07     0.00
  MONTH TO DATE    0.30                      0.66  -0.36     0.00
  SINCE SEP 1      7.56                      6.35   1.21    11.84
  SINCE JAN 1     32.06                     30.54   1.52    40.11

SNOWFALL (IN)
  YESTERDAY        0.0          10.5  2006   0.1   -0.1      0.0
  MONTH TO DATE    0.7                       1.1   -0.4      0.0
  SINCE JUL 1      3.3                       1.9    1.4      0.0
  SNOW DEPTH       0

DEGREE DAYS
 HEATING
  YESTERDAY       46                        28     18       11
  MONTH TO DATE  346                       255     91      130
  SINCE JUL 1    968                       991    -23      605

 COOLING
  YESTERDAY        0                         0      0        0
  MONTH TO DATE    0                         0      0        0
  SINCE JAN 1    494                       585    -91      629
..................................................................


WIND (MPH)
  HIGHEST WIND SPEED    26   HIGHEST WIND DIRECTION     S (160)
  HIGHEST GUST SPEED    34   HIGHEST GUST DIRECTION     S (170)
  AVERAGE WIND SPEED    15.2


SKY COVER
  POSSIBLE SUNSHINE  MM
  AVERAGE SKY COVER 0.4


WEATHER CONDITIONS
 THE FOLLOWING WEATHER WAS RECORDED YESTERDAY.
  NO SIGNIFICANT WEATHER WAS OBSERVED.


RELATIVE HUMIDITY (PERCENT)
 HIGHEST    73           200 AM
 LOWEST     44           200 PM
 AVERAGE    59

..........................................................


THE ROCHESTER MN CLIMATE NORMALS FOR TODAY
                         NORMAL    RECORD    YEAR
 MAXIMUM TEMPERATURE (F)   44        66      2012
                                             1912
 MINIMUM TEMPERATURE (F)   29        -6      1986


SUNRISE AND SUNSET
NOVEMBER 11 2017......SUNRISE   700 AM CST   SUNSET   448 PM CST
NOVEMBER 12 2017......SUNRISE   701 AM CST   SUNSET   447 PM CST


-  INDICATES NEGATIVE NUMBERS.
R  INDICATES RECORD WAS SET OR TIED.
MM INDICATES DATA IS MISSING.
T  INDICATES TRACE AMOUNT.




$$
