000
CDUS43 KARX 092141
CLIRST


CLIMATE REPORT
NATIONAL WEATHER SERVICE LA CROSSE WI
441 PM CDT TUE MAY 9 2017


...................................

...THE ROCHESTER MN CLIMATE SUMMARY FOR MAY 9 2017...
VALID TODAY AS OF 0400 PM LOCAL TIME.

CLIMATE NORMAL PERIOD 1981 TO 2010
CLIMATE RECORD PERIOD 1886 TO 2017


WEATHER ITEM   OBSERVED TIME   RECORD YEAR NORMAL DEPARTURE LAST
                VALUE   (LST)  VALUE       VALUE  FROM      YEAR
                                                  NORMAL
..................................................................
TEMPERATURE (F)
 TODAY
  MAXIMUM         72    257 PM  90    1934  67      5       60
  MINIMUM         50    534 AM  22    1966  45      5       50
  AVERAGE         61                        56      5       55

PRECIPITATION (IN)
  TODAY            0.00          1.76 1990   0.11  -0.11     0.71
  MONTH TO DATE    0.31                      1.05  -0.74     0.72
  SINCE MAR 1      7.73                      6.17   1.56     6.42
  SINCE JAN 1     11.51                      7.86   3.65     7.82

SNOWFALL (IN)
  TODAY            0.0           0.0  2012   0.0    0.0      0.0
  MONTH TO DATE    0.0                       0.2   -0.2      0.0
  SINCE JUL 1     52.7                      52.1    0.6     47.9
  SNOW DEPTH       0

DEGREE DAYS
 HEATING
  TODAY            4                        10     -6       10
  MONTH TO DATE  112                        97     15       84
  SINCE JUL 1   6696                      7522   -826     6630

 COOLING
  TODAY            0                         1     -1        0
  MONTH TO DATE    0                         2     -2        9
  SINCE JAN 1      0                         6     -6       10
..................................................................


WIND (MPH)
  HIGHEST WIND SPEED    16   HIGHEST WIND DIRECTION     E (110)
  HIGHEST GUST SPEED    20   HIGHEST GUST DIRECTION     N (20)
  AVERAGE WIND SPEED     7.4


SKY COVER
  POSSIBLE SUNSHINE  MM
  AVERAGE SKY COVER 0.7


WEATHER CONDITIONS
 THE FOLLOWING WEATHER WAS RECORDED TODAY.
  FOG


RELATIVE HUMIDITY (PERCENT)
 HIGHEST    89           200 AM
 LOWEST     53           200 PM
 AVERAGE    71

..........................................................


THE ROCHESTER MN CLIMATE NORMALS FOR TOMORROW
                         NORMAL    RECORD    YEAR
 MAXIMUM TEMPERATURE (F)   67        89      1887
 MINIMUM TEMPERATURE (F)   46        23      1966


SUNRISE AND SUNSET
MAY  9 2017...........SUNRISE   551 AM CDT   SUNSET   823 PM CDT
MAY 10 2017...........SUNRISE   550 AM CDT   SUNSET   824 PM CDT


-  INDICATES NEGATIVE NUMBERS.
R  INDICATES RECORD WAS SET OR TIED.
MM INDICATES DATA IS MISSING.
T  INDICATES TRACE AMOUNT.




$$
