000
CDUS43 KARX 150646
CLIRST


CLIMATE REPORT
NATIONAL WEATHER SERVICE LA CROSSE WI
145 AM CDT TUE JUL 15 2014


...................................

...THE ROCHESTER MN CLIMATE SUMMARY FOR JULY 14 2014...

CLIMATE NORMAL PERIOD 1981 TO 2010
CLIMATE RECORD PERIOD 1886 TO 2014


WEATHER ITEM   OBSERVED TIME   RECORD YEAR NORMAL DEPARTURE LAST
                VALUE   (LST)  VALUE       VALUE  FROM      YEAR
                                                  NORMAL
..................................................................
TEMPERATURE (F)
 YESTERDAY
  MAXIMUM         66    105 PM 108    1936  82    -16       83
  MINIMUM         52    506 AM  47    1960  62    -10       64
                                      1920
  AVERAGE         59                        72    -13       74

PRECIPITATION (IN)
  YESTERDAY        0.09          1.37 1984   0.15  -0.06     0.00
  MONTH TO DATE    1.58                      2.07  -0.49     0.92
  SINCE JUN 1      8.08                      6.75   1.33     7.78
  SINCE JAN 1     19.41                     17.19   2.22    31.68

SNOWFALL (IN)
  YESTERDAY        0.0           0.0  2012   0.0    0.0      0.0
  MONTH TO DATE    0.0                       0.0    0.0      0.0
  SINCE JUL 1      0.0                       0.0    0.0      0.0
  SNOW DEPTH       0

DEGREE DAYS
 HEATING
  YESTERDAY        6                         0      6        0
  MONTH TO DATE   13                         0     13        0
  SINCE JUL 1     13                         0     13        0

 COOLING
  YESTERDAY        0                         7     -7        9
  MONTH TO DATE   39                        98    -59      124
  SINCE JAN 1    209                       262    -53      280
..................................................................


WIND (MPH)
  HIGHEST WIND SPEED    26   HIGHEST WIND DIRECTION    NW (330)
  HIGHEST GUST SPEED    32   HIGHEST GUST DIRECTION    NW (330)
  AVERAGE WIND SPEED    13.1


SKY COVER
  POSSIBLE SUNSHINE  MM
  AVERAGE SKY COVER 0.5


WEATHER CONDITIONS
 THE FOLLOWING WEATHER WAS RECORDED YESTERDAY.
  RAIN
  LIGHT RAIN
  FOG


RELATIVE HUMIDITY (PERCENT)
 HIGHEST    93          1000 PM
 LOWEST     52          1100 AM
 AVERAGE    73

..........................................................


THE ROCHESTER MN CLIMATE NORMALS FOR TODAY
                         NORMAL    RECORD    YEAR
 MAXIMUM TEMPERATURE (F)   82       100      1936
 MINIMUM TEMPERATURE (F)   62        42      1930


SUNRISE AND SUNSET
JULY 15 2014..........SUNRISE   541 AM CDT   SUNSET   850 PM CDT
JULY 16 2014..........SUNRISE   542 AM CDT   SUNSET   849 PM CDT


-  INDICATES NEGATIVE NUMBERS.
R  INDICATES RECORD WAS SET OR TIED.
MM INDICATES DATA IS MISSING.
T  INDICATES TRACE AMOUNT.




$$
