000
CDUS43 KARX 060647
CLIRST


CLIMATE REPORT
NATIONAL WEATHER SERVICE LA CROSSE WI
1246 AM CST MON FEB 6 2017


...................................

...THE ROCHESTER MN CLIMATE SUMMARY FOR FEBRUARY 5 2017...

CLIMATE NORMAL PERIOD 1981 TO 2010
CLIMATE RECORD PERIOD 1886 TO 2017


WEATHER ITEM   OBSERVED TIME   RECORD YEAR NORMAL DEPARTURE LAST
                VALUE   (LST)  VALUE       VALUE  FROM      YEAR
                                                  NORMAL
..................................................................
TEMPERATURE (F)
 YESTERDAY
  MAXIMUM         29   1228 AM  48    1946  25      4       23
  MINIMUM         13    944 PM -29    1979   9      4        3
  AVERAGE         21                        17      4       13

PRECIPITATION (IN)
  YESTERDAY        0.00          0.41 1946   0.02  -0.02      T
  MONTH TO DATE    0.01                      0.13  -0.12     0.53
  SINCE DEC 1      4.20                      2.22   1.98     4.49
  SINCE JAN 1      2.13                      0.99   1.14     1.28

SNOWFALL (IN)
  YESTERDAY        0.0           4.0  1916   0.4   -0.4       T
  MONTH TO DATE    0.2                       1.8   -1.6      8.9
  SINCE JUL 1     34.1                      33.2    0.9     30.3
  SNOW DEPTH       8

DEGREE DAYS
 HEATING
  YESTERDAY       44                        48     -4       52
  MONTH TO DATE  251                       240     11      230
  SINCE JUL 1   4254                      4848   -594     4207

 COOLING
  YESTERDAY        0                         0      0        0
  MONTH TO DATE    0                         0      0        0
  SINCE JAN 1      0                         0      0        0
..................................................................


WIND (MPH)
  HIGHEST WIND SPEED    26   HIGHEST WIND DIRECTION    NW (300)
  HIGHEST GUST SPEED    31   HIGHEST GUST DIRECTION     W (290)
  AVERAGE WIND SPEED    11.3


SKY COVER
  POSSIBLE SUNSHINE  MM
  AVERAGE SKY COVER 0.4


WEATHER CONDITIONS
 THE FOLLOWING WEATHER WAS RECORDED YESTERDAY.
  FOG


RELATIVE HUMIDITY (PERCENT)
 HIGHEST    92          1200 AM
 LOWEST     60           100 PM
 AVERAGE    76

..........................................................


THE ROCHESTER MN CLIMATE NORMALS FOR TODAY
                         NORMAL    RECORD    YEAR
 MAXIMUM TEMPERATURE (F)   26        43      1987
 MINIMUM TEMPERATURE (F)   10       -28      1936


SUNRISE AND SUNSET
FEBRUARY  6 2017......SUNRISE   721 AM CST   SUNSET   528 PM CST
FEBRUARY  7 2017......SUNRISE   720 AM CST   SUNSET   529 PM CST


-  INDICATES NEGATIVE NUMBERS.
R  INDICATES RECORD WAS SET OR TIED.
MM INDICATES DATA IS MISSING.
T  INDICATES TRACE AMOUNT.




$$
