000
CDUS43 KARX 090633
CLIRST


CLIMATE REPORT
NATIONAL WEATHER SERVICE LA CROSSE WI
133 AM CDT TUE AUG 9 2016


...................................

...THE ROCHESTER MN CLIMATE SUMMARY FOR AUGUST 8 2016...

CLIMATE NORMAL PERIOD 1981 TO 2010
CLIMATE RECORD PERIOD 1886 TO 2016


WEATHER ITEM   OBSERVED TIME   RECORD YEAR NORMAL DEPARTURE LAST
                VALUE   (LST)  VALUE       VALUE  FROM      YEAR
                                                  NORMAL
..................................................................
TEMPERATURE (F)
 YESTERDAY
  MAXIMUM         79    356 PM  97    1934  80     -1       79
  MINIMUM         56    514 AM  45    1932  60     -4       60
  AVERAGE         68                        70     -2       70

PRECIPITATION (IN)
  YESTERDAY        0.00          2.94 1942   0.14  -0.14      T
  MONTH TO DATE    1.22                      1.16   0.06     0.06
  SINCE JUN 1     12.06                     10.39   1.67     9.46
  SINCE JAN 1     23.75                     20.83   2.92    22.07

SNOWFALL (IN)
  YESTERDAY        0.0           0.0  2012   0.0    0.0      0.0
  MONTH TO DATE    0.0                       0.0    0.0      0.0
  SINCE JUL 1      0.0                       0.0    0.0      0.0
  SNOW DEPTH       0

DEGREE DAYS
 HEATING
  YESTERDAY        0                         1     -1        0
  MONTH TO DATE    0                         5     -5        2
  SINCE JUL 1      4                        16    -12       19

 COOLING
  YESTERDAY        3                         6     -3        5
  MONTH TO DATE   53                        48      5       27
  SINCE JAN 1    453                       419     34      304
..................................................................


WIND (MPH)
  HIGHEST WIND SPEED    15   HIGHEST WIND DIRECTION    SE (140)
  HIGHEST GUST SPEED    19   HIGHEST GUST DIRECTION     S (160)
  AVERAGE WIND SPEED     7.2


SKY COVER
  POSSIBLE SUNSHINE  MM
  AVERAGE SKY COVER 0.2


WEATHER CONDITIONS
 THE FOLLOWING WEATHER WAS RECORDED YESTERDAY.
  FOG


RELATIVE HUMIDITY (PERCENT)
 HIGHEST   100           400 AM
 LOWEST     62           300 PM
 AVERAGE    81

..........................................................


THE ROCHESTER MN CLIMATE NORMALS FOR TODAY
                         NORMAL    RECORD    YEAR
 MAXIMUM TEMPERATURE (F)   80        99      1936
 MINIMUM TEMPERATURE (F)   60        43      1972


SUNRISE AND SUNSET
AUGUST  9 2016........SUNRISE   608 AM CDT   SUNSET   822 PM CDT
AUGUST 10 2016........SUNRISE   609 AM CDT   SUNSET   821 PM CDT


-  INDICATES NEGATIVE NUMBERS.
R  INDICATES RECORD WAS SET OR TIED.
MM INDICATES DATA IS MISSING.
T  INDICATES TRACE AMOUNT.




$$
