000
CDUS43 KARX 032143
CLIRST


CLIMATE REPORT
NATIONAL WEATHER SERVICE LA CROSSE WI
442 PM CDT FRI NOV 3 2017


...................................

...THE ROCHESTER MN CLIMATE SUMMARY FOR NOVEMBER 3 2017...
VALID TODAY AS OF 0400 PM LOCAL TIME.

CLIMATE NORMAL PERIOD 1981 TO 2010
CLIMATE RECORD PERIOD 1886 TO 2017


WEATHER ITEM   OBSERVED TIME   RECORD YEAR NORMAL DEPARTURE LAST
                VALUE   (LST)  VALUE       VALUE  FROM      YEAR
                                                  NORMAL
..................................................................
TEMPERATURE (F)
 TODAY
  MAXIMUM         37    220 PM  75    2008  49    -12       64
  MINIMUM         26    538 AM   4    1991  32     -6       40
  AVERAGE         32                        41     -9       52

PRECIPITATION (IN)
  TODAY            0.00          0.82 1964   0.07  -0.07     0.00
  MONTH TO DATE    0.12                      0.20  -0.08     0.00
  SINCE SEP 1      7.38                      5.89   1.49    11.84
  SINCE JAN 1     31.88                     30.08   1.80    40.11

SNOWFALL (IN)
  TODAY            0.0           3.7  1951   0.1   -0.1      0.0
  MONTH TO DATE    0.7                       0.3    0.4      0.0
  SINCE JUL 1      3.3                       1.1    2.2      0.0
  SNOW DEPTH       0

DEGREE DAYS
 HEATING
  TODAY           33                        24      9       13
  MONTH TO DATE   93                        71     22       33
  SINCE JUL 1    715                       807    -92      508

 COOLING
  TODAY            0                         0      0        0
  MONTH TO DATE    0                         0      0        0
  SINCE JAN 1    494                       585    -91      629
..................................................................


WIND (MPH)
  HIGHEST WIND SPEED    20   HIGHEST WIND DIRECTION     N (10)
  HIGHEST GUST SPEED    25   HIGHEST GUST DIRECTION     N (360)
  AVERAGE WIND SPEED     8.9


SKY COVER
  POSSIBLE SUNSHINE  MM
  AVERAGE SKY COVER 0.5


WEATHER CONDITIONS
 THE FOLLOWING WEATHER WAS RECORDED TODAY.
  NO SIGNIFICANT WEATHER WAS OBSERVED.


RELATIVE HUMIDITY (PERCENT)
 HIGHEST    85           400 AM
 LOWEST     64           200 PM
 AVERAGE    75

..........................................................


THE ROCHESTER MN CLIMATE NORMALS FOR TOMORROW
                         NORMAL    RECORD    YEAR
 MAXIMUM TEMPERATURE (F)   49        74      2008
 MINIMUM TEMPERATURE (F)   32        -2      1991


SUNRISE AND SUNSET
NOVEMBER  3 2017......SUNRISE   749 AM CDT   SUNSET   557 PM CDT
NOVEMBER  4 2017......SUNRISE   751 AM CDT   SUNSET   556 PM CDT


-  INDICATES NEGATIVE NUMBERS.
R  INDICATES RECORD WAS SET OR TIED.
MM INDICATES DATA IS MISSING.
T  INDICATES TRACE AMOUNT.




$$
