000
CDUS43 KARX 130640
CLIRST


CLIMATE REPORT
NATIONAL WEATHER SERVICE LA CROSSE WI
140 AM CDT MON OCT 13 2014


...................................

...THE ROCHESTER MN CLIMATE SUMMARY FOR OCTOBER 12 2014...

CLIMATE NORMAL PERIOD 1981 TO 2010
CLIMATE RECORD PERIOD 1886 TO 2014


WEATHER ITEM   OBSERVED TIME   RECORD YEAR NORMAL DEPARTURE LAST
                VALUE   (LST)  VALUE       VALUE  FROM      YEAR
                                                  NORMAL
..................................................................
TEMPERATURE (F)
 YESTERDAY
  MAXIMUM         56    243 PM  85    1975  60     -4       62
                                      1956
  MINIMUM         35    653 AM  23    2006  40     -5       40
                                      1988
  AVERAGE         46                        50     -4       51

PRECIPITATION (IN)
  YESTERDAY        T             1.81 1997   0.07  -0.07     0.00
  MONTH TO DATE    0.90                      1.01  -0.11     2.09
  SINCE SEP 1      4.44                      4.46  -0.02     3.31
  SINCE JAN 1     29.86                     28.65   1.21    38.01

SNOWFALL (IN)
  YESTERDAY        0.0           1.7  2009   0.0    0.0      0.0
  MONTH TO DATE    T                         0.1   -0.1      0.0
  SINCE JUL 1      T                         0.1   -0.1      0.0
  SNOW DEPTH       0

DEGREE DAYS
 HEATING
  YESTERDAY       19                        15      4       14
  MONTH TO DATE  221                       160     61       81
  SINCE JUL 1    426                       375     51      235

 COOLING
  YESTERDAY        0                         0      0        0
  MONTH TO DATE    0                         4     -4        0
  SINCE JAN 1    491                       583    -92      656
..................................................................


WIND (MPH)
  HIGHEST WIND SPEED    22   HIGHEST WIND DIRECTION     S (170)
  HIGHEST GUST SPEED    30   HIGHEST GUST DIRECTION     S (170)
  AVERAGE WIND SPEED    10.7


SKY COVER
  POSSIBLE SUNSHINE  MM
  AVERAGE SKY COVER 0.5


WEATHER CONDITIONS
 THE FOLLOWING WEATHER WAS RECORDED YESTERDAY.
  LIGHT RAIN
  FOG


RELATIVE HUMIDITY (PERCENT)
 HIGHEST    93           900 PM
 LOWEST     54          1000 AM
 AVERAGE    74

..........................................................


THE ROCHESTER MN CLIMATE NORMALS FOR TODAY
                         NORMAL    RECORD    YEAR
 MAXIMUM TEMPERATURE (F)   60        85      1975
 MINIMUM TEMPERATURE (F)   39        15      1917


SUNRISE AND SUNSET
OCTOBER 13 2014.......SUNRISE   722 AM CDT   SUNSET   630 PM CDT
OCTOBER 14 2014.......SUNRISE   723 AM CDT   SUNSET   628 PM CDT


-  INDICATES NEGATIVE NUMBERS.
R  INDICATES RECORD WAS SET OR TIED.
MM INDICATES DATA IS MISSING.
T  INDICATES TRACE AMOUNT.




$$
