000
CDUS43 KARX 180902
CLIRST


CLIMATE REPORT
NATIONAL WEATHER SERVICE LA CROSSE WI
1241 AM CST WED FEB 18 2015


...................................

...THE ROCHESTER MN CLIMATE SUMMARY FOR FEBRUARY 17 2015...

CLIMATE NORMAL PERIOD 1981 TO 2010
CLIMATE RECORD PERIOD 1886 TO 2015


WEATHER ITEM   OBSERVED TIME   RECORD YEAR NORMAL DEPARTURE LAST
                VALUE   (LST)  VALUE       VALUE  FROM      YEAR
                                                  NORMAL
..................................................................
TEMPERATURE (F)
 YESTERDAY
  MAXIMUM          8    450 PM  63    1981  29    -21       30
  MINIMUM         -1   1159 PM -22    1910  13    -14       17
  AVERAGE          4                        21    -17       24

PRECIPITATION (IN)
  YESTERDAY        T             0.45 1911   0.03  -0.03     0.24
  MONTH TO DATE    0.45                      0.46  -0.01     0.53
  SINCE DEC 1      2.18                      2.55  -0.37     2.63
  SINCE JAN 1      1.16                      1.32  -0.16     1.53

SNOWFALL (IN)
  YESTERDAY        T             3.6  2014   0.3   -0.3      3.6
  MONTH TO DATE    7.8                       5.3    2.5      8.4
  SINCE JUL 1     35.2                      36.7   -1.5     37.6
  SNOW DEPTH       7

DEGREE DAYS
 HEATING
  YESTERDAY       61                        44     17       41
  MONTH TO DATE  911                       791    120     1013
  SINCE JUL 1   5612                      5399    213     6110

 COOLING
  YESTERDAY        0                         0      0        0
  MONTH TO DATE    0                         0      0        0
  SINCE JAN 1      0                         0      0        0
..................................................................


WIND (MPH)
  HIGHEST WIND SPEED    28   HIGHEST WIND DIRECTION    NW (320)
  HIGHEST GUST SPEED    33   HIGHEST GUST DIRECTION    NW (320)
  AVERAGE WIND SPEED    16.6


SKY COVER
  POSSIBLE SUNSHINE  MM
  AVERAGE SKY COVER 0.6


WEATHER CONDITIONS
 THE FOLLOWING WEATHER WAS RECORDED YESTERDAY.
  LIGHT SNOW
  FOG
  HAZE
  BLOWING SNOW


RELATIVE HUMIDITY (PERCENT)
 HIGHEST    87           400 AM
 LOWEST     69           100 PM
 AVERAGE    78

..........................................................


THE ROCHESTER MN CLIMATE NORMALS FOR TODAY
                         NORMAL    RECORD    YEAR
 MAXIMUM TEMPERATURE (F)   29        60      1981
 MINIMUM TEMPERATURE (F)   13       -19      2006


SUNRISE AND SUNSET
FEBRUARY 18 2015......SUNRISE   705 AM CST   SUNSET   544 PM CST
FEBRUARY 19 2015......SUNRISE   703 AM CST   SUNSET   545 PM CST


-  INDICATES NEGATIVE NUMBERS.
R  INDICATES RECORD WAS SET OR TIED.
MM INDICATES DATA IS MISSING.
T  INDICATES TRACE AMOUNT.




$$
