000
CDUS43 KARX 030644
CLIRST


CLIMATE REPORT
NATIONAL WEATHER SERVICE LA CROSSE WI
144 AM CDT SUN SEP 3 2017


...................................

...THE ROCHESTER MN CLIMATE SUMMARY FOR SEPTEMBER 2 2017...

CLIMATE NORMAL PERIOD 1981 TO 2010
CLIMATE RECORD PERIOD 1886 TO 2017


WEATHER ITEM   OBSERVED TIME   RECORD YEAR NORMAL DEPARTURE LAST
                VALUE   (LST)  VALUE       VALUE  FROM      YEAR
                                                  NORMAL
..................................................................
TEMPERATURE (F)
 YESTERDAY
  MAXIMUM         75    420 PM  94    1929  76     -1       74
  MINIMUM         55   1149 PM  35    1909  56     -1       51
  AVERAGE         65                        66     -1       63

PRECIPITATION (IN)
  YESTERDAY        0.01          1.35 1961   0.12  -0.11     0.00
  MONTH TO DATE    0.01                      0.25  -0.24     0.00
  SINCE SEP 1      0.01                      0.25  -0.24     0.00
  SINCE JAN 1     24.51                     24.44   0.07    28.27

SNOWFALL (IN)
  YESTERDAY        0.0           0.0  2012   0.0    0.0      0.0
  MONTH TO DATE    0.0                       0.0    0.0      0.0
  SINCE JUL 1      0.0                       0.0    0.0      0.0
  SNOW DEPTH       0

DEGREE DAYS
 HEATING
  YESTERDAY        0                         2     -2        2
  MONTH TO DATE    8                         4      4        2
  SINCE JUL 1     49                        42      7       13

 COOLING
  YESTERDAY        0                         3     -3        0
  MONTH TO DATE    0                         6     -6        0
  SINCE JAN 1    402                       531   -129      573
..................................................................


WIND (MPH)
  HIGHEST WIND SPEED    17   HIGHEST WIND DIRECTION    SW (230)
  HIGHEST GUST SPEED    22   HIGHEST GUST DIRECTION    SW (230)
  AVERAGE WIND SPEED    10.9


SKY COVER
  POSSIBLE SUNSHINE  MM
  AVERAGE SKY COVER 0.6


WEATHER CONDITIONS
 THE FOLLOWING WEATHER WAS RECORDED YESTERDAY.
  LIGHT RAIN


RELATIVE HUMIDITY (PERCENT)
 HIGHEST    93           900 PM
 LOWEST     64           400 PM
 AVERAGE    79

..........................................................


THE ROCHESTER MN CLIMATE NORMALS FOR TODAY
                         NORMAL    RECORD    YEAR
 MAXIMUM TEMPERATURE (F)   76        94      1937
 MINIMUM TEMPERATURE (F)   56        33      1974


SUNRISE AND SUNSET
SEPTEMBER  3 2017.....SUNRISE   636 AM CDT   SUNSET   742 PM CDT
SEPTEMBER  4 2017.....SUNRISE   637 AM CDT   SUNSET   740 PM CDT


-  INDICATES NEGATIVE NUMBERS.
R  INDICATES RECORD WAS SET OR TIED.
MM INDICATES DATA IS MISSING.
T  INDICATES TRACE AMOUNT.




$$
