143
CDUS43 KARX 220629
CLIRST


CLIMATE REPORT
NATIONAL WEATHER SERVICE LA CROSSE WI
129 AM CDT SUN MAY 22 2016


...................................

...THE ROCHESTER MN CLIMATE SUMMARY FOR MAY 21 2016...

CLIMATE NORMAL PERIOD 1981 TO 2010
CLIMATE RECORD PERIOD 1886 TO 2016


WEATHER ITEM   OBSERVED TIME   RECORD YEAR NORMAL DEPARTURE LAST
                VALUE   (LST)  VALUE       VALUE  FROM      YEAR
                                                  NORMAL
..................................................................
TEMPERATURE (F)
 YESTERDAY
  MAXIMUM         77    458 PM  88    1970  70      7       73
                                      1964
  MINIMUM         50    448 AM  31    1929  49      1       42
  AVERAGE         64                        60      4       58

PRECIPITATION (IN)
  YESTERDAY        0.00          1.62 1945   0.11  -0.11     0.00
  MONTH TO DATE    1.54                      2.41  -0.87     3.36
  SINCE MAR 1      7.24                      7.53  -0.29     9.36
  SINCE JAN 1      8.64                      9.22  -0.58    10.72

SNOWFALL (IN)
  YESTERDAY        0.0           0.0  2012   0.0    0.0      0.0
  MONTH TO DATE    0.0                       0.2   -0.2      0.0
  SINCE JUL 1     47.9                      52.1   -4.2     50.4
  SNOW DEPTH       0

DEGREE DAYS
 HEATING
  YESTERDAY        1                         7     -6        7
  MONTH TO DATE  229                       193     36      193
  SINCE JUL 1   6775                      7618   -843     8005

 COOLING
  YESTERDAY        0                         1     -1        0
  MONTH TO DATE    9                        14     -5        7
  SINCE JAN 1     10                        18     -8        7
..................................................................


WIND (MPH)
  HIGHEST WIND SPEED    13   HIGHEST WIND DIRECTION     N (10)
  HIGHEST GUST SPEED    21   HIGHEST GUST DIRECTION     E (80)
  AVERAGE WIND SPEED     6.2


SKY COVER
  POSSIBLE SUNSHINE  MM
  AVERAGE SKY COVER 0.0


WEATHER CONDITIONS
 THE FOLLOWING WEATHER WAS RECORDED YESTERDAY.
  NO SIGNIFICANT WEATHER WAS OBSERVED.


RELATIVE HUMIDITY (PERCENT)
 HIGHEST    68           200 AM
 LOWEST     24           400 PM
 AVERAGE    46

..........................................................


THE ROCHESTER MN CLIMATE NORMALS FOR TODAY
                         NORMAL    RECORD    YEAR
 MAXIMUM TEMPERATURE (F)   71        92      1964
 MINIMUM TEMPERATURE (F)   49        30      1963


SUNRISE AND SUNSET
MAY 22 2016...........SUNRISE   537 AM CDT   SUNSET   837 PM CDT
MAY 23 2016...........SUNRISE   536 AM CDT   SUNSET   838 PM CDT


-  INDICATES NEGATIVE NUMBERS.
R  INDICATES RECORD WAS SET OR TIED.
MM INDICATES DATA IS MISSING.
T  INDICATES TRACE AMOUNT.




$$
