000
CDUS43 KARX 270707
CLIRST


CLIMATE REPORT
NATIONAL WEATHER SERVICE LA CROSSE WI
206 AM CDT SAT JUN 27 2015


...................................

...THE ROCHESTER MN CLIMATE SUMMARY FOR JUNE 26 2015...

CLIMATE NORMAL PERIOD 1981 TO 2010
CLIMATE RECORD PERIOD 1886 TO 2015


WEATHER ITEM   OBSERVED TIME   RECORD YEAR NORMAL DEPARTURE LAST
                VALUE   (LST)  VALUE       VALUE  FROM      YEAR
                                                  NORMAL
..................................................................
TEMPERATURE (F)
 YESTERDAY
  MAXIMUM         76    447 PM  99    1934  81     -5       79
  MINIMUM         60   1159 PM  44    1955  60      0       59
  AVERAGE         68                        70     -2       69

PRECIPITATION (IN)
  YESTERDAY        0.00          2.00 1941   0.15  -0.15     0.30
  MONTH TO DATE    3.65                      4.05  -0.40     6.03
  SINCE JUN 1      3.65                      4.05  -0.40     6.03
  SINCE JAN 1     16.26                     14.49   1.77    17.36

SNOWFALL (IN)
  YESTERDAY        0.0           0.0  2012   0.0    0.0      0.0
  MONTH TO DATE    0.0                       0.0    0.0      0.0
  SINCE JUL 1     50.4                      51.9   -1.5     60.5
  SNOW DEPTH       0

DEGREE DAYS
 HEATING
  YESTERDAY        0                         1     -1        0
  MONTH TO DATE   20                        52    -32       11
  SINCE JUL 1   8068                      7722    346     8917

 COOLING
  YESTERDAY        3                         6     -3        4
  MONTH TO DATE   83                       104    -21      104
  SINCE JAN 1     99                       138    -39      143
..................................................................


WIND (MPH)
  HIGHEST WIND SPEED    18   HIGHEST WIND DIRECTION    NE (50)
  HIGHEST GUST SPEED    21   HIGHEST GUST DIRECTION    NE (50)
  AVERAGE WIND SPEED     7.8


SKY COVER
  POSSIBLE SUNSHINE  MM
  AVERAGE SKY COVER 0.1


WEATHER CONDITIONS
 THE FOLLOWING WEATHER WAS RECORDED YESTERDAY.
  FOG


RELATIVE HUMIDITY (PERCENT)
 HIGHEST    93           100 AM
 LOWEST     54           400 PM
 AVERAGE    74

..........................................................


THE ROCHESTER MN CLIMATE NORMALS FOR TODAY
                         NORMAL    RECORD    YEAR
 MAXIMUM TEMPERATURE (F)   81       105      1934
 MINIMUM TEMPERATURE (F)   60        43      1992


SUNRISE AND SUNSET
JUNE 27 2015..........SUNRISE   529 AM CDT   SUNSET   857 PM CDT
JUNE 28 2015..........SUNRISE   530 AM CDT   SUNSET   857 PM CDT


-  INDICATES NEGATIVE NUMBERS.
R  INDICATES RECORD WAS SET OR TIED.
MM INDICATES DATA IS MISSING.
T  INDICATES TRACE AMOUNT.




$$
