000
CDUS43 KARX 112247
CLIRST


CLIMATE REPORT
NATIONAL WEATHER SERVICE LA CROSSE WI
446 PM CST TUE NOV 11 2014


...................................

...THE ROCHESTER MN CLIMATE SUMMARY FOR NOVEMBER 11 2014...
VALID TODAY AS OF 0400 PM LOCAL TIME.

CLIMATE NORMAL PERIOD 1981 TO 2010
CLIMATE RECORD PERIOD 1886 TO 2014


WEATHER ITEM   OBSERVED TIME   RECORD YEAR NORMAL DEPARTURE LAST
                VALUE   (LST)  VALUE       VALUE  FROM      YEAR
                                                  NORMAL
..................................................................
TEMPERATURE (F)
 TODAY
  MAXIMUM         28   1204 AM  66    2012  44    -16       41
                                      1912
  MINIMUM         22    630 AM  -6    1986  29     -7       14
  AVERAGE         25                        36    -11       28

PRECIPITATION (IN)
  TODAY            0.07          1.78 1940   0.06   0.01     0.04
  MONTH TO DATE    0.28                      0.72  -0.44     1.34
  SINCE SEP 1      6.19                      6.41  -0.22     5.54
  SINCE JAN 1     31.61                     30.60   1.01    40.24

SNOWFALL (IN)
  TODAY            0.6           2.0  1893   0.2    0.4      0.5
  MONTH TO DATE    0.6                       1.3   -0.7      0.5
  SINCE JUL 1      0.6                       2.1   -1.5      0.5
  SNOW DEPTH       0

DEGREE DAYS
 HEATING
  TODAY           40                        29     11       37
  MONTH TO DATE  305                       284     21      305
  SINCE JUL 1   1050                      1020     30      988

 COOLING
  TODAY            0                         0      0        0
  MONTH TO DATE    0                         0      0        0
  SINCE JAN 1    491                       585    -94      656
..................................................................


WIND (MPH)
  HIGHEST WIND SPEED    28   HIGHEST WIND DIRECTION     N (340)
  HIGHEST GUST SPEED    35   HIGHEST GUST DIRECTION     N (340)
  AVERAGE WIND SPEED    21.0


SKY COVER
  POSSIBLE SUNSHINE  MM
  AVERAGE SKY COVER 1.0


WEATHER CONDITIONS
 THE FOLLOWING WEATHER WAS RECORDED TODAY.
  LIGHT SNOW
  FOG


RELATIVE HUMIDITY (PERCENT)
 HIGHEST    92          1200 AM
 LOWEST     81           900 AM
 AVERAGE    87

..........................................................


THE ROCHESTER MN CLIMATE NORMALS FOR TOMORROW
                         NORMAL    RECORD    YEAR
 MAXIMUM TEMPERATURE (F)   44        62      2001
 MINIMUM TEMPERATURE (F)   28        -1      1986


SUNRISE AND SUNSET
NOVEMBER 11 2014......SUNRISE   700 AM CST   SUNSET   448 PM CST
NOVEMBER 12 2014......SUNRISE   701 AM CST   SUNSET   447 PM CST


-  INDICATES NEGATIVE NUMBERS.
R  INDICATES RECORD WAS SET OR TIED.
MM INDICATES DATA IS MISSING.
T  INDICATES TRACE AMOUNT.




$$
