000
CDUS43 KARX 210654
CLIRST


CLIMATE REPORT
NATIONAL WEATHER SERVICE LA CROSSE WI
153 AM CDT FRI AUG 21 2015

...THE ROCHESTER MN CLIMATE SUMMARY FOR AUGUST 20 2015...

CLIMATE NORMAL PERIOD 1981 TO 2010
CLIMATE RECORD PERIOD 1886 TO 2015

WEATHER ITEM   OBSERVED TIME   RECORD YEAR NORMAL DEPARTURE LAST
                VALUE   (LST)  VALUE       VALUE  FROM      YEAR
                                                  NORMAL
..................................................................
TEMPERATURE (F)
 YESTERDAY
  MAXIMUM         70    510 PM  96    1955  79     -9       83
                                      1916
  MINIMUM         50    542 AM  35    1950  59     -9       60
  AVERAGE         60                        69     -9       72

PRECIPITATION (IN)
  YESTERDAY        0.00          1.84 1947   0.15  -0.15     0.00
  MONTH TO DATE    2.09                      2.95  -0.86     1.36
  SINCE JUN 1     11.49                     12.18  -0.69    10.86
  SINCE JAN 1     24.10                     22.62   1.48    22.19

SNOWFALL (IN)
  YESTERDAY        0.0           0.0  2012   0.0    0.0      0.0
  MONTH TO DATE    0.0                       0.0    0.0      0.0
  SINCE JUL 1      0.0                       0.0    0.0      0.0
  SNOW DEPTH       0

DEGREE DAYS
 HEATING
  YESTERDAY        5                         1      4        0
  MONTH TO DATE   12                        17     -5        0
  SINCE JUL 1     29                        28      1       22

 COOLING
  YESTERDAY        0                         5     -5        7
  MONTH TO DATE   85                       110    -25      101
  SINCE JAN 1    362                       481   -119      381
..................................................................

WIND (MPH)
  HIGHEST WIND SPEED    24   HIGHEST WIND DIRECTION     W (290)
  HIGHEST GUST SPEED    31   HIGHEST GUST DIRECTION    NW (310)
  AVERAGE WIND SPEED    11.7

SKY COVER
  POSSIBLE SUNSHINE  MM
  AVERAGE SKY COVER 0.3

WEATHER CONDITIONS
 THE FOLLOWING WEATHER WAS RECORDED YESTERDAY.
  NO SIGNIFICANT WEATHER WAS OBSERVED.

RELATIVE HUMIDITY (PERCENT)
 HIGHEST    93          1200 AM
 LOWEST     47           400 PM
 AVERAGE    70
..........................................................

THE ROCHESTER MN CLIMATE NORMALS FOR TODAY
                         NORMAL    RECORD    YEAR
 MAXIMUM TEMPERATURE (F)   79        97      1947
 MINIMUM TEMPERATURE (F)   59        39      2004

SUNRISE AND SUNSET
AUGUST 21 2015........SUNRISE   621 AM CDT   SUNSET   805 PM CDT
AUGUST 22 2015........SUNRISE   622 AM CDT   SUNSET   803 PM CDT

-  INDICATES NEGATIVE NUMBERS.
R  INDICATES RECORD WAS SET OR TIED.
MM INDICATES DATA IS MISSING.
T  INDICATES TRACE AMOUNT.

$$

BOYNE
