000
CDUS43 KARX 132145
CLIRST


CLIMATE REPORT
NATIONAL WEATHER SERVICE LA CROSSE WI
445 PM CDT FRI MAY 13 2016


...................................

...THE ROCHESTER MN CLIMATE SUMMARY FOR MAY 13 2016...
VALID TODAY AS OF 0400 PM LOCAL TIME.

CLIMATE NORMAL PERIOD 1981 TO 2010
CLIMATE RECORD PERIOD 1886 TO 2016


WEATHER ITEM   OBSERVED TIME   RECORD YEAR NORMAL DEPARTURE LAST
                VALUE   (LST)  VALUE       VALUE  FROM      YEAR
                                                  NORMAL
..................................................................
TEMPERATURE (F)
 TODAY
  MAXIMUM         49    829 AM  88    1949  68    -19       65
                                      1940
  MINIMUM         40    507 AM  26    1997  47     -7       37
  AVERAGE         45                        57    -12       51

PRECIPITATION (IN)
  TODAY            0.36          0.95 1995   0.11   0.25     0.00
  MONTH TO DATE    1.52                      1.50   0.02     2.44
  SINCE MAR 1      7.22                      6.62   0.60     8.44
  SINCE JAN 1      8.62                      8.31   0.31     9.80

SNOWFALL (IN)
  TODAY            0.0           0.0  2012   0.0    0.0      0.0
  MONTH TO DATE    0.0                       0.2   -0.2      0.0
  SINCE JUL 1     47.9                      52.1   -4.2     50.4
  SNOW DEPTH       0

DEGREE DAYS
 HEATING
  TODAY           20                         9     11       14
  MONTH TO DATE  141                       133      8      106
  SINCE JUL 1   6687                      7558   -871     7918

 COOLING
  TODAY            0                         1     -1        0
  MONTH TO DATE    9                         6      3        7
  SINCE JAN 1     10                        10      0        7
..................................................................


WIND (MPH)
  HIGHEST WIND SPEED    18   HIGHEST WIND DIRECTION    NW (310)
  HIGHEST GUST SPEED    22   HIGHEST GUST DIRECTION    NW (310)
  AVERAGE WIND SPEED     9.9


SKY COVER
  POSSIBLE SUNSHINE  MM
  AVERAGE SKY COVER 0.4


WEATHER CONDITIONS
 THE FOLLOWING WEATHER WAS RECORDED TODAY.
  RAIN
  LIGHT RAIN
  FOG


RELATIVE HUMIDITY (PERCENT)
 HIGHEST   100          1200 PM
 LOWEST     71           800 AM
 AVERAGE    86

..........................................................


THE ROCHESTER MN CLIMATE NORMALS FOR TOMORROW
                         NORMAL    RECORD    YEAR
 MAXIMUM TEMPERATURE (F)   68        97      2013
 MINIMUM TEMPERATURE (F)   47        26      1937
                                             1920


SUNRISE AND SUNSET
MAY 13 2016...........SUNRISE   546 AM CDT   SUNSET   828 PM CDT
MAY 14 2016...........SUNRISE   545 AM CDT   SUNSET   829 PM CDT


-  INDICATES NEGATIVE NUMBERS.
R  INDICATES RECORD WAS SET OR TIED.
MM INDICATES DATA IS MISSING.
T  INDICATES TRACE AMOUNT.




$$
