000
CDUS43 KARX 070630
CLIRST


CLIMATE REPORT
NATIONAL WEATHER SERVICE LA CROSSE WI
129 AM CDT WED SEP 7 2016


...................................

...THE ROCHESTER MN CLIMATE SUMMARY FOR SEPTEMBER 6 2016...

CLIMATE NORMAL PERIOD 1981 TO 2010
CLIMATE RECORD PERIOD 1886 TO 2016


WEATHER ITEM   OBSERVED TIME   RECORD YEAR NORMAL DEPARTURE LAST
                VALUE   (LST)  VALUE       VALUE  FROM      YEAR
                                                  NORMAL
..................................................................
TEMPERATURE (F)
 YESTERDAY
  MAXIMUM         82    454 PM 100    1913  75      7       84
  MINIMUM         68   1159 PM  36    1932  55     13       71
                                      1892
  AVERAGE         75                        65     10       78

PRECIPITATION (IN)
  YESTERDAY        0.43          1.27 1938   0.12   0.31     0.46
  MONTH TO DATE    1.68                      0.73   0.95     0.53
  SINCE SEP 1      1.68                      0.73   0.95     0.53
  SINCE JAN 1     29.95                     24.92   5.03    25.70

SNOWFALL (IN)
  YESTERDAY        0.0           0.0  2012   0.0    0.0      0.0
  MONTH TO DATE    0.0                       0.0    0.0      0.0
  SINCE JUL 1      0.0                       0.0    0.0      0.0
  SNOW DEPTH       0

DEGREE DAYS
 HEATING
  YESTERDAY        0                         3     -3        0
  MONTH TO DATE    4                        15    -11        0
  SINCE JUL 1     15                        53    -38       59

 COOLING
  YESTERDAY       10                         3      7       13
  MONTH TO DATE   22                        18      4       72
  SINCE JAN 1    595                       543     52      447
..................................................................


WIND (MPH)
  HIGHEST WIND SPEED    18   HIGHEST WIND DIRECTION    SW (210)
  HIGHEST GUST SPEED    25   HIGHEST GUST DIRECTION     S (200)
  AVERAGE WIND SPEED    10.3


SKY COVER
  POSSIBLE SUNSHINE  MM
  AVERAGE SKY COVER 0.7


WEATHER CONDITIONS
 THE FOLLOWING WEATHER WAS RECORDED YESTERDAY.
  THUNDERSTORM
  HEAVY RAIN
  RAIN
  LIGHT RAIN
  FOG


RELATIVE HUMIDITY (PERCENT)
 HIGHEST   100           700 PM
 LOWEST     74          1100 AM
 AVERAGE    87

..........................................................


THE ROCHESTER MN CLIMATE NORMALS FOR TODAY
                         NORMAL    RECORD    YEAR
 MAXIMUM TEMPERATURE (F)   75        96      1913
 MINIMUM TEMPERATURE (F)   54        34      1934


SUNRISE AND SUNSET
SEPTEMBER  7 2016.....SUNRISE   641 AM CDT   SUNSET   734 PM CDT
SEPTEMBER  8 2016.....SUNRISE   642 AM CDT   SUNSET   732 PM CDT


-  INDICATES NEGATIVE NUMBERS.
R  INDICATES RECORD WAS SET OR TIED.
MM INDICATES DATA IS MISSING.
T  INDICATES TRACE AMOUNT.




$$
