000
CDUS43 KARX 180654
CLIRST


CLIMATE REPORT
NATIONAL WEATHER SERVICE LA CROSSE WI
1254 AM CST FRI NOV 18 2016


...................................

...THE ROCHESTER MN CLIMATE SUMMARY FOR NOVEMBER 17 2016...

CLIMATE NORMAL PERIOD 1981 TO 2010
CLIMATE RECORD PERIOD 1886 TO 2016


WEATHER ITEM   OBSERVED TIME   RECORD YEAR NORMAL DEPARTURE LAST
                VALUE   (LST)  VALUE       VALUE  FROM      YEAR
                                                  NORMAL
..................................................................
TEMPERATURE (F)
 YESTERDAY
  MAXIMUM         64    256 PM  68    1953  41     23       55
                                      1917
  MINIMUM         47    656 AM  -4    1959  25     22       48
  AVERAGE         56                        33     23       52

PRECIPITATION (IN)
  YESTERDAY        0.00          0.67 1931   0.07  -0.07     0.35
  MONTH TO DATE    0.00                      1.12  -1.12     1.93
  SINCE SEP 1     11.84                      6.81   5.03     6.07
  SINCE JAN 1     40.11                     31.00   9.11    31.24

SNOWFALL (IN)
  YESTERDAY        0.0           4.5  1911   0.2   -0.2      0.0
  MONTH TO DATE    0.0                       2.4   -2.4      0.0
  SINCE JUL 1      0.0                       3.2   -3.2      0.2
  SNOW DEPTH       0

DEGREE DAYS
 HEATING
  YESTERDAY        9                        32    -23       13
  MONTH TO DATE  266                       467   -201      305
  SINCE JUL 1    741                      1203   -462      893

 COOLING
  YESTERDAY        0                         0      0        0
  MONTH TO DATE    0                         0      0        0
  SINCE JAN 1    629                       585     44      507
..................................................................


WIND (MPH)
  HIGHEST WIND SPEED    20   HIGHEST WIND DIRECTION     S (170)
  HIGHEST GUST SPEED    26   HIGHEST GUST DIRECTION     S (160)
  AVERAGE WIND SPEED     9.5


SKY COVER
  POSSIBLE SUNSHINE  MM
  AVERAGE SKY COVER 0.0


WEATHER CONDITIONS
 THE FOLLOWING WEATHER WAS RECORDED YESTERDAY.
  NO SIGNIFICANT WEATHER WAS OBSERVED.


RELATIVE HUMIDITY (PERCENT)
 HIGHEST    86           700 AM
 LOWEST     56           200 PM
 AVERAGE    71

..........................................................


THE ROCHESTER MN CLIMATE NORMALS FOR TODAY
                         NORMAL    RECORD    YEAR
 MAXIMUM TEMPERATURE (F)   40        69      1939
 MINIMUM TEMPERATURE (F)   25        -4      1989


SUNRISE AND SUNSET
NOVEMBER 18 2016......SUNRISE   709 AM CST   SUNSET   441 PM CST
NOVEMBER 19 2016......SUNRISE   711 AM CST   SUNSET   440 PM CST


-  INDICATES NEGATIVE NUMBERS.
R  INDICATES RECORD WAS SET OR TIED.
MM INDICATES DATA IS MISSING.
T  INDICATES TRACE AMOUNT.




$$
