100
CDUS43 KARX 190706
CLIRST


CLIMATE REPORT
NATIONAL WEATHER SERVICE LA CROSSE WI
205 AM CDT FRI AUG 19 2016

...THE ROCHESTER MN CLIMATE SUMMARY FOR AUGUST 18 2016...

CLIMATE NORMAL PERIOD 1981 TO 2010
CLIMATE RECORD PERIOD 1886 TO 2016

WEATHER ITEM   OBSERVED TIME   RECORD YEAR NORMAL DEPARTURE LAST
                VALUE   (LST)  VALUE       VALUE  FROM      YEAR
                                                  NORMAL
..................................................................
TEMPERATURE (F)
 YESTERDAY
  MAXIMUM         84    244 PM  99    1936  79      5       69
  MINIMUM         62    518 AM  42    1915  59      3       62
  AVERAGE         73                        69      4       66

PRECIPITATION (IN)
  YESTERDAY        1.61          5.16 2007   0.15   1.46     1.41
  MONTH TO DATE    4.34                      2.65   1.69     1.98
  SINCE JUN 1     15.18                     11.88   3.30    11.38
  SINCE JAN 1     26.87                     22.32   4.55    23.99

SNOWFALL (IN)
  YESTERDAY        0.0           0.0  2012   0.0    0.0      0.0
  MONTH TO DATE    0.0                       0.0    0.0      0.0
  SINCE JUL 1      0.0                       0.0    0.0      0.0
  SNOW DEPTH       0

DEGREE DAYS
 HEATING
  YESTERDAY        0                         1     -1        0
  MONTH TO DATE    0                        15    -15        2
  SINCE JUL 1      4                        26    -22       19

 COOLING
  YESTERDAY        8                         5      3        1
  MONTH TO DATE  128                       100     28       85
  SINCE JAN 1    528                       471     57      362
..................................................................

WIND (MPH)
  HIGHEST WIND SPEED    25   HIGHEST WIND DIRECTION    NW (300)
  HIGHEST GUST SPEED    34   HIGHEST GUST DIRECTION    NW (320)
  AVERAGE WIND SPEED     7.3

SKY COVER
  POSSIBLE SUNSHINE  MM
  AVERAGE SKY COVER 0.3

WEATHER CONDITIONS
 THE FOLLOWING WEATHER WAS RECORDED YESTERDAY.
  THUNDERSTORM
  HEAVY RAIN
  RAIN
  LIGHT RAIN
  FOG

RELATIVE HUMIDITY (PERCENT)
 HIGHEST   100          1200 AM
 LOWEST     69          1200 PM
 AVERAGE    85
..........................................................

THE ROCHESTER MN CLIMATE NORMALS FOR TODAY
                         NORMAL    RECORD    YEAR
 MAXIMUM TEMPERATURE (F)   79        98      1916
 MINIMUM TEMPERATURE (F)   59        40      1967
                                             1929

SUNRISE AND SUNSET
AUGUST 19 2016........SUNRISE   619 AM CDT   SUNSET   807 PM CDT
AUGUST 20 2016........SUNRISE   620 AM CDT   SUNSET   805 PM CDT

-  INDICATES NEGATIVE NUMBERS.
R  INDICATES RECORD WAS SET OR TIED.
MM INDICATES DATA IS MISSING.
T  INDICATES TRACE AMOUNT.

$$

BOYNE
