000
CDUS43 KARX 060644
CLIRST


CLIMATE REPORT
NATIONAL WEATHER SERVICE LA CROSSE WI
142 AM CDT THU JUL 6 2017


...................................

...THE ROCHESTER MN CLIMATE SUMMARY FOR JULY 5 2017...

CLIMATE NORMAL PERIOD 1981 TO 2010
CLIMATE RECORD PERIOD 1886 TO 2017


WEATHER ITEM   OBSERVED TIME   RECORD YEAR NORMAL DEPARTURE LAST
                VALUE   (LST)  VALUE       VALUE  FROM      YEAR
                                                  NORMAL
..................................................................
TEMPERATURE (F)
 YESTERDAY
  MAXIMUM         87    430 PM 104    1911  82      5       85
  MINIMUM         66    153 AM  42    1967  61      5       61
  AVERAGE         77                        72      5       73

PRECIPITATION (IN)
  YESTERDAY        0.00          6.22 1978   0.15  -0.15     0.70
  MONTH TO DATE    0.00                      0.72  -0.72     0.70
  SINCE JUN 1      3.71                      5.40  -1.69     5.94
  SINCE JAN 1     17.98                     15.84   2.14    17.63

SNOWFALL (IN)
  YESTERDAY        0.0           0.0  2012   0.0    0.0      0.0
  MONTH TO DATE    0.0                       0.0    0.0      0.0
  SINCE JUL 1      0.0                       0.0    0.0      0.0
  SNOW DEPTH       0

DEGREE DAYS
 HEATING
  YESTERDAY        0                         0      0        0
  MONTH TO DATE    0                         0      0        4
  SINCE JUL 1      0                         0      0        4

 COOLING
  YESTERDAY       12                         7      5        8
  MONTH TO DATE   28                        35     -7        8
  SINCE JAN 1    195                       199     -4      197
..................................................................


WIND (MPH)
  HIGHEST WIND SPEED    18   HIGHEST WIND DIRECTION     S (200)
  HIGHEST GUST SPEED    22   HIGHEST GUST DIRECTION    SW (220)
  AVERAGE WIND SPEED     8.0


SKY COVER
  POSSIBLE SUNSHINE  MM
  AVERAGE SKY COVER 0.0


WEATHER CONDITIONS
 THE FOLLOWING WEATHER WAS RECORDED YESTERDAY.
  FOG


RELATIVE HUMIDITY (PERCENT)
 HIGHEST   100           100 AM
 LOWEST     51           200 PM
 AVERAGE    76

..........................................................


THE ROCHESTER MN CLIMATE NORMALS FOR TODAY
                         NORMAL    RECORD    YEAR
 MAXIMUM TEMPERATURE (F)   82       105      1936
 MINIMUM TEMPERATURE (F)   61        46      1972
                                             1958
                                             1950


SUNRISE AND SUNSET
JULY  6 2017..........SUNRISE   535 AM CDT   SUNSET   855 PM CDT
JULY  7 2017..........SUNRISE   535 AM CDT   SUNSET   854 PM CDT


-  INDICATES NEGATIVE NUMBERS.
R  INDICATES RECORD WAS SET OR TIED.
MM INDICATES DATA IS MISSING.
T  INDICATES TRACE AMOUNT.




$$
