395
CDUS43 KARX 160638
CLIRST


CLIMATE REPORT
NATIONAL WEATHER SERVICE LA CROSSE WI
132 AM CDT MON MAY 16 2016


...................................

...THE ROCHESTER MN CLIMATE SUMMARY FOR MAY 15 2016...

CLIMATE NORMAL PERIOD 1981 TO 2010
CLIMATE RECORD PERIOD 1886 TO 2016


WEATHER ITEM   OBSERVED TIME   RECORD YEAR NORMAL DEPARTURE LAST
                VALUE   (LST)  VALUE       VALUE  FROM      YEAR
                                                  NORMAL
..................................................................
TEMPERATURE (F)
 YESTERDAY
  MAXIMUM         62    500 PM  89    2001  68     -6       68
  MINIMUM         31    449 AM  27    1934  47    -16       55
  AVERAGE         47                        58    -11       62

PRECIPITATION (IN)
  YESTERDAY        0.00          1.25 1909   0.11  -0.11     0.00
  MONTH TO DATE    1.52                      1.72  -0.20     3.10
  SINCE MAR 1      7.22                      6.84   0.38     9.10
  SINCE JAN 1      8.62                      8.53   0.09    10.46

SNOWFALL (IN)
  YESTERDAY        0.0           0.1  1997   0.0    0.0      0.0
  MONTH TO DATE    0.0                       0.2   -0.2      0.0
  SINCE JUL 1     47.9                      52.1   -4.2     50.4
  SNOW DEPTH       0

DEGREE DAYS
 HEATING
  YESTERDAY       18                         8     10        3
  MONTH TO DATE  185                       149     36      122
  SINCE JUL 1   6731                      7574   -843     7934

 COOLING
  YESTERDAY        0                         1     -1        0
  MONTH TO DATE    9                         8      1        7
  SINCE JAN 1     10                        12     -2        7
..................................................................


WIND (MPH)
  HIGHEST WIND SPEED    21   HIGHEST WIND DIRECTION     W (280)
  HIGHEST GUST SPEED    36   HIGHEST GUST DIRECTION     W (280)
  AVERAGE WIND SPEED    10.1


SKY COVER
  POSSIBLE SUNSHINE  MM
  AVERAGE SKY COVER 0.2


WEATHER CONDITIONS
 THE FOLLOWING WEATHER WAS RECORDED YESTERDAY.
  NO SIGNIFICANT WEATHER WAS OBSERVED.


RELATIVE HUMIDITY (PERCENT)
 HIGHEST    85           300 AM
 LOWEST     34           500 PM
 AVERAGE    60

..........................................................


THE ROCHESTER MN CLIMATE NORMALS FOR TODAY
                         NORMAL    RECORD    YEAR
 MAXIMUM TEMPERATURE (F)   69        92      1936
 MINIMUM TEMPERATURE (F)   47        29      1956
                                             1929


SUNRISE AND SUNSET
MAY 16 2016...........SUNRISE   543 AM CDT   SUNSET   831 PM CDT
MAY 17 2016...........SUNRISE   542 AM CDT   SUNSET   832 PM CDT


-  INDICATES NEGATIVE NUMBERS.
R  INDICATES RECORD WAS SET OR TIED.
MM INDICATES DATA IS MISSING.
T  INDICATES TRACE AMOUNT.




$$
