000
CDUS43 KARX 190641
CLIRST


CLIMATE REPORT
NATIONAL WEATHER SERVICE LA CROSSE WI
140 AM CDT WED AUG 19 2015


...................................

...THE ROCHESTER MN CLIMATE SUMMARY FOR AUGUST 18 2015...

CLIMATE NORMAL PERIOD 1981 TO 2010
CLIMATE RECORD PERIOD 1886 TO 2015


WEATHER ITEM   OBSERVED TIME   RECORD YEAR NORMAL DEPARTURE LAST
                VALUE   (LST)  VALUE       VALUE  FROM      YEAR
                                                  NORMAL
..................................................................
TEMPERATURE (F)
 YESTERDAY
  MAXIMUM         69    353 PM  99    1936  79    -10       85
  MINIMUM         62    636 AM  42    1915  59      3       65
  AVERAGE         66                        69     -3       75

PRECIPITATION (IN)
  YESTERDAY        1.41          5.16 2007   0.15   1.26     0.48
  MONTH TO DATE    1.98                      2.65  -0.67     1.36
  SINCE JUN 1     11.38                     11.88  -0.50    10.86
  SINCE JAN 1     23.99                     22.32   1.67    22.19

SNOWFALL (IN)
  YESTERDAY        0.0           0.0  2012   0.0    0.0      0.0
  MONTH TO DATE    0.0                       0.0    0.0      0.0
  SINCE JUL 1      0.0                       0.0    0.0      0.0
  SNOW DEPTH       0

DEGREE DAYS
 HEATING
  YESTERDAY        0                         1     -1        0
  MONTH TO DATE    2                        15    -13        0
  SINCE JUL 1     19                        26     -7       22

 COOLING
  YESTERDAY        1                         5     -4       10
  MONTH TO DATE   85                       100    -15       87
  SINCE JAN 1    362                       471   -109      367
..................................................................


WIND (MPH)
  HIGHEST WIND SPEED    17   HIGHEST WIND DIRECTION    SE (140)
  HIGHEST GUST SPEED    23   HIGHEST GUST DIRECTION    SE (140)
  AVERAGE WIND SPEED     8.0


SKY COVER
  POSSIBLE SUNSHINE  MM
  AVERAGE SKY COVER 0.9


WEATHER CONDITIONS
 THE FOLLOWING WEATHER WAS RECORDED YESTERDAY.
  THUNDERSTORM
  HEAVY RAIN
  RAIN
  LIGHT RAIN
  FOG


RELATIVE HUMIDITY (PERCENT)
 HIGHEST   100           700 AM
 LOWEST     87          1200 AM
 AVERAGE    94

..........................................................


THE ROCHESTER MN CLIMATE NORMALS FOR TODAY
                         NORMAL    RECORD    YEAR
 MAXIMUM TEMPERATURE (F)   79        98      1916
 MINIMUM TEMPERATURE (F)   59        40      1967
                                             1929


SUNRISE AND SUNSET
AUGUST 19 2015........SUNRISE   618 AM CDT   SUNSET   808 PM CDT
AUGUST 20 2015........SUNRISE   619 AM CDT   SUNSET   807 PM CDT


-  INDICATES NEGATIVE NUMBERS.
R  INDICATES RECORD WAS SET OR TIED.
MM INDICATES DATA IS MISSING.
T  INDICATES TRACE AMOUNT.




$$
