000
CDUS43 KARX 020633
CLIRST


CLIMATE REPORT
NATIONAL WEATHER SERVICE LA CROSSE WI
132 AM CDT THU NOV 2 2017


...................................

...THE ROCHESTER MN CLIMATE SUMMARY FOR NOVEMBER 1 2017...

CLIMATE NORMAL PERIOD 1981 TO 2010
CLIMATE RECORD PERIOD 1886 TO 2017


WEATHER ITEM   OBSERVED TIME   RECORD YEAR NORMAL DEPARTURE LAST
                VALUE   (LST)  VALUE       VALUE  FROM      YEAR
                                                  NORMAL
..................................................................
TEMPERATURE (F)
 YESTERDAY
  MAXIMUM         39   1104 PM  77    1893  51    -12       66
  MINIMUM         23   1213 AM  10    1951  33    -10       47
                                      1886
  AVERAGE         31                        42    -11       57

PRECIPITATION (IN)
  YESTERDAY        0.11          2.30 1991   0.07   0.04     0.00
  MONTH TO DATE    0.11                      0.07   0.04     0.00
  SINCE SEP 1      7.37                      5.76   1.61    11.84
  SINCE JAN 1     31.87                     29.95   1.92    40.11

SNOWFALL (IN)
  YESTERDAY        0.7           5.7  1991   0.1    0.6      0.0
  MONTH TO DATE    0.7                       0.1    0.6      0.0
  SINCE JUL 1      3.3                       0.9    2.4      0.0
  SNOW DEPTH       0

DEGREE DAYS
 HEATING
  YESTERDAY       34                        23     11        8
  MONTH TO DATE   34                        23     11        8
  SINCE JUL 1    656                       759   -103      483

 COOLING
  YESTERDAY        0                         0      0        0
  MONTH TO DATE    0                         0      0        0
  SINCE JAN 1    494                       585    -91      629
..................................................................


WIND (MPH)
  HIGHEST WIND SPEED    23   HIGHEST WIND DIRECTION    SE (150)
  HIGHEST GUST SPEED    28   HIGHEST GUST DIRECTION    SE (150)
  AVERAGE WIND SPEED    12.5


SKY COVER
  POSSIBLE SUNSHINE  MM
  AVERAGE SKY COVER 0.8


WEATHER CONDITIONS
 THE FOLLOWING WEATHER WAS RECORDED YESTERDAY.
  LIGHT RAIN
  SNOW
  LIGHT SNOW
  FOG


RELATIVE HUMIDITY (PERCENT)
 HIGHEST   100           600 PM
 LOWEST     59          1100 AM
 AVERAGE    80

..........................................................


THE ROCHESTER MN CLIMATE NORMALS FOR TODAY
                         NORMAL    RECORD    YEAR
 MAXIMUM TEMPERATURE (F)   50        74      1953
 MINIMUM TEMPERATURE (F)   33         8      1951


SUNRISE AND SUNSET
NOVEMBER  2 2017......SUNRISE   748 AM CDT   SUNSET   559 PM CDT
NOVEMBER  3 2017......SUNRISE   749 AM CDT   SUNSET   557 PM CDT


-  INDICATES NEGATIVE NUMBERS.
R  INDICATES RECORD WAS SET OR TIED.
MM INDICATES DATA IS MISSING.
T  INDICATES TRACE AMOUNT.




$$
