000
CDUS43 KARX 250652
CLIRST


CLIMATE REPORT
NATIONAL WEATHER SERVICE LA CROSSE WI
1251 AM CST THU DEC 25 2014


...................................

...THE ROCHESTER MN CLIMATE SUMMARY FOR DECEMBER 24 2014...

CLIMATE NORMAL PERIOD 1981 TO 2010
CLIMATE RECORD PERIOD 1886 TO 2014


WEATHER ITEM   OBSERVED TIME   RECORD YEAR NORMAL DEPARTURE LAST
                VALUE   (LST)  VALUE       VALUE  FROM      YEAR
                                                  NORMAL
..................................................................
TEMPERATURE (F)
 YESTERDAY
  MAXIMUM         33    555 PM  41    1953  25      8        7
  MINIMUM         29   1107 PM -26    1983  10     19      -13
  AVERAGE         31                        17     14       -3

PRECIPITATION (IN)
  YESTERDAY        T             0.94 1932   0.04  -0.04     0.13
  MONTH TO DATE    0.69                      1.02  -0.33     0.89
  SINCE DEC 1      0.69                      1.02  -0.33     0.89
  SINCE JAN 1     33.70                     32.81   0.89    41.55

SNOWFALL (IN)
  YESTERDAY        T             5.0  1916   0.4   -0.4      3.4
  MONTH TO DATE    4.0                      10.0   -6.0      8.9
  SINCE JUL 1     13.2                      16.9   -3.7     10.2
  SNOW DEPTH       2

DEGREE DAYS
 HEATING
  YESTERDAY       34                        48    -14       68
  MONTH TO DATE  905                      1067   -162     1239
  SINCE JUL 1   2852                      2739    113     2932

 COOLING
  YESTERDAY        0                         0      0        0
  MONTH TO DATE    0                         0      0        0
  SINCE JAN 1    491                       585    -94      656
..................................................................


WIND (MPH)
  HIGHEST WIND SPEED    21   HIGHEST WIND DIRECTION    NW (320)
  HIGHEST GUST SPEED    25   HIGHEST GUST DIRECTION     N (360)
  AVERAGE WIND SPEED    14.0


SKY COVER
  POSSIBLE SUNSHINE  MM
  AVERAGE SKY COVER 1.0


WEATHER CONDITIONS
 THE FOLLOWING WEATHER WAS RECORDED YESTERDAY.
  LIGHT RAIN
  LIGHT SNOW
  FOG


RELATIVE HUMIDITY (PERCENT)
 HIGHEST    92           100 AM
 LOWEST     82           600 PM
 AVERAGE    87

..........................................................


THE ROCHESTER MN CLIMATE NORMALS FOR TODAY
                         NORMAL    RECORD    YEAR
 MAXIMUM TEMPERATURE (F)   25        50      1936
 MINIMUM TEMPERATURE (F)   10       -25      2000


SUNRISE AND SUNSET
DECEMBER 25 2014......SUNRISE   743 AM CST   SUNSET   437 PM CST
DECEMBER 26 2014......SUNRISE   743 AM CST   SUNSET   438 PM CST


-  INDICATES NEGATIVE NUMBERS.
R  INDICATES RECORD WAS SET OR TIED.
MM INDICATES DATA IS MISSING.
T  INDICATES TRACE AMOUNT.




$$
