000
CDUS43 KARX 290649
CLIRST


CLIMATE REPORT
NATIONAL WEATHER SERVICE LA CROSSE WI
149 AM CDT SAT AUG 29 2015


...................................

...THE ROCHESTER MN CLIMATE SUMMARY FOR AUGUST 28 2015...

CLIMATE NORMAL PERIOD 1981 TO 2010
CLIMATE RECORD PERIOD 1886 TO 2015


WEATHER ITEM   OBSERVED TIME   RECORD YEAR NORMAL DEPARTURE LAST
                VALUE   (LST)  VALUE       VALUE  FROM      YEAR
                                                  NORMAL
..................................................................
TEMPERATURE (F)
 YESTERDAY
  MAXIMUM         64   1102 AM  96    1955  77    -13       67
  MINIMUM         57   1011 PM  36    1893  58     -1       57
  AVERAGE         61                        68     -7       62

PRECIPITATION (IN)
  YESTERDAY        0.86          2.19 1979   0.14   0.72     1.14
  MONTH TO DATE    3.16                      4.10  -0.94     4.15
  SINCE JUN 1     12.56                     13.33  -0.77    13.65
  SINCE JAN 1     25.17                     23.77   1.40    24.98

SNOWFALL (IN)
  YESTERDAY        0.0           0.0  2012   0.0    0.0      0.0
  MONTH TO DATE    0.0                       0.0    0.0      0.0
  SINCE JUL 1      0.0                       0.0    0.0      0.0
  SNOW DEPTH       0

DEGREE DAYS
 HEATING
  YESTERDAY        4                         1      3        3
  MONTH TO DATE   42                        25     17        3
  SINCE JUL 1     59                        36     23       25

 COOLING
  YESTERDAY        0                         4     -4        0
  MONTH TO DATE   90                       144    -54      157
  SINCE JAN 1    367                       515   -148      437
..................................................................


WIND (MPH)
  HIGHEST WIND SPEED    21   HIGHEST WIND DIRECTION     S (190)
  HIGHEST GUST SPEED    27   HIGHEST GUST DIRECTION     S (190)
  AVERAGE WIND SPEED    12.6


SKY COVER
  POSSIBLE SUNSHINE  MM
  AVERAGE SKY COVER 0.8


WEATHER CONDITIONS
 THE FOLLOWING WEATHER WAS RECORDED YESTERDAY.
  HEAVY RAIN
  RAIN
  LIGHT RAIN
  FOG


RELATIVE HUMIDITY (PERCENT)
 HIGHEST   100          1000 AM
 LOWEST     90          1200 AM
 AVERAGE    95

..........................................................


THE ROCHESTER MN CLIMATE NORMALS FOR TODAY
                         NORMAL    RECORD    YEAR
 MAXIMUM TEMPERATURE (F)   77        92      2012
                                             1945
                                             1941
 MINIMUM TEMPERATURE (F)   57        34      1935


SUNRISE AND SUNSET
AUGUST 29 2015........SUNRISE   630 AM CDT   SUNSET   751 PM CDT
AUGUST 30 2015........SUNRISE   631 AM CDT   SUNSET   750 PM CDT


-  INDICATES NEGATIVE NUMBERS.
R  INDICATES RECORD WAS SET OR TIED.
MM INDICATES DATA IS MISSING.
T  INDICATES TRACE AMOUNT.




$$
