000
CDUS43 KARX 080652
CLIRST


CLIMATE REPORT
NATIONAL WEATHER SERVICE LA CROSSE WI
151 AM CDT SAT APR 8 2017


...................................

...THE ROCHESTER MN CLIMATE SUMMARY FOR APRIL 7 2017...

CLIMATE NORMAL PERIOD 1981 TO 2010
CLIMATE RECORD PERIOD 1886 TO 2017


WEATHER ITEM   OBSERVED TIME   RECORD YEAR NORMAL DEPARTURE LAST
                VALUE   (LST)  VALUE       VALUE  FROM      YEAR
                                                  NORMAL
..................................................................
TEMPERATURE (F)
 YESTERDAY
  MAXIMUM         56    320 PM  83    1991  53      3       43
  MINIMUM         29    615 AM   9    1936  33     -4       27
  AVERAGE         43                        43      0       35

PRECIPITATION (IN)
  YESTERDAY        0.00          1.52 2006   0.09  -0.09     0.02
  MONTH TO DATE    0.66                      0.61   0.05     0.12
  SINCE MAR 1      3.53                      2.49   1.04     4.10
  SINCE JAN 1      7.31                      4.18   3.13     5.50

SNOWFALL (IN)
  YESTERDAY        0.0           5.5  2003   0.1   -0.1       T
  MONTH TO DATE    0.0                       1.0   -1.0       T
  SINCE JUL 1     52.7                      49.6    3.1     47.4
  SNOW DEPTH       0

DEGREE DAYS
 HEATING
  YESTERDAY       22                        22      0       30
  MONTH TO DATE  140                       166    -26      199
  SINCE JUL 1   6221                      7038   -817     6214

 COOLING
  YESTERDAY        0                         0      0        0
  MONTH TO DATE    0                         0      0        0
  SINCE JAN 1      0                         0      0        0
..................................................................


WIND (MPH)
  HIGHEST WIND SPEED    17   HIGHEST WIND DIRECTION     S (200)
  HIGHEST GUST SPEED    21   HIGHEST GUST DIRECTION    SW (210)
  AVERAGE WIND SPEED     8.9


SKY COVER
  POSSIBLE SUNSHINE  MM
  AVERAGE SKY COVER 0.0


WEATHER CONDITIONS
 THE FOLLOWING WEATHER WAS RECORDED YESTERDAY.
  NO SIGNIFICANT WEATHER WAS OBSERVED.


RELATIVE HUMIDITY (PERCENT)
 HIGHEST    70           700 AM
 LOWEST     29           100 PM
 AVERAGE    50

..........................................................


THE ROCHESTER MN CLIMATE NORMALS FOR TODAY
                         NORMAL    RECORD    YEAR
 MAXIMUM TEMPERATURE (F)   53        84      1931
 MINIMUM TEMPERATURE (F)   33         9      1997
                                             1972


SUNRISE AND SUNSET
APRIL  8 2017.........SUNRISE   638 AM CDT   SUNSET   746 PM CDT
APRIL  9 2017.........SUNRISE   637 AM CDT   SUNSET   747 PM CDT


-  INDICATES NEGATIVE NUMBERS.
R  INDICATES RECORD WAS SET OR TIED.
MM INDICATES DATA IS MISSING.
T  INDICATES TRACE AMOUNT.




$$
