000
CDUS43 KARX 150643
CLIRST


CLIMATE REPORT
NATIONAL WEATHER SERVICE LA CROSSE WI
143 AM CDT SUN MAR 15 2015


...................................

...THE ROCHESTER MN CLIMATE SUMMARY FOR MARCH 14 2015...

CLIMATE NORMAL PERIOD 1981 TO 2010
CLIMATE RECORD PERIOD 1886 TO 2015


WEATHER ITEM   OBSERVED TIME   RECORD YEAR NORMAL DEPARTURE LAST
                VALUE   (LST)  VALUE       VALUE  FROM      YEAR
                                                  NORMAL
..................................................................
TEMPERATURE (F)
 YESTERDAY
  MAXIMUM         58    408 PM  74    2012  39     19       41
  MINIMUM         32   1159 PM -11    1993  24      8       28
                                      1960
  AVERAGE         45                        31     14       35

PRECIPITATION (IN)
  YESTERDAY        0.00          1.90 1918   0.06  -0.06     0.00
  MONTH TO DATE    0.04                      0.70  -0.66     0.64
  SINCE MAR 1      0.04                      0.70  -0.66     0.64
  SINCE JAN 1      1.40                      2.39  -0.99     3.40

SNOWFALL (IN)
  YESTERDAY        0.0           6.0  1917   0.3   -0.3      0.0
  MONTH TO DATE    0.3                       4.7   -4.4      5.5
  SINCE JUL 1     38.3                      44.6   -6.3     53.3
  SNOW DEPTH       0

DEGREE DAYS
 HEATING
  YESTERDAY       20                        34    -14       30
  MONTH TO DATE  507                       512     -5      647
  SINCE JUL 1   6802                      6373    429     7372

 COOLING
  YESTERDAY        0                         0      0        0
  MONTH TO DATE    0                         0      0        0
  SINCE JAN 1      0                         0      0        0
..................................................................


WIND (MPH)
  HIGHEST WIND SPEED    21   HIGHEST WIND DIRECTION    NW (330)
  HIGHEST GUST SPEED    26   HIGHEST GUST DIRECTION    NW (330)
  AVERAGE WIND SPEED    11.1


SKY COVER
  POSSIBLE SUNSHINE  MM
  AVERAGE SKY COVER 0.0


WEATHER CONDITIONS
 THE FOLLOWING WEATHER WAS RECORDED YESTERDAY.
  NO SIGNIFICANT WEATHER WAS OBSERVED.


RELATIVE HUMIDITY (PERCENT)
 HIGHEST    89           100 AM
 LOWEST     43           400 PM
 AVERAGE    66

..........................................................


THE ROCHESTER MN CLIMATE NORMALS FOR TODAY
                         NORMAL    RECORD    YEAR
 MAXIMUM TEMPERATURE (F)   40        74      2012
 MINIMUM TEMPERATURE (F)   24       -12      1956


SUNRISE AND SUNSET
MARCH 15 2015.........SUNRISE   723 AM CDT   SUNSET   716 PM CDT
MARCH 16 2015.........SUNRISE   721 AM CDT   SUNSET   717 PM CDT


-  INDICATES NEGATIVE NUMBERS.
R  INDICATES RECORD WAS SET OR TIED.
MM INDICATES DATA IS MISSING.
T  INDICATES TRACE AMOUNT.




$$
