000
CDUS43 KARX 040652
CLIRST


CLIMATE REPORT
NATIONAL WEATHER SERVICE LA CROSSE WI
1250 AM CST SAT MAR 4 2017

...THE ROCHESTER MN CLIMATE SUMMARY FOR MARCH 3 2017...

CLIMATE NORMAL PERIOD 1981 TO 2010
CLIMATE RECORD PERIOD 1886 TO 2017

WEATHER ITEM   OBSERVED TIME   RECORD YEAR NORMAL DEPARTURE LAST
                VALUE   (LST)  VALUE       VALUE  FROM      YEAR
                                                  NORMAL
..................................................................
TEMPERATURE (F)
 YESTERDAY
  MAXIMUM         27    552 PM  56    1946  34     -7       32
  MINIMUM          6    537 AM -17    1913  19    -13       19
  AVERAGE         17                        26     -9       26

PRECIPITATION (IN)
  YESTERDAY        0.03          0.96 1966   0.05  -0.02      T
  MONTH TO DATE    0.15                      0.14   0.01     0.21
  SINCE MAR 1      0.15                      0.14   0.01     0.21
  SINCE JAN 1      3.93                      1.83   2.10     1.61

SNOWFALL (IN)
  YESTERDAY        0.2           9.0  1985   0.3   -0.1       T
  MONTH TO DATE    1.4                       1.0    0.4      2.1
  SINCE JUL 1     45.7                      40.9    4.8     34.6
  SNOW DEPTH       6

DEGREE DAYS
 HEATING
  YESTERDAY       48                        39      9       39
  MONTH TO DATE  132                       117     15      143
  SINCE JUL 1   5176                      5978   -802     5343

 COOLING
  YESTERDAY        0                         0      0        0
  MONTH TO DATE    0                         0      0        0
  SINCE JAN 1      0                         0      0        0
..................................................................

WIND (MPH)
  HIGHEST WIND SPEED    20   HIGHEST WIND DIRECTION    SE (130)
  HIGHEST GUST SPEED    23   HIGHEST GUST DIRECTION    SE (130)
  AVERAGE WIND SPEED    10.3

SKY COVER
  POSSIBLE SUNSHINE  MM
  AVERAGE SKY COVER 0.4

WEATHER CONDITIONS
 THE FOLLOWING WEATHER WAS RECORDED YESTERDAY.
  LIGHT SNOW
  FOG
  HAZE

RELATIVE HUMIDITY (PERCENT)
 HIGHEST    92           700 AM
 LOWEST     62           200 PM
 AVERAGE    77

..........................................................

THE ROCHESTER MN CLIMATE NORMALS FOR TODAY
                         NORMAL    RECORD    YEAR
 MAXIMUM TEMPERATURE (F)   34        61      2000
 MINIMUM TEMPERATURE (F)   19       -13      1978

SUNRISE AND SUNSET
MARCH  4 2017.........SUNRISE   641 AM CST   SUNSET   603 PM CST
MARCH  5 2017.........SUNRISE   639 AM CST   SUNSET   604 PM CST

-  INDICATES NEGATIVE NUMBERS.
R  INDICATES RECORD WAS SET OR TIED.
MM INDICATES DATA IS MISSING.
T  INDICATES TRACE AMOUNT.

$$

Boyne
