000
CDUS43 KARX 112141
CLIRST


CLIMATE REPORT
NATIONAL WEATHER SERVICE LA CROSSE WI
440 PM CDT MON MAY 11 2015


...................................

...THE ROCHESTER MN CLIMATE SUMMARY FOR MAY 11 2015...
VALID TODAY AS OF 0400 PM LOCAL TIME.

CLIMATE NORMAL PERIOD 1981 TO 2010
CLIMATE RECORD PERIOD 1886 TO 2015


WEATHER ITEM   OBSERVED TIME   RECORD YEAR NORMAL DEPARTURE LAST
                VALUE   (LST)  VALUE       VALUE  FROM      YEAR
                                                  NORMAL
..................................................................
TEMPERATURE (F)
 TODAY
  MAXIMUM         57    433 AM  89    1911  67    -10       71
  MINIMUM         46   1135 AM  26    1946  46      0       50
  AVERAGE         52                        56     -4       61

PRECIPITATION (IN)
  TODAY            0.18          1.06 1999   0.12   0.06     0.64
  MONTH TO DATE    2.43                      1.28   1.15     1.19
  SINCE MAR 1      8.43                      6.40   2.03     7.98
  SINCE JAN 1      9.79                      8.09   1.70    10.74

SNOWFALL (IN)
  TODAY           MM             0.2  1966   0.0   MM        0.0
  MONTH TO DATE    0.0                       0.2   -0.2      0.0
  SINCE JUL 1     50.4                      52.1   -1.7     60.5
  SNOW DEPTH       0

DEGREE DAYS
 HEATING
  TODAY           13                         9      4        4
  MONTH TO DATE   71                       115    -44      124
  SINCE JUL 1   7883                      7540    343     8779

 COOLING
  TODAY            0                         1     -1        0
  MONTH TO DATE    7                         4      3        0
  SINCE JAN 1      7                         8     -1        0
..................................................................


WIND (MPH)
  HIGHEST WIND SPEED    26   HIGHEST WIND DIRECTION    SW (220)
  HIGHEST GUST SPEED    32   HIGHEST GUST DIRECTION    SW (220)
  AVERAGE WIND SPEED    18.3


SKY COVER
  POSSIBLE SUNSHINE  MM
  AVERAGE SKY COVER 1.0


WEATHER CONDITIONS
 THE FOLLOWING WEATHER WAS RECORDED TODAY.
  THUNDERSTORM
  HEAVY RAIN
  LIGHT RAIN
  FOG


RELATIVE HUMIDITY (PERCENT)
 HIGHEST    93          1200 AM
 LOWEST     80           100 PM
 AVERAGE    87

..........................................................


THE ROCHESTER MN CLIMATE NORMALS FOR TOMORROW
                         NORMAL    RECORD    YEAR
 MAXIMUM TEMPERATURE (F)   68        89      1940
 MINIMUM TEMPERATURE (F)   46        26      1939


SUNRISE AND SUNSET
MAY 11 2015...........SUNRISE   549 AM CDT   SUNSET   824 PM CDT
MAY 12 2015...........SUNRISE   548 AM CDT   SUNSET   826 PM CDT


-  INDICATES NEGATIVE NUMBERS.
R  INDICATES RECORD WAS SET OR TIED.
MM INDICATES DATA IS MISSING.
T  INDICATES TRACE AMOUNT.




$$
