842
CDUS43 KARX 140651
CLIRST


CLIMATE REPORT
NATIONAL WEATHER SERVICE LA CROSSE WI
151 AM CDT SUN MAY 14 2017


...................................

...THE ROCHESTER MN CLIMATE SUMMARY FOR MAY 13 2017...

CLIMATE NORMAL PERIOD 1981 TO 2010
CLIMATE RECORD PERIOD 1886 TO 2017


WEATHER ITEM   OBSERVED TIME   RECORD YEAR NORMAL DEPARTURE LAST
                VALUE   (LST)  VALUE       VALUE  FROM      YEAR
                                                  NORMAL
..................................................................
TEMPERATURE (F)
 YESTERDAY
  MAXIMUM         83    329 PM  88    1949  68     15       49
                                      1940
  MINIMUM         58    521 AM  26    1997  47     11       36
  AVERAGE         71                        57     14       43

PRECIPITATION (IN)
  YESTERDAY        0.00          0.95 1995   0.11  -0.11     0.36
  MONTH TO DATE    0.32                      1.50  -1.18     1.52
  SINCE MAR 1      7.74                      6.62   1.12     7.22
  SINCE JAN 1     11.52                      8.31   3.21     8.62

SNOWFALL (IN)
  YESTERDAY        0.0           0.0  2012   0.0    0.0      0.0
  MONTH TO DATE    0.0                       0.2   -0.2      0.0
  SINCE JUL 1     52.7                      52.1    0.6     47.9
  SNOW DEPTH       0

DEGREE DAYS
 HEATING
  YESTERDAY        0                         9     -9       22
  MONTH TO DATE  139                       133      6      143
  SINCE JUL 1   6723                      7558   -835     6689

 COOLING
  YESTERDAY        6                         1      5        0
  MONTH TO DATE    6                         6      0        9
  SINCE JAN 1      6                        10     -4       10
..................................................................


WIND (MPH)
  HIGHEST WIND SPEED    24   HIGHEST WIND DIRECTION    NW (320)
  HIGHEST GUST SPEED    32   HIGHEST GUST DIRECTION    NW (310)
  AVERAGE WIND SPEED    14.0


SKY COVER
  POSSIBLE SUNSHINE  MM
  AVERAGE SKY COVER 0.2


WEATHER CONDITIONS
 THE FOLLOWING WEATHER WAS RECORDED YESTERDAY.
  NO SIGNIFICANT WEATHER WAS OBSERVED.


RELATIVE HUMIDITY (PERCENT)
 HIGHEST    57           500 AM
 LOWEST     24           200 PM
 AVERAGE    41

..........................................................


THE ROCHESTER MN CLIMATE NORMALS FOR TODAY
                         NORMAL    RECORD    YEAR
 MAXIMUM TEMPERATURE (F)   68        97      2013
 MINIMUM TEMPERATURE (F)   47        26      1937
                                             1920


SUNRISE AND SUNSET
MAY 14 2017...........SUNRISE   545 AM CDT   SUNSET   828 PM CDT
MAY 15 2017...........SUNRISE   544 AM CDT   SUNSET   829 PM CDT


-  INDICATES NEGATIVE NUMBERS.
R  INDICATES RECORD WAS SET OR TIED.
MM INDICATES DATA IS MISSING.
T  INDICATES TRACE AMOUNT.




$$
