671
CDUS43 KARX 120655
CLIRST


CLIMATE REPORT
NATIONAL WEATHER SERVICE LA CROSSE WI
154 AM CDT FRI MAY 12 2017


...................................

...THE ROCHESTER MN CLIMATE SUMMARY FOR MAY 11 2017...

CLIMATE NORMAL PERIOD 1981 TO 2010
CLIMATE RECORD PERIOD 1886 TO 2017


WEATHER ITEM   OBSERVED TIME   RECORD YEAR NORMAL DEPARTURE LAST
                VALUE   (LST)  VALUE       VALUE  FROM      YEAR
                                                  NORMAL
..................................................................
TEMPERATURE (F)
 YESTERDAY
  MAXIMUM         65    340 PM  89    1911  67     -2       59
  MINIMUM         43    352 AM  26    1946  46     -3       48
  AVERAGE         54                        56     -2       54

PRECIPITATION (IN)
  YESTERDAY        0.00          1.06 1999   0.12  -0.12     0.18
  MONTH TO DATE    0.32                      1.28  -0.96     1.16
  SINCE MAR 1      7.74                      6.40   1.34     6.86
  SINCE JAN 1     11.52                      8.09   3.43     8.26

SNOWFALL (IN)
  YESTERDAY        0.0           0.2  1966   0.0    0.0      0.0
  MONTH TO DATE    0.0                       0.2   -0.2      0.0
  SINCE JUL 1     52.7                      52.1    0.6     47.9
  SNOW DEPTH       0

DEGREE DAYS
 HEATING
  YESTERDAY       11                         9      2       11
  MONTH TO DATE  131                       115     16      107
  SINCE JUL 1   6715                      7540   -825     6653

 COOLING
  YESTERDAY        0                         1     -1        0
  MONTH TO DATE    0                         4     -4        9
  SINCE JAN 1      0                         8     -8       10
..................................................................


WIND (MPH)
  HIGHEST WIND SPEED    17   HIGHEST WIND DIRECTION     N (350)
  HIGHEST GUST SPEED    22   HIGHEST GUST DIRECTION     N (340)
  AVERAGE WIND SPEED     9.7


SKY COVER
  POSSIBLE SUNSHINE  MM
  AVERAGE SKY COVER 0.0


WEATHER CONDITIONS
 THE FOLLOWING WEATHER WAS RECORDED YESTERDAY.
  NO SIGNIFICANT WEATHER WAS OBSERVED.


RELATIVE HUMIDITY (PERCENT)
 HIGHEST    93          1200 AM
 LOWEST     43           100 PM
 AVERAGE    68

..........................................................


THE ROCHESTER MN CLIMATE NORMALS FOR TODAY
                         NORMAL    RECORD    YEAR
 MAXIMUM TEMPERATURE (F)   68        89      1940
 MINIMUM TEMPERATURE (F)   46        26      1939


SUNRISE AND SUNSET
MAY 12 2017...........SUNRISE   547 AM CDT   SUNSET   826 PM CDT
MAY 13 2017...........SUNRISE   546 AM CDT   SUNSET   827 PM CDT


-  INDICATES NEGATIVE NUMBERS.
R  INDICATES RECORD WAS SET OR TIED.
MM INDICATES DATA IS MISSING.
T  INDICATES TRACE AMOUNT.




$$
