000
CDUS43 KARX 082130
CLIRST


CLIMATE REPORT
NATIONAL WEATHER SERVICE LA CROSSE WI
426 PM CDT FRI APR 8 2016


...................................

...THE ROCHESTER MN CLIMATE SUMMARY FOR APRIL 8 2016...
VALID TODAY AS OF 0400 PM LOCAL TIME.

CLIMATE NORMAL PERIOD 1981 TO 2010
CLIMATE RECORD PERIOD 1886 TO 2016


WEATHER ITEM   OBSERVED TIME   RECORD YEAR NORMAL DEPARTURE LAST
                VALUE   (LST)  VALUE       VALUE  FROM      YEAR
                                                  NORMAL
..................................................................
TEMPERATURE (F)
 TODAY
  MAXIMUM         34    140 PM  84    1931  53    -19       44
  MINIMUM         28   1232 PM   9    1997  33     -5       36
                                      1972
  AVERAGE         31                        43    -12       40

PRECIPITATION (IN)
  TODAY            0.06          1.05 1999   0.10  -0.04     0.26
  MONTH TO DATE    0.18                      0.71  -0.53     1.76
  SINCE MAR 1      4.16                      2.59   1.57     2.83
  SINCE JAN 1      5.56                      4.28   1.28     4.19

SNOWFALL (IN)
  TODAY            0.5           3.1  1973   0.2    0.3      0.0
  MONTH TO DATE    0.5                       1.2   -0.7      0.0
  SINCE JUL 1     47.9                      49.8   -1.9     48.9
  SNOW DEPTH       0

DEGREE DAYS
 HEATING
  TODAY           34                        22     12       25
  MONTH TO DATE  233                       188     45      167
  SINCE JUL 1   6248                      7060   -812     7465

 COOLING
  TODAY            0                         0      0        0
  MONTH TO DATE    0                         0      0        0
  SINCE JAN 1      0                         0      0        0
..................................................................


WIND (MPH)
  HIGHEST WIND SPEED    33   HIGHEST WIND DIRECTION    NW (330)
  HIGHEST GUST SPEED    42   HIGHEST GUST DIRECTION    NW (320)
  AVERAGE WIND SPEED    20.9


SKY COVER
  POSSIBLE SUNSHINE  MM
  AVERAGE SKY COVER 0.9


WEATHER CONDITIONS
 THE FOLLOWING WEATHER WAS RECORDED TODAY.
  SNOW
  LIGHT SNOW
  FOG
  FOG W/VISIBILITY <= 1/4 MILE
  HAZE


RELATIVE HUMIDITY (PERCENT)
 HIGHEST   100          1200 AM
 LOWEST     63           200 PM
 AVERAGE    82

..........................................................


THE ROCHESTER MN CLIMATE NORMALS FOR TOMORROW
                         NORMAL    RECORD    YEAR
 MAXIMUM TEMPERATURE (F)   54        76      1955
                                             1930
 MINIMUM TEMPERATURE (F)   34        13      1997


SUNRISE AND SUNSET
APRIL  8 2016.........SUNRISE   638 AM CDT   SUNSET   746 PM CDT
APRIL  9 2016.........SUNRISE   636 AM CDT   SUNSET   747 PM CDT


-  INDICATES NEGATIVE NUMBERS.
R  INDICATES RECORD WAS SET OR TIED.
MM INDICATES DATA IS MISSING.
T  INDICATES TRACE AMOUNT.




$$
