000
CDUS43 KARX 220637
CLIRST


CLIMATE REPORT
NATIONAL WEATHER SERVICE LA CROSSE WI
136 AM CDT MON JUN 22 2015


...................................

...THE ROCHESTER MN CLIMATE SUMMARY FOR JUNE 21 2015...

CLIMATE NORMAL PERIOD 1981 TO 2010
CLIMATE RECORD PERIOD 1886 TO 2015


WEATHER ITEM   OBSERVED TIME   RECORD YEAR NORMAL DEPARTURE LAST
                VALUE   (LST)  VALUE       VALUE  FROM      YEAR
                                                  NORMAL
..................................................................
TEMPERATURE (F)
 YESTERDAY
  MAXIMUM         85    431 PM  99    1988  80      5       84
  MINIMUM         59    418 AM  37    1992  59      0       64
  AVERAGE         72                        69      3       74

PRECIPITATION (IN)
  YESTERDAY        0.00          2.02 2002   0.16  -0.16     0.00
  MONTH TO DATE    2.94                      3.28  -0.34     5.72
  SINCE JUN 1      2.94                      3.28  -0.34     5.72
  SINCE JAN 1     15.55                     13.72   1.83    17.05

SNOWFALL (IN)
  YESTERDAY        0.0           0.0  2012   0.0    0.0      0.0
  MONTH TO DATE    0.0                       0.0    0.0      0.0
  SINCE JUL 1     50.4                      51.9   -1.5     60.5
  SNOW DEPTH       0

DEGREE DAYS
 HEATING
  YESTERDAY        0                         1     -1        0
  MONTH TO DATE   20                        47    -27       11
  SINCE JUL 1   8068                      7717    351     8917

 COOLING
  YESTERDAY        7                         5      2        9
  MONTH TO DATE   65                        75    -10       75
  SINCE JAN 1     81                       109    -28      114
..................................................................


WIND (MPH)
  HIGHEST WIND SPEED    13   HIGHEST WIND DIRECTION     N (350)
  HIGHEST GUST SPEED    18   HIGHEST GUST DIRECTION     W (280)
  AVERAGE WIND SPEED     6.2


SKY COVER
  POSSIBLE SUNSHINE  MM
  AVERAGE SKY COVER 0.1


WEATHER CONDITIONS
 THE FOLLOWING WEATHER WAS RECORDED YESTERDAY.
  FOG


RELATIVE HUMIDITY (PERCENT)
 HIGHEST   100           400 AM
 LOWEST     34           300 PM
 AVERAGE    67

..........................................................


THE ROCHESTER MN CLIMATE NORMALS FOR TODAY
                         NORMAL    RECORD    YEAR
 MAXIMUM TEMPERATURE (F)   80        94      1911
                                             1910
 MINIMUM TEMPERATURE (F)   59        41      1918


SUNRISE AND SUNSET
JUNE 22 2015..........SUNRISE   528 AM CDT   SUNSET   856 PM CDT
JUNE 23 2015..........SUNRISE   528 AM CDT   SUNSET   856 PM CDT


-  INDICATES NEGATIVE NUMBERS.
R  INDICATES RECORD WAS SET OR TIED.
MM INDICATES DATA IS MISSING.
T  INDICATES TRACE AMOUNT.




$$
