000
CDUS43 KARX 110712
CLIRST


CLIMATE REPORT
NATIONAL WEATHER SERVICE LA CROSSE WI
108 AM CST WED JAN 11 2017


...................................

...THE ROCHESTER MN CLIMATE SUMMARY FOR JANUARY 10 2017...

CLIMATE NORMAL PERIOD 1981 TO 2010
CLIMATE RECORD PERIOD 1886 TO 2017


WEATHER ITEM   OBSERVED TIME   RECORD YEAR NORMAL DEPARTURE LAST
                VALUE   (LST)  VALUE       VALUE  FROM      YEAR
                                                  NORMAL
..................................................................
TEMPERATURE (F)
 YESTERDAY
  MAXIMUM         32    931 AM  54    2012  23      9       -4
  MINIMUM          6   1046 PM -28    1982   8     -2      -17
  AVERAGE         19                        16      3      -10

PRECIPITATION (IN)
  YESTERDAY        0.28          0.75 1975   0.03   0.25     0.00
  MONTH TO DATE    0.52                      0.28   0.24     0.44
  SINCE DEC 1      2.59                      1.51   1.08     3.65
  SINCE JAN 1      0.52                      0.28   0.24     0.44

SNOWFALL (IN)
  YESTERDAY        2.4           3.4  1996   0.3    2.1      0.0
  MONTH TO DATE    3.6                       3.4    0.2      3.0
  SINCE JUL 1     24.3                      22.8    1.5     18.7
  SNOW DEPTH       3

DEGREE DAYS
 HEATING
  YESTERDAY       46                        50     -4       75
  MONTH TO DATE  548                       491     57      469
  SINCE JUL 1   3119                      3569   -450     2900

 COOLING
  YESTERDAY        0                         0      0        0
  MONTH TO DATE    0                         0      0        0
  SINCE JAN 1      0                         0      0        0
..................................................................


WIND (MPH)
  HIGHEST WIND SPEED    37   HIGHEST WIND DIRECTION     W (290)
  HIGHEST GUST SPEED    44   HIGHEST GUST DIRECTION    NW (300)
  AVERAGE WIND SPEED    17.8


SKY COVER
  POSSIBLE SUNSHINE  MM
  AVERAGE SKY COVER 0.9


WEATHER CONDITIONS
 THE FOLLOWING WEATHER WAS RECORDED YESTERDAY.
  LT FREEZING RAIN
  SNOW
  LIGHT SNOW
  FOG
  BLOWING SNOW


RELATIVE HUMIDITY (PERCENT)
 HIGHEST   100           800 AM
 LOWEST     80           900 PM
 AVERAGE    90

..........................................................


THE ROCHESTER MN CLIMATE NORMALS FOR TODAY
                         NORMAL    RECORD    YEAR
 MAXIMUM TEMPERATURE (F)   23        44      1915
 MINIMUM TEMPERATURE (F)    8       -29      1977


SUNRISE AND SUNSET
JANUARY 11 2017.......SUNRISE   743 AM CST   SUNSET   454 PM CST
JANUARY 12 2017.......SUNRISE   742 AM CST   SUNSET   455 PM CST


-  INDICATES NEGATIVE NUMBERS.
R  INDICATES RECORD WAS SET OR TIED.
MM INDICATES DATA IS MISSING.
T  INDICATES TRACE AMOUNT.




$$
