000
CDUS43 KARX 072133
CLIRST


CLIMATE REPORT
NATIONAL WEATHER SERVICE LA CROSSE WI
433 PM CDT THU JUL 7 2016


...................................

...THE ROCHESTER MN CLIMATE SUMMARY FOR JULY 7 2016...
VALID TODAY AS OF 0430 PM LOCAL TIME.

CLIMATE NORMAL PERIOD 1981 TO 2010
CLIMATE RECORD PERIOD 1886 TO 2016


WEATHER ITEM   OBSERVED TIME   RECORD YEAR NORMAL DEPARTURE LAST
                VALUE   (LST)  VALUE       VALUE  FROM      YEAR
                                                  NORMAL
..................................................................
TEMPERATURE (F)
 TODAY
  MAXIMUM         82    258 PM 102    1936  82      0       69
  MINIMUM         64    641 AM  43    1934  62      2       51
  AVERAGE         73                        72      1       60

PRECIPITATION (IN)
  TODAY            0.64          2.21 1990   0.15   0.49     0.00
  MONTH TO DATE    1.34                      1.01   0.33     0.47
  SINCE JUN 1      6.58                      5.69   0.89     4.93
  SINCE JAN 1     18.27                     16.13   2.14    17.54

SNOWFALL (IN)
  TODAY            0.0           0.0  2012   0.0    0.0      0.0
  MONTH TO DATE    0.0                       0.0    0.0      0.0
  SINCE JUL 1      0.0                       0.0    0.0      0.0
  SNOW DEPTH       0

DEGREE DAYS
 HEATING
  TODAY            0                         0      0        5
  MONTH TO DATE    4                         0      4       14
  SINCE JUL 1      4                         0      4       14

 COOLING
  TODAY            8                         7      1        0
  MONTH TO DATE   24                        49    -25       14
  SINCE JAN 1    213                       213      0      127
..................................................................


WIND (MPH)
  HIGHEST WIND SPEED    21   HIGHEST WIND DIRECTION    SW (240)
  HIGHEST GUST SPEED    27   HIGHEST GUST DIRECTION    SW (230)
  AVERAGE WIND SPEED     6.4


SKY COVER
  POSSIBLE SUNSHINE  MM
  AVERAGE SKY COVER 0.3


WEATHER CONDITIONS
 THE FOLLOWING WEATHER WAS RECORDED TODAY.
  THUNDERSTORM
  HEAVY RAIN
  RAIN
  LIGHT RAIN
  FOG


RELATIVE HUMIDITY (PERCENT)
 HIGHEST   100           500 AM
 LOWEST     65           300 PM
 AVERAGE    83

..........................................................


THE ROCHESTER MN CLIMATE NORMALS FOR TOMORROW
                         NORMAL    RECORD    YEAR
 MAXIMUM TEMPERATURE (F)   82        99      1974
                                             1936
 MINIMUM TEMPERATURE (F)   62        45      1958
                                             1931
                                             1908


SUNRISE AND SUNSET
JULY  7 2016..........SUNRISE   535 AM CDT   SUNSET   854 PM CDT
JULY  8 2016..........SUNRISE   536 AM CDT   SUNSET   854 PM CDT


-  INDICATES NEGATIVE NUMBERS.
R  INDICATES RECORD WAS SET OR TIED.
MM INDICATES DATA IS MISSING.
T  INDICATES TRACE AMOUNT.




$$
