000
CDUS43 KARX 140700
CLIRST


CLIMATE REPORT
NATIONAL WEATHER SERVICE LA CROSSE WI
200 AM CDT TUE MAR 14 2017


...................................

...THE ROCHESTER MN CLIMATE SUMMARY FOR MARCH 13 2017...

CLIMATE NORMAL PERIOD 1981 TO 2010
CLIMATE RECORD PERIOD 1886 TO 2017


WEATHER ITEM   OBSERVED TIME   RECORD YEAR NORMAL DEPARTURE LAST
                VALUE   (LST)  VALUE       VALUE  FROM      YEAR
                                                  NORMAL
..................................................................
TEMPERATURE (F)
 YESTERDAY
  MAXIMUM         24    218 PM  66    2012  39    -15       53
  MINIMUM         13   1159 PM  -9    1975  23    -10       45
  AVERAGE         19                        31    -12       49

PRECIPITATION (IN)
  YESTERDAY        T             0.85 1997   0.05  -0.05     0.02
  MONTH TO DATE    1.41                      0.64   0.77     0.29
  SINCE MAR 1      1.41                      0.64   0.77     0.29
  SINCE JAN 1      5.19                      2.33   2.86     1.69

SNOWFALL (IN)
  YESTERDAY        0.1          10.5  1997   0.3   -0.2      0.0
  MONTH TO DATE    7.9                       4.4    3.5      2.9
  SINCE JUL 1     52.2                      44.3    7.9     35.4
  SNOW DEPTH       6

DEGREE DAYS
 HEATING
  YESTERDAY       46                        34     12       16
  MONTH TO DATE  494                       478     16      362
  SINCE JUL 1   5538                      6339   -801     5562

 COOLING
  YESTERDAY        0                         0      0        0
  MONTH TO DATE    0                         0      0        0
  SINCE JAN 1      0                         0      0        0
..................................................................


WIND (MPH)
  HIGHEST WIND SPEED    21   HIGHEST WIND DIRECTION    NE (30)
  HIGHEST GUST SPEED    26   HIGHEST GUST DIRECTION    NE (30)
  AVERAGE WIND SPEED    13.7


SKY COVER
  POSSIBLE SUNSHINE  MM
  AVERAGE SKY COVER 0.8


WEATHER CONDITIONS
 THE FOLLOWING WEATHER WAS RECORDED YESTERDAY.
  LIGHT SNOW
  FOG


RELATIVE HUMIDITY (PERCENT)
 HIGHEST    92          1200 AM
 LOWEST     57           400 PM
 AVERAGE    75

..........................................................


THE ROCHESTER MN CLIMATE NORMALS FOR TODAY
                         NORMAL    RECORD    YEAR
 MAXIMUM TEMPERATURE (F)   39        74      2012
 MINIMUM TEMPERATURE (F)   24       -11      1993
                                             1960


SUNRISE AND SUNSET
MARCH 14 2017.........SUNRISE   723 AM CDT   SUNSET   715 PM CDT
MARCH 15 2017.........SUNRISE   722 AM CDT   SUNSET   717 PM CDT


-  INDICATES NEGATIVE NUMBERS.
R  INDICATES RECORD WAS SET OR TIED.
MM INDICATES DATA IS MISSING.
T  INDICATES TRACE AMOUNT.




$$
