000
CDUS43 KARX 120638
CLIRST


CLIMATE REPORT
NATIONAL WEATHER SERVICE LA CROSSE WI
138 AM CDT TUE AUG 12 2014


...................................

...THE ROCHESTER MN CLIMATE SUMMARY FOR AUGUST 11 2014...

CLIMATE NORMAL PERIOD 1981 TO 2010
CLIMATE RECORD PERIOD 1886 TO 2014


WEATHER ITEM   OBSERVED TIME   RECORD YEAR NORMAL DEPARTURE LAST
                VALUE   (LST)  VALUE       VALUE  FROM      YEAR
                                                  NORMAL
..................................................................
TEMPERATURE (F)
 YESTERDAY
  MAXIMUM         73    501 PM  95    1947  80     -7       73
  MINIMUM         58   1038 PM  41    1946  60     -2       61
  AVERAGE         66                        70     -4       67

PRECIPITATION (IN)
  YESTERDAY        0.01          2.36 1937   0.14  -0.13     0.72
  MONTH TO DATE    0.26                      1.58  -1.32     1.29
  SINCE JUN 1      8.99                     10.81  -1.82    10.29
  SINCE JAN 1     20.32                     21.25  -0.93    34.19

SNOWFALL (IN)
  YESTERDAY        0.0           0.0  2012   0.0    0.0      0.0
  MONTH TO DATE    0.0                       0.0    0.0      0.0
  SINCE JUL 1      0.0                       0.0    0.0      0.0
  SNOW DEPTH       0

DEGREE DAYS
 HEATING
  YESTERDAY        0                         1     -1        0
  MONTH TO DATE    0                         8     -8        4
  SINCE JUL 1     22                        19      3       27

 COOLING
  YESTERDAY        1                         5     -4        2
  MONTH TO DATE   54                        65    -11       17
  SINCE JAN 1    334                       436   -102      402
..................................................................


WIND (MPH)
  HIGHEST WIND SPEED    21   HIGHEST WIND DIRECTION     N (340)
  HIGHEST GUST SPEED    27   HIGHEST GUST DIRECTION    NW (330)
  AVERAGE WIND SPEED    10.8


SKY COVER
  POSSIBLE SUNSHINE  MM
  AVERAGE SKY COVER 0.8


WEATHER CONDITIONS
 THE FOLLOWING WEATHER WAS RECORDED YESTERDAY.
  LIGHT RAIN
  FOG


RELATIVE HUMIDITY (PERCENT)
 HIGHEST   100           300 AM
 LOWEST     64           500 PM
 AVERAGE    82

..........................................................


THE ROCHESTER MN CLIMATE NORMALS FOR TODAY
                         NORMAL    RECORD    YEAR
 MAXIMUM TEMPERATURE (F)   80        95      1947
 MINIMUM TEMPERATURE (F)   60        43      1946


SUNRISE AND SUNSET
AUGUST 12 2014........SUNRISE   611 AM CDT   SUNSET   819 PM CDT
AUGUST 13 2014........SUNRISE   612 AM CDT   SUNSET   817 PM CDT


-  INDICATES NEGATIVE NUMBERS.
R  INDICATES RECORD WAS SET OR TIED.
MM INDICATES DATA IS MISSING.
T  INDICATES TRACE AMOUNT.




$$
