000
CDUS43 KARX 140646
CLIRST


CLIMATE REPORT
NATIONAL WEATHER SERVICE LA CROSSE WI
1245 AM CST WED FEB 14 2018


...................................

...THE ROCHESTER MN CLIMATE SUMMARY FOR FEBRUARY 13 2018...

CLIMATE NORMAL PERIOD 1981 TO 2010
CLIMATE RECORD PERIOD 1886 TO 2018


WEATHER ITEM   OBSERVED TIME   RECORD YEAR NORMAL DEPARTURE LAST
                VALUE   (LST)  VALUE       VALUE  FROM      YEAR
                                                  NORMAL
..................................................................
TEMPERATURE (F)
 YESTERDAY
  MAXIMUM         25    421 PM  47    1919  27     -2       39
  MINIMUM          6   1222 AM -16    1971  12     -6       21
                                      1887
  AVERAGE         16                        19     -3       30

PRECIPITATION (IN)
  YESTERDAY        0.00          0.40 2005   0.03  -0.03     0.00
  MONTH TO DATE    0.26                      0.35  -0.09     0.05
  SINCE DEC 1      2.19                      2.44  -0.25     4.24
  SINCE JAN 1      1.68                      1.21   0.47     2.17

SNOWFALL (IN)
  YESTERDAY        0.0           4.8  1950   0.3   -0.3      0.0
  MONTH TO DATE    4.6                       4.1    0.5      0.2
  SINCE JUL 1     31.3                      35.5   -4.2     34.1
  SNOW DEPTH       4

DEGREE DAYS
 HEATING
  YESTERDAY       49                        46      3       35
  MONTH TO DATE  764                       612    152      574
  SINCE JUL 1   5349                      5220    129     4577

 COOLING
  YESTERDAY        0                         0      0        0
  MONTH TO DATE    0                         0      0        0
  SINCE JAN 1      0                         0      0        0
..................................................................


WIND (MPH)
  HIGHEST WIND SPEED    25   HIGHEST WIND DIRECTION     S (180)
  HIGHEST GUST SPEED    32   HIGHEST GUST DIRECTION     S (190)
  AVERAGE WIND SPEED    15.5


SKY COVER
  POSSIBLE SUNSHINE  MM
  AVERAGE SKY COVER 0.5


WEATHER CONDITIONS
 THE FOLLOWING WEATHER WAS RECORDED YESTERDAY.
  FOG


RELATIVE HUMIDITY (PERCENT)
 HIGHEST    84          1200 PM
 LOWEST     58           600 AM
 AVERAGE    71

..........................................................


THE ROCHESTER MN CLIMATE NORMALS FOR TODAY
                         NORMAL    RECORD    YEAR
 MAXIMUM TEMPERATURE (F)   28        58      1954
 MINIMUM TEMPERATURE (F)   12       -23      1951


SUNRISE AND SUNSET
FEBRUARY 14 2018......SUNRISE   710 AM CST   SUNSET   539 PM CST
FEBRUARY 15 2018......SUNRISE   709 AM CST   SUNSET   540 PM CST


-  INDICATES NEGATIVE NUMBERS.
R  INDICATES RECORD WAS SET OR TIED.
MM INDICATES DATA IS MISSING.
T  INDICATES TRACE AMOUNT.




$$
