000
CDUS43 KARX 250636
CLIRST


CLIMATE REPORT
NATIONAL WEATHER SERVICE LA CROSSE WI
136 AM CDT MON APR 25 2016


...................................

...THE ROCHESTER MN CLIMATE SUMMARY FOR APRIL 24 2016...

CLIMATE NORMAL PERIOD 1981 TO 2010
CLIMATE RECORD PERIOD 1886 TO 2016


WEATHER ITEM   OBSERVED TIME   RECORD YEAR NORMAL DEPARTURE LAST
                VALUE   (LST)  VALUE       VALUE  FROM      YEAR
                                                  NORMAL
..................................................................
TEMPERATURE (F)
 YESTERDAY
  MAXIMUM         71    603 PM  92    2009  61     10       50
  MINIMUM         53    628 AM  17    1956  40     13       33
  AVERAGE         62                        50     12       42

PRECIPITATION (IN)
  YESTERDAY        0.01          1.37 1994   0.12  -0.11     0.32
  MONTH TO DATE    0.57                      2.50  -1.93     4.93
  SINCE MAR 1      4.55                      4.38   0.17     6.00
  SINCE JAN 1      5.95                      6.07  -0.12     7.36

SNOWFALL (IN)
  YESTERDAY        0.0           0.0  2002   0.1   -0.1      0.0
                                      2001
  MONTH TO DATE    0.5                       3.0   -2.5      1.5
  SINCE JUL 1     47.9                      51.6   -3.7     50.4
  SNOW DEPTH       0

DEGREE DAYS
 HEATING
  YESTERDAY        3                        15    -12       23
  MONTH TO DATE  424                       474    -50      433
  SINCE JUL 1   6439                      7346   -907     7731

 COOLING
  YESTERDAY        0                         0      0        0
  MONTH TO DATE    1                         0      1        0
  SINCE JAN 1      1                         0      1        0
..................................................................


WIND (MPH)
  HIGHEST WIND SPEED    30   HIGHEST WIND DIRECTION     W (270)
  HIGHEST GUST SPEED    35   HIGHEST GUST DIRECTION     W (270)
  AVERAGE WIND SPEED    14.8


SKY COVER
  POSSIBLE SUNSHINE  MM
  AVERAGE SKY COVER 0.8


WEATHER CONDITIONS
 THE FOLLOWING WEATHER WAS RECORDED YESTERDAY.
  LIGHT RAIN


RELATIVE HUMIDITY (PERCENT)
 HIGHEST    86          1000 PM
 LOWEST     49           600 PM
 AVERAGE    68

..........................................................


THE ROCHESTER MN CLIMATE NORMALS FOR TODAY
                         NORMAL    RECORD    YEAR
 MAXIMUM TEMPERATURE (F)   62        87      1939
 MINIMUM TEMPERATURE (F)   40        17      1934


SUNRISE AND SUNSET
APRIL 25 2016.........SUNRISE   610 AM CDT   SUNSET   807 PM CDT
APRIL 26 2016.........SUNRISE   608 AM CDT   SUNSET   808 PM CDT


-  INDICATES NEGATIVE NUMBERS.
R  INDICATES RECORD WAS SET OR TIED.
MM INDICATES DATA IS MISSING.
T  INDICATES TRACE AMOUNT.




$$
