000
CDUS43 KARX 192232
CLIRST


CLIMATE REPORT
NATIONAL WEATHER SERVICE LA CROSSE WI
430 PM CST MON JAN 19 2015


...................................

...THE ROCHESTER MN CLIMATE SUMMARY FOR JANUARY 19 2015...
VALID TODAY AS OF 0400 PM LOCAL TIME.

CLIMATE NORMAL PERIOD 1981 TO 2010
CLIMATE RECORD PERIOD 1886 TO 2015


WEATHER ITEM   OBSERVED TIME   RECORD YEAR NORMAL DEPARTURE LAST
                VALUE   (LST)  VALUE       VALUE  FROM      YEAR
                                                  NORMAL
..................................................................
TEMPERATURE (F)
 TODAY
  MAXIMUM         33    359 PM  47    1919  23     10       35
  MINIMUM         16    358 AM -32    1970   7      9       14
  AVERAGE         25                        15     10       25

PRECIPITATION (IN)
  TODAY            T             0.58 1988   0.02  -0.02     0.00
  MONTH TO DATE    0.29                      0.52  -0.23     0.53
  SINCE DEC 1      1.31                      1.75  -0.44     1.63
  SINCE JAN 1      0.29                      0.52  -0.23     0.53

SNOWFALL (IN)
  TODAY            T             7.0  1988   0.5   -0.5      0.0
  MONTH TO DATE    6.1                       7.1   -1.0      8.0
  SINCE JUL 1     23.5                      26.5   -3.0     22.4
  SNOW DEPTH       3

DEGREE DAYS
 HEATING
  TODAY           40                        50    -10       40
  MONTH TO DATE 1021                       941     80     1063
  SINCE JUL 1   4241                      4019    222     4357

 COOLING
  TODAY            0                         0      0        0
  MONTH TO DATE    0                         0      0        0
  SINCE JAN 1      0                         0      0        0
..................................................................


WIND (MPH)
  HIGHEST WIND SPEED    21   HIGHEST WIND DIRECTION     S (170)
  HIGHEST GUST SPEED    25   HIGHEST GUST DIRECTION     S (160)
  AVERAGE WIND SPEED     9.7


SKY COVER
  POSSIBLE SUNSHINE  MM
  AVERAGE SKY COVER 0.6


WEATHER CONDITIONS
 THE FOLLOWING WEATHER WAS RECORDED TODAY.
  LIGHT SNOW
  FOG
  FOG W/VISIBILITY <= 1/4 MILE


RELATIVE HUMIDITY (PERCENT)
 HIGHEST   100           400 AM
 LOWEST     82           100 PM
 AVERAGE    91

..........................................................


THE ROCHESTER MN CLIMATE NORMALS FOR TOMORROW
                         NORMAL    RECORD    YEAR
 MAXIMUM TEMPERATURE (F)   23        47      1944
 MINIMUM TEMPERATURE (F)    7       -26      1970


SUNRISE AND SUNSET
JANUARY 19 2015.......SUNRISE   739 AM CST   SUNSET   503 PM CST
JANUARY 20 2015.......SUNRISE   738 AM CST   SUNSET   504 PM CST


-  INDICATES NEGATIVE NUMBERS.
R  INDICATES RECORD WAS SET OR TIED.
MM INDICATES DATA IS MISSING.
T  INDICATES TRACE AMOUNT.




$$
