000
CDUS43 KARX 010643
CLIRST


CLIMATE REPORT
NATIONAL WEATHER SERVICE LA CROSSE WI
1243 AM CST WED FEB 1 2017


...................................

...THE ROCHESTER MN CLIMATE SUMMARY FOR JANUARY 31 2017...

CLIMATE NORMAL PERIOD 1981 TO 2010
CLIMATE RECORD PERIOD 1886 TO 2017


WEATHER ITEM   OBSERVED TIME   RECORD YEAR NORMAL DEPARTURE LAST
                VALUE   (LST)  VALUE       VALUE  FROM      YEAR
                                                  NORMAL
..................................................................
TEMPERATURE (F)
 YESTERDAY
  MAXIMUM         35    133 PM  48    1989  25     10       37
  MINIMUM         28   1159 PM -31    1918   8     20       27
  AVERAGE         32                        16     16       32

PRECIPITATION (IN)
  YESTERDAY        T             0.87 1933   0.03  -0.03     0.09
  MONTH TO DATE    2.12                      0.86   1.26     0.75
  SINCE DEC 1      4.19                      2.09   2.10     3.96
  SINCE JAN 1      2.12                      0.86   1.26     0.75

SNOWFALL (IN)
  YESTERDAY        T             7.0  2002   0.4   -0.4      0.0
  MONTH TO DATE   13.2                      12.0    1.2      5.7
  SINCE JUL 1     33.9                      31.4    2.5     21.4
  SNOW DEPTH      10

DEGREE DAYS
 HEATING
  YESTERDAY       33                        49    -16       33
  MONTH TO DATE 1432                      1532   -100     1546
  SINCE JUL 1   4003                      4608   -605     3977

 COOLING
  YESTERDAY        0                         0      0        0
  MONTH TO DATE    0                         0      0        0
  SINCE JAN 1      0                         0      0        0
..................................................................


WIND (MPH)
  HIGHEST WIND SPEED    32   HIGHEST WIND DIRECTION    NW (300)
  HIGHEST GUST SPEED    39   HIGHEST GUST DIRECTION    NW (300)
  AVERAGE WIND SPEED    19.2


SKY COVER
  POSSIBLE SUNSHINE  MM
  AVERAGE SKY COVER 0.9


WEATHER CONDITIONS
 THE FOLLOWING WEATHER WAS RECORDED YESTERDAY.
  LIGHT SNOW
  FOG


RELATIVE HUMIDITY (PERCENT)
 HIGHEST    96          1200 AM
 LOWEST     78           800 PM
 AVERAGE    87

..........................................................


THE ROCHESTER MN CLIMATE NORMALS FOR TODAY
                         NORMAL    RECORD    YEAR
 MAXIMUM TEMPERATURE (F)   25        53      1931
 MINIMUM TEMPERATURE (F)    8       -31      1918


SUNRISE AND SUNSET
FEBRUARY  1 2017......SUNRISE   727 AM CST   SUNSET   521 PM CST
FEBRUARY  2 2017......SUNRISE   726 AM CST   SUNSET   522 PM CST


-  INDICATES NEGATIVE NUMBERS.
R  INDICATES RECORD WAS SET OR TIED.
MM INDICATES DATA IS MISSING.
T  INDICATES TRACE AMOUNT.




$$
