000
CDUS43 KARX 022134
CLIRST


CLIMATE REPORT
NATIONAL WEATHER SERVICE LA CROSSE WI
434 PM CDT SAT JUL 2 2016


...................................

...THE ROCHESTER MN CLIMATE SUMMARY FOR JULY 2 2016...
VALID TODAY AS OF 0430 PM LOCAL TIME.

CLIMATE NORMAL PERIOD 1981 TO 2010
CLIMATE RECORD PERIOD 1886 TO 2016


WEATHER ITEM   OBSERVED TIME   RECORD YEAR NORMAL DEPARTURE LAST
                VALUE   (LST)  VALUE       VALUE  FROM      YEAR
                                                  NORMAL
..................................................................
TEMPERATURE (F)
 TODAY
  MAXIMUM         76    205 PM  98    1911  82     -6       74
  MINIMUM         52    507 AM  44    1929  61     -9       50
  AVERAGE         64                        71     -7       62

PRECIPITATION (IN)
  TODAY            0.00          1.34 1933   0.14  -0.14     0.00
  MONTH TO DATE    0.00                      0.28  -0.28      T
  SINCE JUN 1      5.24                      4.96   0.28     4.46
  SINCE JAN 1     16.93                     15.40   1.53    17.07

SNOWFALL (IN)
  TODAY            0.0           0.0  2012   0.0    0.0      0.0
  MONTH TO DATE    0.0                       0.0    0.0      0.0
  SINCE JUL 1      0.0                       0.0    0.0      0.0
  SNOW DEPTH       0

DEGREE DAYS
 HEATING
  TODAY            1                         0      1        3
  MONTH TO DATE    3                         0      3        9
  SINCE JUL 1      3                         0      3        9

 COOLING
  TODAY            0                         7     -7        0
  MONTH TO DATE    0                        14    -14        0
  SINCE JAN 1    189                       178     11      113
..................................................................


WIND (MPH)
  HIGHEST WIND SPEED    13   HIGHEST WIND DIRECTION    SW (220)
  HIGHEST GUST SPEED    23   HIGHEST GUST DIRECTION    SW (210)
  AVERAGE WIND SPEED     6.5


SKY COVER
  POSSIBLE SUNSHINE  MM
  AVERAGE SKY COVER 0.2


WEATHER CONDITIONS
 THE FOLLOWING WEATHER WAS RECORDED TODAY.
  NO SIGNIFICANT WEATHER WAS OBSERVED.


RELATIVE HUMIDITY (PERCENT)
 HIGHEST    93           300 AM
 LOWEST     49          1100 AM
 AVERAGE    71

..........................................................


THE ROCHESTER MN CLIMATE NORMALS FOR TOMORROW
                         NORMAL    RECORD    YEAR
 MAXIMUM TEMPERATURE (F)   82       102      1911
 MINIMUM TEMPERATURE (F)   61        44      1917


SUNRISE AND SUNSET
JULY  2 2016..........SUNRISE   532 AM CDT   SUNSET   856 PM CDT
JULY  3 2016..........SUNRISE   533 AM CDT   SUNSET   856 PM CDT


-  INDICATES NEGATIVE NUMBERS.
R  INDICATES RECORD WAS SET OR TIED.
MM INDICATES DATA IS MISSING.
T  INDICATES TRACE AMOUNT.




$$
