000
CDUS43 KARX 110734
CLIRST


CLIMATE REPORT
NATIONAL WEATHER SERVICE LA CROSSE WI
211 AM CDT MON MAY 11 2015

...THE ROCHESTER MN CLIMATE SUMMARY FOR MAY 10 2015...

CLIMATE NORMAL PERIOD 1981 TO 2010
CLIMATE RECORD PERIOD 1886 TO 2015

WEATHER ITEM   OBSERVED TIME   RECORD YEAR NORMAL DEPARTURE LAST
                VALUE   (LST)  VALUE       VALUE  FROM      YEAR
                                                  NORMAL
..................................................................
TEMPERATURE (F)
 YESTERDAY
  MAXIMUM         62    125 PM  89    1887  67     -5       67
  MINIMUM         51    734 AM  23    1966  46      5       39
  AVERAGE         57                        56      1       53

PRECIPITATION (IN)
  YESTERDAY        0.13          1.14 1962   0.11   0.02     0.15
  MONTH TO DATE    2.25                      1.16   1.09     0.55
  SINCE MAR 1      8.25                      6.28   1.97     7.34
  SINCE JAN 1      9.61                      7.97   1.64    10.10

SNOWFALL (IN)
  YESTERDAY        0.0           0.0  2012   0.0    0.0      0.0
  MONTH TO DATE    0.0                       0.2   -0.2      0.0
  SINCE JUL 1     50.4                      52.1   -1.7     60.5
  SNOW DEPTH       0

DEGREE DAYS
 HEATING
  YESTERDAY        8                         9     -1       12
  MONTH TO DATE   58                       106    -48      120
  SINCE JUL 1   7870                      7531    339     8775

 COOLING
  YESTERDAY        0                         1     -1        0
  MONTH TO DATE    7                         3      4        0
  SINCE JAN 1      7                         7      0        0
..................................................................

WIND (MPH)
  HIGHEST WIND SPEED    23   HIGHEST WIND DIRECTION     E (110)
  HIGHEST GUST SPEED    29   HIGHEST GUST DIRECTION    SE (130)
  AVERAGE WIND SPEED    16.1

SKY COVER
  POSSIBLE SUNSHINE  MM
  AVERAGE SKY COVER 0.9

WEATHER CONDITIONS
 THE FOLLOWING WEATHER WAS RECORDED YESTERDAY.
  THUNDERSTORM
  HEAVY RAIN
  LIGHT RAIN
  FOG

RELATIVE HUMIDITY (PERCENT)
 HIGHEST    93          1100 PM
 LOWEST     67          1200 PM
 AVERAGE    80
..........................................................

THE ROCHESTER MN CLIMATE NORMALS FOR TODAY
                         NORMAL    RECORD    YEAR
 MAXIMUM TEMPERATURE (F)   67        89      1911
 MINIMUM TEMPERATURE (F)   46        26      1946

SUNRISE AND SUNSET
MAY 11 2015...........SUNRISE   549 AM CDT   SUNSET   824 PM CDT
MAY 12 2015...........SUNRISE   548 AM CDT   SUNSET   826 PM CDT

-  INDICATES NEGATIVE NUMBERS.
R  INDICATES RECORD WAS SET OR TIED.
MM INDICATES DATA IS MISSING.
T  INDICATES TRACE AMOUNT.

$$

BOYNE
