000
CDUS43 KARX 160644
CLIRST


CLIMATE REPORT
NATIONAL WEATHER SERVICE LA CROSSE WI
1244 AM CST MON FEB 16 2015


...................................

...THE ROCHESTER MN CLIMATE SUMMARY FOR FEBRUARY 15 2015...

CLIMATE NORMAL PERIOD 1981 TO 2010
CLIMATE RECORD PERIOD 1886 TO 2015


WEATHER ITEM   OBSERVED TIME   RECORD YEAR NORMAL DEPARTURE LAST
                VALUE   (LST)  VALUE       VALUE  FROM      YEAR
                                                  NORMAL
..................................................................
TEMPERATURE (F)
 YESTERDAY
  MAXIMUM          8   1159 PM  49    1931  28    -20       17
  MINIMUM         -4    356 AM -19    1939  12    -16       -5
                                      1920
  AVERAGE          2                        20    -18        6

PRECIPITATION (IN)
  YESTERDAY        0.00          0.36 1962   0.03  -0.03     0.22
  MONTH TO DATE    0.44                      0.40   0.04     0.29
  SINCE DEC 1      2.17                      2.49  -0.32     2.39
  SINCE JAN 1      1.15                      1.26  -0.11     1.29

SNOWFALL (IN)
  YESTERDAY        0.0           3.7  2014   0.3   -0.3      3.7
  MONTH TO DATE    7.4                       4.7    2.7      4.8
  SINCE JUL 1     34.8                      36.1   -1.3     34.0
  SNOW DEPTH       7

DEGREE DAYS
 HEATING
  YESTERDAY       63                        45     18       59
  MONTH TO DATE  798                       702     96      919
  SINCE JUL 1   5499                      5310    189     6016

 COOLING
  YESTERDAY        0                         0      0        0
  MONTH TO DATE    0                         0      0        0
  SINCE JAN 1      0                         0      0        0
..................................................................


WIND (MPH)
  HIGHEST WIND SPEED    15   HIGHEST WIND DIRECTION    SE (150)
  HIGHEST GUST SPEED    18   HIGHEST GUST DIRECTION    SE (150)
  AVERAGE WIND SPEED    10.1


SKY COVER
  POSSIBLE SUNSHINE  MM
  AVERAGE SKY COVER 0.8


WEATHER CONDITIONS
 THE FOLLOWING WEATHER WAS RECORDED YESTERDAY.
  NO SIGNIFICANT WEATHER WAS OBSERVED.


RELATIVE HUMIDITY (PERCENT)
 HIGHEST    69          1200 PM
 LOWEST     51           100 AM
 AVERAGE    60

..........................................................


THE ROCHESTER MN CLIMATE NORMALS FOR TODAY
                         NORMAL    RECORD    YEAR
 MAXIMUM TEMPERATURE (F)   28        59      1931
 MINIMUM TEMPERATURE (F)   13       -34      1936


SUNRISE AND SUNSET
FEBRUARY 16 2015......SUNRISE   708 AM CST   SUNSET   541 PM CST
FEBRUARY 17 2015......SUNRISE   706 AM CST   SUNSET   542 PM CST


-  INDICATES NEGATIVE NUMBERS.
R  INDICATES RECORD WAS SET OR TIED.
MM INDICATES DATA IS MISSING.
T  INDICATES TRACE AMOUNT.




$$
