000
CDUS43 KARX 010646
CLIRST


CLIMATE REPORT
NATIONAL WEATHER SERVICE LA CROSSE WI
1246 AM CST MON FEB 1 2016


...................................

...THE ROCHESTER MN CLIMATE SUMMARY FOR JANUARY 31 2016...

CLIMATE NORMAL PERIOD 1981 TO 2010
CLIMATE RECORD PERIOD 1886 TO 2016


WEATHER ITEM   OBSERVED TIME   RECORD YEAR NORMAL DEPARTURE LAST
                VALUE   (LST)  VALUE       VALUE  FROM      YEAR
                                                  NORMAL
..................................................................
TEMPERATURE (F)
 YESTERDAY
  MAXIMUM         37    256 PM  48    1989  25     12       30
  MINIMUM         27   1159 PM -31    1918   8     19       20
  AVERAGE         32                        16     16       25

PRECIPITATION (IN)
  YESTERDAY        0.09          0.87 1933   0.03   0.06     0.13
  MONTH TO DATE    0.75                      0.86  -0.11     0.71
  SINCE DEC 1      3.96                      2.09   1.87     1.73
  SINCE JAN 1      0.75                      0.86  -0.11     0.71

SNOWFALL (IN)
  YESTERDAY        0.0           7.0  2002   0.4   -0.4      1.5
  MONTH TO DATE    5.7                      12.0   -6.3     10.0
  SINCE JUL 1     21.4                      31.4  -10.0     27.4
  SNOW DEPTH       4

DEGREE DAYS
 HEATING
  YESTERDAY       33                        49    -16       40
  MONTH TO DATE 1546                      1532     14     1481
  SINCE JUL 1   3977                      4608   -631     4701

 COOLING
  YESTERDAY        0                         0      0        0
  MONTH TO DATE    0                         0      0        0
  SINCE JAN 1      0                         0      0        0
..................................................................


WIND (MPH)
  HIGHEST WIND SPEED    16   HIGHEST WIND DIRECTION    NW (300)
  HIGHEST GUST SPEED    19   HIGHEST GUST DIRECTION    NW (300)
  AVERAGE WIND SPEED     8.3


SKY COVER
  POSSIBLE SUNSHINE  MM
  AVERAGE SKY COVER 0.7


WEATHER CONDITIONS
 THE FOLLOWING WEATHER WAS RECORDED YESTERDAY.
  LIGHT RAIN
  FOG


RELATIVE HUMIDITY (PERCENT)
 HIGHEST   100           100 AM
 LOWEST     70           300 PM
 AVERAGE    85

..........................................................


THE ROCHESTER MN CLIMATE NORMALS FOR TODAY
                         NORMAL    RECORD    YEAR
 MAXIMUM TEMPERATURE (F)   25        53      1931
 MINIMUM TEMPERATURE (F)    8       -31      1918


SUNRISE AND SUNSET
FEBRUARY  1 2016......SUNRISE   728 AM CST   SUNSET   520 PM CST
FEBRUARY  2 2016......SUNRISE   727 AM CST   SUNSET   521 PM CST


-  INDICATES NEGATIVE NUMBERS.
R  INDICATES RECORD WAS SET OR TIED.
MM INDICATES DATA IS MISSING.
T  INDICATES TRACE AMOUNT.




$$
