766
CDUS43 KARX 222241
CLIRST


CLIMATE REPORT
NATIONAL WEATHER SERVICE LA CROSSE WI
440 PM CST TUE NOV 22 2016


...................................

...THE ROCHESTER MN CLIMATE SUMMARY FOR NOVEMBER 22 2016...
VALID TODAY AS OF 0400 PM LOCAL TIME.

CLIMATE NORMAL PERIOD 1981 TO 2010
CLIMATE RECORD PERIOD 1886 TO 2016


WEATHER ITEM   OBSERVED TIME   RECORD YEAR NORMAL DEPARTURE LAST
                VALUE   (LST)  VALUE       VALUE  FROM      YEAR
                                                  NORMAL
..................................................................
TEMPERATURE (F)
 TODAY
  MAXIMUM         36    238 PM  65    1913  38     -2       24
  MINIMUM         32    932 AM  -8    1937  23      9       10
  AVERAGE         34                        30      4       17

PRECIPITATION (IN)
  TODAY            0.12          1.53 1963   0.07   0.05     0.00
  MONTH TO DATE    0.24                      1.44  -1.20     2.26
  SINCE SEP 1     12.08                      7.13   4.95     6.40
  SINCE JAN 1     40.35                     31.32   9.03    31.57

SNOWFALL (IN)
  TODAY            0.0           7.0  1909   0.3   -0.3      0.0
  MONTH TO DATE    T                         3.7   -3.7      1.3
  SINCE JUL 1      T                         4.5   -4.5      1.5
  SNOW DEPTH       0

DEGREE DAYS
 HEATING
  TODAY           31                        35     -4       48
  MONTH TO DATE  430                       636   -206      488
  SINCE JUL 1    905                      1372   -467     1076

 COOLING
  TODAY            0                         0      0        0
  MONTH TO DATE    0                         0      0        0
  SINCE JAN 1    629                       585     44      507
..................................................................


WIND (MPH)
  HIGHEST WIND SPEED    25   HIGHEST WIND DIRECTION    SE (130)
  HIGHEST GUST SPEED    31   HIGHEST GUST DIRECTION    SE (130)
  AVERAGE WIND SPEED    16.2


SKY COVER
  POSSIBLE SUNSHINE  MM
  AVERAGE SKY COVER 0.9


WEATHER CONDITIONS
 THE FOLLOWING WEATHER WAS RECORDED TODAY.
  LIGHT RAIN
  LT FREEZING RAIN
  SNOW


RELATIVE HUMIDITY (PERCENT)
 HIGHEST    75          1200 PM
 LOWEST     59           300 AM
 AVERAGE    67

..........................................................


THE ROCHESTER MN CLIMATE NORMALS FOR TOMORROW
                         NORMAL    RECORD    YEAR
 MAXIMUM TEMPERATURE (F)   37        57      2006
                                             1931
 MINIMUM TEMPERATURE (F)   22       -11      1893


SUNRISE AND SUNSET
NOVEMBER 22 2016......SUNRISE   714 AM CST   SUNSET   438 PM CST
NOVEMBER 23 2016......SUNRISE   716 AM CST   SUNSET   437 PM CST


-  INDICATES NEGATIVE NUMBERS.
R  INDICATES RECORD WAS SET OR TIED.
MM INDICATES DATA IS MISSING.
T  INDICATES TRACE AMOUNT.




$$
