000
CDUS43 KARX 042237
CLIRST


CLIMATE REPORT
NATIONAL WEATHER SERVICE LA CROSSE WI
430 PM CST TUE NOV 4 2014


...................................

...THE ROCHESTER MN CLIMATE SUMMARY FOR NOVEMBER 4 2014...
VALID TODAY AS OF 0400 PM LOCAL TIME.

CLIMATE NORMAL PERIOD 1981 TO 2010
CLIMATE RECORD PERIOD 1886 TO 2014


WEATHER ITEM   OBSERVED TIME   RECORD YEAR NORMAL DEPARTURE LAST
                VALUE   (LST)  VALUE       VALUE  FROM      YEAR
                                                  NORMAL
..................................................................
TEMPERATURE (F)
 TODAY
  MAXIMUM         53    255 PM  74    2008  49      4       47
  MINIMUM         38    809 AM  -2    1991  32      6       32
  AVERAGE         46                        40      6       40

PRECIPITATION (IN)
  TODAY            0.00          0.63 1988   0.07  -0.07     0.27
  MONTH TO DATE    0.06                      0.27  -0.21     0.27
  SINCE SEP 1      5.97                      5.96   0.01     4.47
  SINCE JAN 1     31.39                     30.15   1.24    39.17

SNOWFALL (IN)
  TODAY            0.0           0.9  1959   0.1   -0.1      0.0
  MONTH TO DATE    0.0                       0.4   -0.4      0.0
  SINCE JUL 1      T                         1.2   -1.2       T
  SNOW DEPTH       0

DEGREE DAYS
 HEATING
  TODAY           19                        25     -6       25
  MONTH TO DATE   93                        96     -3       98
  SINCE JUL 1    838                       832      6      781

 COOLING
  TODAY            0                         0      0        0
  MONTH TO DATE    0                         0      0        0
  SINCE JAN 1    491                       585    -94      656
..................................................................


WIND (MPH)
  HIGHEST WIND SPEED    26   HIGHEST WIND DIRECTION     W (260)
  HIGHEST GUST SPEED    32   HIGHEST GUST DIRECTION     W (250)
  AVERAGE WIND SPEED    20.3


SKY COVER
  POSSIBLE SUNSHINE  MM
  AVERAGE SKY COVER 0.3


WEATHER CONDITIONS
 THE FOLLOWING WEATHER WAS RECORDED TODAY.
  NO SIGNIFICANT WEATHER WAS OBSERVED.


RELATIVE HUMIDITY (PERCENT)
 HIGHEST    86           200 AM
 LOWEST     41           400 PM
 AVERAGE    64

..........................................................


THE ROCHESTER MN CLIMATE NORMALS FOR TOMORROW
                         NORMAL    RECORD    YEAR
 MAXIMUM TEMPERATURE (F)   48        70      1893
 MINIMUM TEMPERATURE (F)   32        -4      1951


SUNRISE AND SUNSET
NOVEMBER  4 2014......SUNRISE   650 AM CST   SUNSET   456 PM CST
NOVEMBER  5 2014......SUNRISE   652 AM CST   SUNSET   455 PM CST


-  INDICATES NEGATIVE NUMBERS.
R  INDICATES RECORD WAS SET OR TIED.
MM INDICATES DATA IS MISSING.
T  INDICATES TRACE AMOUNT.




$$
