426
CDUS43 KARX 160643
CLIRST


CLIMATE REPORT
NATIONAL WEATHER SERVICE LA CROSSE WI
142 AM CDT TUE AUG 16 2016


...................................

...THE ROCHESTER MN CLIMATE SUMMARY FOR AUGUST 15 2016...

CLIMATE NORMAL PERIOD 1981 TO 2010
CLIMATE RECORD PERIOD 1886 TO 2016


WEATHER ITEM   OBSERVED TIME   RECORD YEAR NORMAL DEPARTURE LAST
                VALUE   (LST)  VALUE       VALUE  FROM      YEAR
                                                  NORMAL
..................................................................
TEMPERATURE (F)
 YESTERDAY
  MAXIMUM         78    313 PM 100    1936  79     -1       83
  MINIMUM         56    431 AM  39    1933  60     -4       65
                                      1929
  AVERAGE         67                        70     -3       74

PRECIPITATION (IN)
  YESTERDAY        0.00          1.95 1893   0.16  -0.16     0.00
  MONTH TO DATE    2.66                      2.19   0.47     0.06
  SINCE JUN 1     13.50                     11.42   2.08     9.46
  SINCE JAN 1     25.19                     21.86   3.33    22.07

SNOWFALL (IN)
  YESTERDAY        0.0           0.0  2012   0.0    0.0      0.0
  MONTH TO DATE    0.0                       0.0    0.0      0.0
  SINCE JUL 1      0.0                       0.0    0.0      0.0
  SNOW DEPTH       0

DEGREE DAYS
 HEATING
  YESTERDAY        0                         1     -1        0
  MONTH TO DATE    0                        12    -12        2
  SINCE JUL 1      4                        23    -19       19

 COOLING
  YESTERDAY        2                         5     -3        9
  MONTH TO DATE  105                        85     20       72
  SINCE JAN 1    505                       456     49      349
..................................................................


WIND (MPH)
  HIGHEST WIND SPEED    10   HIGHEST WIND DIRECTION    SE (120)
  HIGHEST GUST SPEED    12   HIGHEST GUST DIRECTION    SE (120)
  AVERAGE WIND SPEED     4.6


SKY COVER
  POSSIBLE SUNSHINE  MM
  AVERAGE SKY COVER 0.1


WEATHER CONDITIONS
 THE FOLLOWING WEATHER WAS RECORDED YESTERDAY.
  NO SIGNIFICANT WEATHER WAS OBSERVED.


RELATIVE HUMIDITY (PERCENT)
 HIGHEST   100           300 AM
 LOWEST     60          1200 PM
 AVERAGE    80

..........................................................


THE ROCHESTER MN CLIMATE NORMALS FOR TODAY
                         NORMAL    RECORD    YEAR
 MAXIMUM TEMPERATURE (F)   79        99      1988
                                             1913
 MINIMUM TEMPERATURE (F)   60        39      1933


SUNRISE AND SUNSET
AUGUST 16 2016........SUNRISE   616 AM CDT   SUNSET   812 PM CDT
AUGUST 17 2016........SUNRISE   617 AM CDT   SUNSET   810 PM CDT


-  INDICATES NEGATIVE NUMBERS.
R  INDICATES RECORD WAS SET OR TIED.
MM INDICATES DATA IS MISSING.
T  INDICATES TRACE AMOUNT.




$$
