000
CDUS43 KARX 100725
CLIRST


CLIMATE REPORT
NATIONAL WEATHER SERVICE LA CROSSE WI
224 AM CDT SUN AUG 10 2014


...................................

...THE ROCHESTER MN CLIMATE SUMMARY FOR AUGUST 9 2014...

CLIMATE NORMAL PERIOD 1981 TO 2010
CLIMATE RECORD PERIOD 1886 TO 2014


WEATHER ITEM   OBSERVED TIME   RECORD YEAR NORMAL DEPARTURE LAST
                VALUE   (LST)  VALUE       VALUE  FROM      YEAR
                                                  NORMAL
..................................................................
TEMPERATURE (F)
 YESTERDAY
  MAXIMUM         79   1243 PM  99    1936  80     -1       76
  MINIMUM         60    421 AM  43    1972  60      0       55
  AVERAGE         70                        70      0       66

PRECIPITATION (IN)
  YESTERDAY        0.00          1.36 1948   0.14  -0.14      T
  MONTH TO DATE    0.25                      1.30  -1.05     0.54
  SINCE JUN 1      8.98                     10.53  -1.55     9.54
  SINCE JAN 1     20.31                     20.97  -0.66    33.44

SNOWFALL (IN)
  YESTERDAY        0.0           0.0  2012   0.0    0.0      0.0
  MONTH TO DATE    0.0                       0.0    0.0      0.0
  SINCE JUL 1      0.0                       0.0    0.0      0.0
  SNOW DEPTH       0

DEGREE DAYS
 HEATING
  YESTERDAY        0                         1     -1        0
  MONTH TO DATE    0                         6     -6        3
  SINCE JUL 1     22                        17      5       26

 COOLING
  YESTERDAY        5                         6     -1        1
  MONTH TO DATE   49                        54     -5       15
  SINCE JAN 1    329                       425    -96      400
..................................................................


WIND (MPH)
  HIGHEST WIND SPEED    13   HIGHEST WIND DIRECTION     E (110)
  HIGHEST GUST SPEED    16   HIGHEST GUST DIRECTION    SE (120)
  AVERAGE WIND SPEED     7.2


SKY COVER
  POSSIBLE SUNSHINE  MM
  AVERAGE SKY COVER 0.1


WEATHER CONDITIONS
 THE FOLLOWING WEATHER WAS RECORDED YESTERDAY.
  FOG
  HAZE


RELATIVE HUMIDITY (PERCENT)
 HIGHEST    90           200 AM
 LOWEST     54           100 PM
 AVERAGE    72

..........................................................


THE ROCHESTER MN CLIMATE NORMALS FOR TODAY
                         NORMAL    RECORD    YEAR
 MAXIMUM TEMPERATURE (F)   80        96      1947
 MINIMUM TEMPERATURE (F)   60        44      1982
                                             1930


SUNRISE AND SUNSET
AUGUST 10 2014........SUNRISE   608 AM CDT   SUNSET   821 PM CDT
AUGUST 11 2014........SUNRISE   610 AM CDT   SUNSET   820 PM CDT


-  INDICATES NEGATIVE NUMBERS.
R  INDICATES RECORD WAS SET OR TIED.
MM INDICATES DATA IS MISSING.
T  INDICATES TRACE AMOUNT.




$$
