000
CDUS43 KARX 220714
CLIRST


CLIMATE REPORT
NATIONAL WEATHER SERVICE LA CROSSE WI
112 AM CST WED NOV 22 2017

...THE ROCHESTER MN CLIMATE SUMMARY FOR NOVEMBER 21 2017...

CLIMATE NORMAL PERIOD 1981 TO 2010
CLIMATE RECORD PERIOD 1886 TO 2017

WEATHER ITEM   OBSERVED TIME   RECORD YEAR NORMAL DEPARTURE LAST
                VALUE   (LST)  VALUE       VALUE  FROM      YEAR
                                                  NORMAL
..................................................................
TEMPERATURE (F)
 YESTERDAY
  MAXIMUM         37   1243 AM  70    2012  38     -1       39
  MINIMUM         16   1159 PM  -8    1964  23     -7       18
                                      1937
  AVERAGE         27                        31     -4       29

PRECIPITATION (IN)
  YESTERDAY        T             0.66 1979   0.06  -0.06     0.00
  MONTH TO DATE    0.41                      1.37  -0.96     0.12
  SINCE SEP 1      7.67                      7.06   0.61    11.96
  SINCE JAN 1     32.17                     31.25   0.92    40.23

SNOWFALL (IN)
  YESTERDAY        T             3.1  1989   0.3   -0.3      0.0
  MONTH TO DATE    0.7                       3.4   -2.7       T
  SINCE JUL 1      3.3                       4.2   -0.9       T
  SNOW DEPTH       0

DEGREE DAYS
 HEATING
  YESTERDAY       38                        34      4       36
  MONTH TO DATE  700                       601     99      399
  SINCE JUL 1   1322                      1337    -15      874

 COOLING
  YESTERDAY        0                         0      0        0
  MONTH TO DATE    0                         0      0        0
  SINCE JAN 1    494                       585    -91      629
..................................................................

WIND (MPH)
  HIGHEST WIND SPEED    39   HIGHEST WIND DIRECTION    NW (300)
  HIGHEST GUST SPEED    49   HIGHEST GUST DIRECTION    NW (300)
  AVERAGE WIND SPEED    20.6

SKY COVER
  POSSIBLE SUNSHINE  MM
  AVERAGE SKY COVER 0.2

WEATHER CONDITIONS
 THE FOLLOWING WEATHER WAS RECORDED YESTERDAY.
  LIGHT SNOW

RELATIVE HUMIDITY (PERCENT)
 HIGHEST    80          1100 PM
 LOWEST     53           500 AM
 AVERAGE    67
..........................................................

THE ROCHESTER MN CLIMATE NORMALS FOR TODAY
                         NORMAL    RECORD    YEAR
 MAXIMUM TEMPERATURE (F)   38        65      1913
 MINIMUM TEMPERATURE (F)   23        -8      1937

SUNRISE AND SUNSET
NOVEMBER 22 2017......SUNRISE   714 AM CST   SUNSET   438 PM CST
NOVEMBER 23 2017......SUNRISE   715 AM CST   SUNSET   437 PM CST

-  INDICATES NEGATIVE NUMBERS.
R  INDICATES RECORD WAS SET OR TIED.
MM INDICATES DATA IS MISSING.
T  INDICATES TRACE AMOUNT.

$$

BOYNE
