000
CDUS43 KARX 050636
CLIRST


CLIMATE REPORT
NATIONAL WEATHER SERVICE LA CROSSE WI
135 AM CDT WED APR 5 2017


...................................

...THE ROCHESTER MN CLIMATE SUMMARY FOR APRIL 4 2017...

CLIMATE NORMAL PERIOD 1981 TO 2010
CLIMATE RECORD PERIOD 1886 TO 2017


WEATHER ITEM   OBSERVED TIME   RECORD YEAR NORMAL DEPARTURE LAST
                VALUE   (LST)  VALUE       VALUE  FROM      YEAR
                                                  NORMAL
..................................................................
TEMPERATURE (F)
 YESTERDAY
  MAXIMUM         57    346 PM  77    1942  51      6       40
                                      1929
  MINIMUM         41   1155 PM   6    1995  32      9       26
  AVERAGE         49                        41      8       33

PRECIPITATION (IN)
  YESTERDAY        0.28          1.03 1887   0.08   0.20      T
  MONTH TO DATE    0.66                      0.33   0.33     0.03
  SINCE MAR 1      3.53                      2.21   1.32     4.01
  SINCE JAN 1      7.31                      3.90   3.41     5.41

SNOWFALL (IN)
  YESTERDAY        0.0           4.5  1945   0.1   -0.1       T
  MONTH TO DATE    0.0                       0.6   -0.6       T
  SINCE JUL 1     52.7                      49.2    3.5     47.4
  SNOW DEPTH       0

DEGREE DAYS
 HEATING
  YESTERDAY       16                        24     -8       32
  MONTH TO DATE   75                        98    -23      112
  SINCE JUL 1   6156                      6970   -814     6127

 COOLING
  YESTERDAY        0                         0      0        0
  MONTH TO DATE    0                         0      0        0
  SINCE JAN 1      0                         0      0        0
..................................................................


WIND (MPH)
  HIGHEST WIND SPEED    20   HIGHEST WIND DIRECTION     N (360)
  HIGHEST GUST SPEED    26   HIGHEST GUST DIRECTION     N (360)
  AVERAGE WIND SPEED    11.1


SKY COVER
  POSSIBLE SUNSHINE  MM
  AVERAGE SKY COVER 0.5


WEATHER CONDITIONS
 THE FOLLOWING WEATHER WAS RECORDED YESTERDAY.
  LIGHT RAIN
  FOG


RELATIVE HUMIDITY (PERCENT)
 HIGHEST   100          1200 AM
 LOWEST     45           700 PM
 AVERAGE    73

..........................................................


THE ROCHESTER MN CLIMATE NORMALS FOR TODAY
                         NORMAL    RECORD    YEAR
 MAXIMUM TEMPERATURE (F)   52        83      1991
 MINIMUM TEMPERATURE (F)   32         7      1887


SUNRISE AND SUNSET
APRIL  5 2017.........SUNRISE   644 AM CDT   SUNSET   742 PM CDT
APRIL  6 2017.........SUNRISE   642 AM CDT   SUNSET   743 PM CDT


-  INDICATES NEGATIVE NUMBERS.
R  INDICATES RECORD WAS SET OR TIED.
MM INDICATES DATA IS MISSING.
T  INDICATES TRACE AMOUNT.




$$
