000
CDUS43 KARX 300647
CLIRST


CLIMATE REPORT
NATIONAL WEATHER SERVICE LA CROSSE WI
146 AM CDT THU JUN 30 2016

...THE ROCHESTER MN CLIMATE SUMMARY FOR JUNE 29 2016...

CLIMATE NORMAL PERIOD 1981 TO 2010
CLIMATE RECORD PERIOD 1886 TO 2016

WEATHER ITEM   OBSERVED TIME   RECORD YEAR NORMAL DEPARTURE LAST
                VALUE   (LST)  VALUE       VALUE  FROM      YEAR
                                                  NORMAL
..................................................................
TEMPERATURE (F)
 YESTERDAY
  MAXIMUM         78    354 PM  99    1931  81     -3       81
  MINIMUM         51    509 AM  44    1911  61    -10       58
  AVERAGE         65                        71     -6       70

PRECIPITATION (IN)
  YESTERDAY        0.00          1.46 1963   0.15  -0.15     0.24
  MONTH TO DATE    5.19                      4.52   0.67     4.46
  SINCE JUN 1      5.19                      4.52   0.67     4.46
  SINCE JAN 1     16.88                     14.96   1.92    17.07

SNOWFALL (IN)
  YESTERDAY        0.0           0.0  2012   0.0    0.0      0.0
  MONTH TO DATE    0.0                       0.0    0.0      0.0
  SINCE JUL 1     47.9                      51.9   -4.0     50.4
  SNOW DEPTH       0

DEGREE DAYS
 HEATING
  YESTERDAY        0                         0      0        0
  MONTH TO DATE   21                        54    -33       20
  SINCE JUL 1   6796                      7724   -928     8068

 COOLING
  YESTERDAY        0                         6     -6        5
  MONTH TO DATE  140                       122     18       96
  SINCE JAN 1    188                       156     32      112
..................................................................

WIND (MPH)
  HIGHEST WIND SPEED     9   HIGHEST WIND DIRECTION    SW (230)
  HIGHEST GUST SPEED    12   HIGHEST GUST DIRECTION    SW (220)
  AVERAGE WIND SPEED     4.3

SKY COVER
  POSSIBLE SUNSHINE  MM
  AVERAGE SKY COVER 0.2

WEATHER CONDITIONS
 THE FOLLOWING WEATHER WAS RECORDED YESTERDAY.
  NO SIGNIFICANT WEATHER WAS OBSERVED.

RELATIVE HUMIDITY (PERCENT)
 HIGHEST   100           200 AM
 LOWEST     48           400 PM
 AVERAGE    74
..........................................................

THE ROCHESTER MN CLIMATE NORMALS FOR TODAY
                         NORMAL    RECORD    YEAR
 MAXIMUM TEMPERATURE (F)   81       100      1931
 MINIMUM TEMPERATURE (F)   61        41      1943

SUNRISE AND SUNSET
JUNE 30 2016..........SUNRISE   531 AM CDT   SUNSET   856 PM CDT
JULY  1 2016..........SUNRISE   532 AM CDT   SUNSET   856 PM CDT

-  INDICATES NEGATIVE NUMBERS.
R  INDICATES RECORD WAS SET OR TIED.
MM INDICATES DATA IS MISSING.
T  INDICATES TRACE AMOUNT.

$$

BOYNE
