000
CDUS43 KARX 200646
CLIRST


CLIMATE REPORT
NATIONAL WEATHER SERVICE LA CROSSE WI
146 AM CDT MON JUL 20 2015


...................................

...THE ROCHESTER MN CLIMATE SUMMARY FOR JULY 19 2015...

CLIMATE NORMAL PERIOD 1981 TO 2010
CLIMATE RECORD PERIOD 1886 TO 2015


WEATHER ITEM   OBSERVED TIME   RECORD YEAR NORMAL DEPARTURE LAST
                VALUE   (LST)  VALUE       VALUE  FROM      YEAR
                                                  NORMAL
..................................................................
TEMPERATURE (F)
 YESTERDAY
  MAXIMUM         79    429 PM 102    1940  81     -2       77
  MINIMUM         58    458 AM  44    1929  61     -3       62
  AVERAGE         69                        71     -2       70

PRECIPITATION (IN)
  YESTERDAY        0.00          2.63 1950   0.15  -0.15     0.00
  MONTH TO DATE    2.77                      2.82  -0.05     1.58
  SINCE JUN 1      7.23                      7.50  -0.27     8.85
  SINCE JAN 1     19.84                     17.94   1.90    20.18

SNOWFALL (IN)
  YESTERDAY        0.0           0.0  2012   0.0    0.0      0.0
  MONTH TO DATE    0.0                       0.0    0.0      0.0
  SINCE JUL 1      0.0                       0.0    0.0      0.0
  SNOW DEPTH       0

DEGREE DAYS
 HEATING
  YESTERDAY        0                         0      0        0
  MONTH TO DATE   17                         0     17       22
  SINCE JUL 1     17                         0     17       22

 COOLING
  YESTERDAY        4                         7     -3        5
  MONTH TO DATE   93                       133    -40       45
  SINCE JAN 1    206                       297    -91      215
..................................................................


WIND (MPH)
  HIGHEST WIND SPEED    17   HIGHEST WIND DIRECTION     W (260)
  HIGHEST GUST SPEED    22   HIGHEST GUST DIRECTION     W (260)
  AVERAGE WIND SPEED     9.2


SKY COVER
  POSSIBLE SUNSHINE  MM
  AVERAGE SKY COVER 0.0


WEATHER CONDITIONS
 THE FOLLOWING WEATHER WAS RECORDED YESTERDAY.
  NO SIGNIFICANT WEATHER WAS OBSERVED.


RELATIVE HUMIDITY (PERCENT)
 HIGHEST    93           500 AM
 LOWEST     52           500 PM
 AVERAGE    73

..........................................................


THE ROCHESTER MN CLIMATE NORMALS FOR TODAY
                         NORMAL    RECORD    YEAR
 MAXIMUM TEMPERATURE (F)   81       100      1940
 MINIMUM TEMPERATURE (F)   61        47      1970


SUNRISE AND SUNSET
JULY 20 2015..........SUNRISE   546 AM CDT   SUNSET   846 PM CDT
JULY 21 2015..........SUNRISE   547 AM CDT   SUNSET   845 PM CDT


-  INDICATES NEGATIVE NUMBERS.
R  INDICATES RECORD WAS SET OR TIED.
MM INDICATES DATA IS MISSING.
T  INDICATES TRACE AMOUNT.




$$
