000
CDUS43 KARX 022128
CLIRST


CLIMATE REPORT
NATIONAL WEATHER SERVICE LA CROSSE WI
427 PM CDT FRI JUN 2 2017


...................................

...THE ROCHESTER MN CLIMATE SUMMARY FOR JUNE 2 2017...
VALID TODAY AS OF 0400 PM LOCAL TIME.

CLIMATE NORMAL PERIOD 1981 TO 2010
CLIMATE RECORD PERIOD 1886 TO 2017


WEATHER ITEM   OBSERVED TIME   RECORD YEAR NORMAL DEPARTURE LAST
                VALUE   (LST)  VALUE       VALUE  FROM      YEAR
                                                  NORMAL
..................................................................
TEMPERATURE (F)
 TODAY
  MAXIMUM         87    154 PM  94    1934  74     13       73
  MINIMUM         53    455 AM  35    1888  53      0       50
  AVERAGE         70                        64      6       62

PRECIPITATION (IN)
  TODAY            0.00          0.72 1916   0.15  -0.15     0.00
  MONTH TO DATE    0.00                      0.29  -0.29     0.00
  SINCE JUN 1      0.00                      0.29  -0.29     0.00
  SINCE JAN 1     14.27                     10.73   3.54    11.69

SNOWFALL (IN)
  TODAY            0.0           0.0  2012   0.0    0.0      0.0
  MONTH TO DATE    0.0                       0.0    0.0      0.0
  SINCE JUL 1     52.7                      51.9    0.8     47.9
  SNOW DEPTH       0

DEGREE DAYS
 HEATING
  TODAY            0                         4     -4        3
  MONTH TO DATE    2                         8     -6        6
  SINCE JUL 1   6870                      7678   -808     6781

 COOLING
  TODAY            5                         2      3        0
  MONTH TO DATE    5                         4      1        0
  SINCE JAN 1     25                        38    -13       48
..................................................................


WIND (MPH)
  HIGHEST WIND SPEED    22   HIGHEST WIND DIRECTION     S (200)
  HIGHEST GUST SPEED    27   HIGHEST GUST DIRECTION    SW (210)
  AVERAGE WIND SPEED     9.9


SKY COVER
  POSSIBLE SUNSHINE  MM
  AVERAGE SKY COVER 0.1


WEATHER CONDITIONS
 THE FOLLOWING WEATHER WAS RECORDED TODAY.
  NO SIGNIFICANT WEATHER WAS OBSERVED.


RELATIVE HUMIDITY (PERCENT)
 HIGHEST    66           400 AM
 LOWEST     27           100 PM
 AVERAGE    47

..........................................................


THE ROCHESTER MN CLIMATE NORMALS FOR TOMORROW
                         NORMAL    RECORD    YEAR
 MAXIMUM TEMPERATURE (F)   74        96      2011
 MINIMUM TEMPERATURE (F)   53        35      1946
                                             1945


SUNRISE AND SUNSET
JUNE  2 2017..........SUNRISE   530 AM CDT   SUNSET   847 PM CDT
JUNE  3 2017..........SUNRISE   529 AM CDT   SUNSET   847 PM CDT


-  INDICATES NEGATIVE NUMBERS.
R  INDICATES RECORD WAS SET OR TIED.
MM INDICATES DATA IS MISSING.
T  INDICATES TRACE AMOUNT.




$$
