000
CDUS43 KARX 230634
CLIRST


CLIMATE REPORT
NATIONAL WEATHER SERVICE LA CROSSE WI
133 AM CDT SAT APR 23 2016


...................................

...THE ROCHESTER MN CLIMATE SUMMARY FOR APRIL 22 2016...

CLIMATE NORMAL PERIOD 1981 TO 2010
CLIMATE RECORD PERIOD 1886 TO 2016


WEATHER ITEM   OBSERVED TIME   RECORD YEAR NORMAL DEPARTURE LAST
                VALUE   (LST)  VALUE       VALUE  FROM      YEAR
                                                  NORMAL
..................................................................
TEMPERATURE (F)
 YESTERDAY
  MAXIMUM         59    520 PM  91    1980  60     -1       48
  MINIMUM         42    732 AM  20    1936  39      3       30
  AVERAGE         51                        50      1       39

PRECIPITATION (IN)
  YESTERDAY        0.00          1.50 1999   0.12  -0.12     0.00
  MONTH TO DATE    0.55                      2.26  -1.71     4.61
  SINCE MAR 1      4.53                      4.14   0.39     5.68
  SINCE JAN 1      5.93                      5.83   0.10     7.04

SNOWFALL (IN)
  YESTERDAY        0.0           2.2  1963   0.1   -0.1      0.0
  MONTH TO DATE    0.5                       2.8   -2.3      1.5
  SINCE JUL 1     47.9                      51.4   -3.5     50.4
  SNOW DEPTH       0

DEGREE DAYS
 HEATING
  YESTERDAY       14                        15     -1       26
  MONTH TO DATE  410                       444    -34      385
  SINCE JUL 1   6425                      7316   -891     7683

 COOLING
  YESTERDAY        0                         0      0        0
  MONTH TO DATE    1                         0      1        0
  SINCE JAN 1      1                         0      1        0
..................................................................


WIND (MPH)
  HIGHEST WIND SPEED    24   HIGHEST WIND DIRECTION     N (10)
  HIGHEST GUST SPEED    29   HIGHEST GUST DIRECTION     N (360)
  AVERAGE WIND SPEED    10.6


SKY COVER
  POSSIBLE SUNSHINE  MM
  AVERAGE SKY COVER 0.5


WEATHER CONDITIONS
 THE FOLLOWING WEATHER WAS RECORDED YESTERDAY.
  NO SIGNIFICANT WEATHER WAS OBSERVED.


RELATIVE HUMIDITY (PERCENT)
 HIGHEST    93          1200 AM
 LOWEST     47           500 PM
 AVERAGE    70

..........................................................


THE ROCHESTER MN CLIMATE NORMALS FOR TODAY
                         NORMAL    RECORD    YEAR
 MAXIMUM TEMPERATURE (F)   61        84      1960
 MINIMUM TEMPERATURE (F)   39        20      1956
                                             1930
                                             1910


SUNRISE AND SUNSET
APRIL 23 2016.........SUNRISE   613 AM CDT   SUNSET   804 PM CDT
APRIL 24 2016.........SUNRISE   611 AM CDT   SUNSET   805 PM CDT


-  INDICATES NEGATIVE NUMBERS.
R  INDICATES RECORD WAS SET OR TIED.
MM INDICATES DATA IS MISSING.
T  INDICATES TRACE AMOUNT.




$$
