000
CDUS43 KARX 122129
CLIRST


CLIMATE REPORT
NATIONAL WEATHER SERVICE LA CROSSE WI
426 PM CDT FRI MAY 12 2017


...................................

...THE ROCHESTER MN CLIMATE SUMMARY FOR MAY 12 2017...
VALID TODAY AS OF 0400 PM LOCAL TIME.

CLIMATE NORMAL PERIOD 1981 TO 2010
CLIMATE RECORD PERIOD 1886 TO 2017


WEATHER ITEM   OBSERVED TIME   RECORD YEAR NORMAL DEPARTURE LAST
                VALUE   (LST)  VALUE       VALUE  FROM      YEAR
                                                  NORMAL
..................................................................
TEMPERATURE (F)
 TODAY
  MAXIMUM         71    259 PM  89    1940  68      3       56
  MINIMUM         41    438 AM  26    1939  46     -5       45
  AVERAGE         56                        57     -1       51

PRECIPITATION (IN)
  TODAY            0.00          1.97 1982   0.11  -0.11     0.00
  MONTH TO DATE    0.32                      1.39  -1.07     1.16
  SINCE MAR 1      7.74                      6.51   1.23     6.86
  SINCE JAN 1     11.52                      8.20   3.32     8.26

SNOWFALL (IN)
  TODAY            0.0           0.0  2012   0.0    0.0      0.0
  MONTH TO DATE    0.0                       0.2   -0.2      0.0
  SINCE JUL 1     52.7                      52.1    0.6     47.9
  SNOW DEPTH       0

DEGREE DAYS
 HEATING
  TODAY            9                         9      0       14
  MONTH TO DATE  140                       124     16      121
  SINCE JUL 1   6724                      7549   -825     6667

 COOLING
  TODAY            0                         1     -1        0
  MONTH TO DATE    0                         5     -5        9
  SINCE JAN 1      0                         9     -9       10
..................................................................


WIND (MPH)
  HIGHEST WIND SPEED    14   HIGHEST WIND DIRECTION     N (20)
  HIGHEST GUST SPEED    17   HIGHEST GUST DIRECTION     N (350)
  AVERAGE WIND SPEED     7.9


SKY COVER
  POSSIBLE SUNSHINE  MM
  AVERAGE SKY COVER 0.0


WEATHER CONDITIONS
 THE FOLLOWING WEATHER WAS RECORDED TODAY.
  NO SIGNIFICANT WEATHER WAS OBSERVED.


RELATIVE HUMIDITY (PERCENT)
 HIGHEST    76           300 AM
 LOWEST     31           300 PM
 AVERAGE    54

..........................................................


THE ROCHESTER MN CLIMATE NORMALS FOR TOMORROW
                         NORMAL    RECORD    YEAR
 MAXIMUM TEMPERATURE (F)   68        88      1949
                                             1940
 MINIMUM TEMPERATURE (F)   47        26      1997


SUNRISE AND SUNSET
MAY 12 2017...........SUNRISE   547 AM CDT   SUNSET   826 PM CDT
MAY 13 2017...........SUNRISE   546 AM CDT   SUNSET   827 PM CDT


-  INDICATES NEGATIVE NUMBERS.
R  INDICATES RECORD WAS SET OR TIED.
MM INDICATES DATA IS MISSING.
T  INDICATES TRACE AMOUNT.




$$
