000
CDUS43 KARX 142130
CLIRST


CLIMATE REPORT
NATIONAL WEATHER SERVICE LA CROSSE WI
429 PM CDT TUE MAR 14 2017


...................................

...THE ROCHESTER MN CLIMATE SUMMARY FOR MARCH 14 2017...
VALID TODAY AS OF 0400 PM LOCAL TIME.

CLIMATE NORMAL PERIOD 1981 TO 2010
CLIMATE RECORD PERIOD 1886 TO 2017


WEATHER ITEM   OBSERVED TIME   RECORD YEAR NORMAL DEPARTURE LAST
                VALUE   (LST)  VALUE       VALUE  FROM      YEAR
                                                  NORMAL
..................................................................
TEMPERATURE (F)
 TODAY
  MAXIMUM         24    230 PM  74    2012  39    -15       57
  MINIMUM          1    544 AM -11    1993  24    -23       46
                                      1960
  AVERAGE         13                        31    -18       52

PRECIPITATION (IN)
  TODAY            0.00          1.90 1918   0.06  -0.06     0.00
  MONTH TO DATE    1.44                      0.70   0.74     0.29
  SINCE MAR 1      1.44                      0.70   0.74     0.29
  SINCE JAN 1      5.22                      2.39   2.83     1.69

SNOWFALL (IN)
  TODAY            0.0           6.0  1917   0.3   -0.3      0.0
  MONTH TO DATE    8.4                       4.7    3.7      2.9
  SINCE JUL 1     52.7                      44.6    8.1     35.4
  SNOW DEPTH       5

DEGREE DAYS
 HEATING
  TODAY           52                        34     18       13
  MONTH TO DATE  546                       512     34      375
  SINCE JUL 1   5590                      6373   -783     5575

 COOLING
  TODAY            0                         0      0        0
  MONTH TO DATE    0                         0      0        0
  SINCE JAN 1      0                         0      0        0
..................................................................


WIND (MPH)
  HIGHEST WIND SPEED    14   HIGHEST WIND DIRECTION     N (20)
  HIGHEST GUST SPEED    MM   HIGHEST GUST DIRECTION    MM
  AVERAGE WIND SPEED     8.1


SKY COVER
  POSSIBLE SUNSHINE  MM
  AVERAGE SKY COVER 0.0


WEATHER CONDITIONS
 THE FOLLOWING WEATHER WAS RECORDED TODAY.
  NO SIGNIFICANT WEATHER WAS OBSERVED.


RELATIVE HUMIDITY (PERCENT)
 HIGHEST    87           700 AM
 LOWEST     45           100 PM
 AVERAGE    66

..........................................................


THE ROCHESTER MN CLIMATE NORMALS FOR TOMORROW
                         NORMAL    RECORD    YEAR
 MAXIMUM TEMPERATURE (F)   40        74      2012
 MINIMUM TEMPERATURE (F)   24       -12      1956


SUNRISE AND SUNSET
MARCH 14 2017.........SUNRISE   723 AM CDT   SUNSET   715 PM CDT
MARCH 15 2017.........SUNRISE   722 AM CDT   SUNSET   717 PM CDT


-  INDICATES NEGATIVE NUMBERS.
R  INDICATES RECORD WAS SET OR TIED.
MM INDICATES DATA IS MISSING.
T  INDICATES TRACE AMOUNT.




$$
