000
CDUS43 KARX 010802
CLIRST


CLIMATE REPORT
NATIONAL WEATHER SERVICE LA CROSSE WI
149 AM CDT THU SEP 1 2016


...................................

...THE ROCHESTER MN CLIMATE SUMMARY FOR AUGUST 31 2016...

CLIMATE NORMAL PERIOD 1981 TO 2010
CLIMATE RECORD PERIOD 1886 TO 2016


WEATHER ITEM   OBSERVED TIME   RECORD YEAR NORMAL DEPARTURE LAST
                VALUE   (LST)  VALUE       VALUE  FROM      YEAR
                                                  NORMAL
..................................................................
TEMPERATURE (F)
 YESTERDAY
  MAXIMUM         78    305 PM  93    1960  77      1       82
                                      1953
  MINIMUM         56    614 AM  38    1967  57     -1       60
                                      1886
  AVERAGE         67                        67      0       71

PRECIPITATION (IN)
  YESTERDAY        0.00          1.87 1981   0.14  -0.14     0.00
  MONTH TO DATE    5.74                      4.52   1.22     3.16
  SINCE JUN 1     16.58                     13.75   2.83    12.56
  SINCE JAN 1     28.27                     24.19   4.08    25.17

SNOWFALL (IN)
  YESTERDAY        0.0           0.0  2012   0.0    0.0      0.0
  MONTH TO DATE    0.0                       0.0    0.0      0.0
  SINCE JUL 1      0.0                       0.0    0.0      0.0
  SNOW DEPTH       0

DEGREE DAYS
 HEATING
  YESTERDAY        0                         2     -2        0
  MONTH TO DATE    7                        30    -23       42
  SINCE JUL 1     11                        38    -27       59

 COOLING
  YESTERDAY        2                         4     -2        6
  MONTH TO DATE  173                       154     19       98
  SINCE JAN 1    573                       525     48      375
..................................................................


WIND (MPH)
  HIGHEST WIND SPEED    15   HIGHEST WIND DIRECTION     N (360)
  HIGHEST GUST SPEED    20   HIGHEST GUST DIRECTION     N (360)
  AVERAGE WIND SPEED     7.3


SKY COVER
  POSSIBLE SUNSHINE  MM
  AVERAGE SKY COVER 0.0


WEATHER CONDITIONS
 THE FOLLOWING WEATHER WAS RECORDED YESTERDAY.
  NO SIGNIFICANT WEATHER WAS OBSERVED.


RELATIVE HUMIDITY (PERCENT)
 HIGHEST   100           300 AM
 LOWEST     40           300 PM
 AVERAGE    70

..........................................................


THE ROCHESTER MN CLIMATE NORMALS FOR TODAY
                         NORMAL    RECORD    YEAR
 MAXIMUM TEMPERATURE (F)   76        94      1937
 MINIMUM TEMPERATURE (F)   56        34      1909


SUNRISE AND SUNSET
SEPTEMBER  1 2016.....SUNRISE   634 AM CDT   SUNSET   745 PM CDT
SEPTEMBER  2 2016.....SUNRISE   635 AM CDT   SUNSET   743 PM CDT


-  INDICATES NEGATIVE NUMBERS.
R  INDICATES RECORD WAS SET OR TIED.
MM INDICATES DATA IS MISSING.
T  INDICATES TRACE AMOUNT.




$$
