000
CDUS43 KARX 010652
CLIRST


CLIMATE REPORT
NATIONAL WEATHER SERVICE LA CROSSE WI
152 AM CDT FRI JUL 1 2016


...................................

...THE ROCHESTER MN CLIMATE SUMMARY FOR JUNE 30 2016...

CLIMATE NORMAL PERIOD 1981 TO 2010
CLIMATE RECORD PERIOD 1886 TO 2016


WEATHER ITEM   OBSERVED TIME   RECORD YEAR NORMAL DEPARTURE LAST
                VALUE   (LST)  VALUE       VALUE  FROM      YEAR
                                                  NORMAL
..................................................................
TEMPERATURE (F)
 YESTERDAY
  MAXIMUM         75   1159 AM 100    1931  81     -6       74
  MINIMUM         57   1159 PM  41    1943  61     -4       57
  AVERAGE         66                        71     -5       66

PRECIPITATION (IN)
  YESTERDAY        0.05          1.97 1983   0.16  -0.11     0.00
  MONTH TO DATE    5.24                      4.68   0.56     4.46
  SINCE JUN 1      5.24                      4.68   0.56     4.46
  SINCE JAN 1     16.93                     15.12   1.81    17.07

SNOWFALL (IN)
  YESTERDAY        0.0           0.0  2012   0.0    0.0      0.0
  MONTH TO DATE    0.0                       0.0    0.0      0.0
  SINCE JUL 1     47.9                      51.9   -4.0     50.4
  SNOW DEPTH       0

DEGREE DAYS
 HEATING
  YESTERDAY        0                         0      0        0
  MONTH TO DATE   21                        54    -33       20
  SINCE JUL 1   6796                      7722   -926     8068

 COOLING
  YESTERDAY        1                         7     -6        1
  MONTH TO DATE  141                       130     11       97
  SINCE JAN 1    189                       164     25      113
..................................................................


WIND (MPH)
  HIGHEST WIND SPEED    24   HIGHEST WIND DIRECTION     N (350)
  HIGHEST GUST SPEED    31   HIGHEST GUST DIRECTION     N (340)
  AVERAGE WIND SPEED     8.6


SKY COVER
  POSSIBLE SUNSHINE  MM
  AVERAGE SKY COVER 0.2


WEATHER CONDITIONS
 THE FOLLOWING WEATHER WAS RECORDED YESTERDAY.
  LIGHT RAIN
  FOG


RELATIVE HUMIDITY (PERCENT)
 HIGHEST   100           300 AM
 LOWEST     64           400 PM
 AVERAGE    82

..........................................................


THE ROCHESTER MN CLIMATE NORMALS FOR TODAY
                         NORMAL    RECORD    YEAR
 MAXIMUM TEMPERATURE (F)   82        97      1911
                                             1910
 MINIMUM TEMPERATURE (F)   61        44      1948


SUNRISE AND SUNSET
JULY  1 2016..........SUNRISE   532 AM CDT   SUNSET   856 PM CDT
JULY  2 2016..........SUNRISE   532 AM CDT   SUNSET   856 PM CDT


-  INDICATES NEGATIVE NUMBERS.
R  INDICATES RECORD WAS SET OR TIED.
MM INDICATES DATA IS MISSING.
T  INDICATES TRACE AMOUNT.




$$
