000
CDUS43 KARX 042233
CLIRST


CLIMATE REPORT
NATIONAL WEATHER SERVICE LA CROSSE WI
432 PM CST SAT FEB 4 2017


...................................

...THE ROCHESTER MN CLIMATE SUMMARY FOR FEBRUARY 4 2017...
VALID TODAY AS OF 0430 PM LOCAL TIME.

CLIMATE NORMAL PERIOD 1981 TO 2010
CLIMATE RECORD PERIOD 1886 TO 2017


WEATHER ITEM   OBSERVED TIME   RECORD YEAR NORMAL DEPARTURE LAST
                VALUE   (LST)  VALUE       VALUE  FROM      YEAR
                                                  NORMAL
..................................................................
TEMPERATURE (F)
 TODAY
  MAXIMUM         30    359 PM  49    1964  25      5       24
  MINIMUM          2   1232 AM -29    1912   9     -7        0
  AVERAGE         16                        17     -1       12

PRECIPITATION (IN)
  TODAY            0.00          0.56 1997   0.03  -0.03      T
  MONTH TO DATE    0.01                      0.11  -0.10     0.53
  SINCE DEC 1      4.20                      2.20   2.00     4.49
  SINCE JAN 1      2.13                      0.97   1.16     1.28

SNOWFALL (IN)
  TODAY            0.0           7.2  1997   0.3   -0.3       T
  MONTH TO DATE    0.1                       1.4   -1.3      8.9
  SINCE JUL 1     34.0                      32.8    1.2     30.3
  SNOW DEPTH       8

DEGREE DAYS
 HEATING
  TODAY           49                        48      1       53
  MONTH TO DATE  207                       192     15      178
  SINCE JUL 1   4210                      4800   -590     4155

 COOLING
  TODAY            0                         0      0        0
  MONTH TO DATE    0                         0      0        0
  SINCE JAN 1      0                         0      0        0
..................................................................


WIND (MPH)
  HIGHEST WIND SPEED    30   HIGHEST WIND DIRECTION     S (180)
  HIGHEST GUST SPEED    39   HIGHEST GUST DIRECTION     S (180)
  AVERAGE WIND SPEED    17.1


SKY COVER
  POSSIBLE SUNSHINE  MM
  AVERAGE SKY COVER 0.4


WEATHER CONDITIONS
 THE FOLLOWING WEATHER WAS RECORDED TODAY.
  NO SIGNIFICANT WEATHER WAS OBSERVED.


RELATIVE HUMIDITY (PERCENT)
 HIGHEST    86           100 AM
 LOWEST     62          1100 AM
 AVERAGE    74

..........................................................


THE ROCHESTER MN CLIMATE NORMALS FOR TOMORROW
                         NORMAL    RECORD    YEAR
 MAXIMUM TEMPERATURE (F)   25        48      1946
 MINIMUM TEMPERATURE (F)    9       -29      1979


SUNRISE AND SUNSET
FEBRUARY  4 2017......SUNRISE   723 AM CST   SUNSET   525 PM CST
FEBRUARY  5 2017......SUNRISE   722 AM CST   SUNSET   527 PM CST


-  INDICATES NEGATIVE NUMBERS.
R  INDICATES RECORD WAS SET OR TIED.
MM INDICATES DATA IS MISSING.
T  INDICATES TRACE AMOUNT.




$$
