000
CDUS43 KARX 130641
CLIRST


CLIMATE REPORT
NATIONAL WEATHER SERVICE LA CROSSE WI
141 AM CDT FRI MAR 13 2015


...................................

...THE ROCHESTER MN CLIMATE SUMMARY FOR MARCH 12 2015...

CLIMATE NORMAL PERIOD 1981 TO 2010
CLIMATE RECORD PERIOD 1886 TO 2015


WEATHER ITEM   OBSERVED TIME   RECORD YEAR NORMAL DEPARTURE LAST
                VALUE   (LST)  VALUE       VALUE  FROM      YEAR
                                                  NORMAL
..................................................................
TEMPERATURE (F)
 YESTERDAY
  MAXIMUM         58    350 PM  67    1990  38     20       30
  MINIMUM         37    658 AM -10    1956  23     14       14
                                      1948
  AVERAGE         48                        30     18       22

PRECIPITATION (IN)
  YESTERDAY        0.00          0.88 2001   0.05  -0.05     0.00
  MONTH TO DATE    0.04                      0.59  -0.55     0.64
  SINCE MAR 1      0.04                      0.59  -0.55     0.64
  SINCE JAN 1      1.40                      2.28  -0.88     3.40

SNOWFALL (IN)
  YESTERDAY        0.0           8.6  2001   0.3   -0.3      0.0
  MONTH TO DATE    0.3                       4.1   -3.8      5.5
  SINCE JUL 1     38.3                      44.0   -5.7     53.3
  SNOW DEPTH      MM

DEGREE DAYS
 HEATING
  YESTERDAY       17                        35    -18       43
  MONTH TO DATE  472                       444     28      579
  SINCE JUL 1   6767                      6305    462     7304

 COOLING
  YESTERDAY        0                         0      0        0
  MONTH TO DATE    0                         0      0        0
  SINCE JAN 1      0                         0      0        0
..................................................................


WIND (MPH)
  HIGHEST WIND SPEED    26   HIGHEST WIND DIRECTION     S (180)
  HIGHEST GUST SPEED    33   HIGHEST GUST DIRECTION     S (170)
  AVERAGE WIND SPEED    18.3


SKY COVER
  POSSIBLE SUNSHINE  MM
  AVERAGE SKY COVER 0.0


WEATHER CONDITIONS
 THE FOLLOWING WEATHER WAS RECORDED YESTERDAY.
  FOG
  HAZE


RELATIVE HUMIDITY (PERCENT)
 HIGHEST    82          1000 PM
 LOWEST     55           200 PM
 AVERAGE    69

..........................................................


THE ROCHESTER MN CLIMATE NORMALS FOR TODAY
                         NORMAL    RECORD    YEAR
 MAXIMUM TEMPERATURE (F)   39        66      2012
 MINIMUM TEMPERATURE (F)   23        -9      1975


SUNRISE AND SUNSET
MARCH 13 2015.........SUNRISE   726 AM CDT   SUNSET   713 PM CDT
MARCH 14 2015.........SUNRISE   724 AM CDT   SUNSET   715 PM CDT


-  INDICATES NEGATIVE NUMBERS.
R  INDICATES RECORD WAS SET OR TIED.
MM INDICATES DATA IS MISSING.
T  INDICATES TRACE AMOUNT.




$$
