000
CDUS43 KARX 260658
CLIRST


CLIMATE REPORT
NATIONAL WEATHER SERVICE LA CROSSE WI
1258 AM CST TUE DEC 26 2017


...................................

...THE ROCHESTER MN CLIMATE SUMMARY FOR DECEMBER 25 2017...

CLIMATE NORMAL PERIOD 1981 TO 2010
CLIMATE RECORD PERIOD 1886 TO 2017


WEATHER ITEM   OBSERVED TIME   RECORD YEAR NORMAL DEPARTURE LAST
                VALUE   (LST)  VALUE       VALUE  FROM      YEAR
                                                  NORMAL
..................................................................
TEMPERATURE (F)
 YESTERDAY
  MAXIMUM         10   1200 AM  50    1936  25    -15       38
  MINIMUM         -9   1159 PM -25    2000  10    -19       29
  AVERAGE          1                        17    -16       34

PRECIPITATION (IN)
  YESTERDAY        T             0.75 1893   0.03  -0.03     0.60
  MONTH TO DATE    0.40                      1.05  -0.65     2.07
  SINCE DEC 1      0.40                      1.05  -0.65     2.07
  SINCE JAN 1     32.58                     32.84  -0.26    43.55

SNOWFALL (IN)
  YESTERDAY        T            10.3  1955   0.4   -0.4      0.0
  MONTH TO DATE    4.7                      10.4   -5.7     19.7
  SINCE JUL 1      8.0                      17.3   -9.3     20.7
  SNOW DEPTH       2

DEGREE DAYS
 HEATING
  YESTERDAY       64                        48     16       31
  MONTH TO DATE 1036                      1115    -79     1188
  SINCE JUL 1   2614                      2787   -173     2323

 COOLING
  YESTERDAY        0                         0      0        0
  MONTH TO DATE    0                         0      0        0
  SINCE JAN 1    494                       585    -91      629
..................................................................


WIND (MPH)
  HIGHEST WIND SPEED    28   HIGHEST WIND DIRECTION    NW (300)
  HIGHEST GUST SPEED    34   HIGHEST GUST DIRECTION    NW (300)
  AVERAGE WIND SPEED    14.6


SKY COVER
  POSSIBLE SUNSHINE  MM
  AVERAGE SKY COVER 0.2


WEATHER CONDITIONS
 THE FOLLOWING WEATHER WAS RECORDED YESTERDAY.
  LIGHT SNOW
  FOG
  HAZE


RELATIVE HUMIDITY (PERCENT)
 HIGHEST    95           200 AM
 LOWEST     65          1100 AM
 AVERAGE    80

..........................................................


THE ROCHESTER MN CLIMATE NORMALS FOR TODAY
                         NORMAL    RECORD    YEAR
 MAXIMUM TEMPERATURE (F)   25        54      1936
 MINIMUM TEMPERATURE (F)    9       -26      1950
                                             1914


SUNRISE AND SUNSET
DECEMBER 26 2017......SUNRISE   743 AM CST   SUNSET   438 PM CST
DECEMBER 27 2017......SUNRISE   744 AM CST   SUNSET   439 PM CST


-  INDICATES NEGATIVE NUMBERS.
R  INDICATES RECORD WAS SET OR TIED.
MM INDICATES DATA IS MISSING.
T  INDICATES TRACE AMOUNT.




$$
