000
CDUS43 KARX 120643
CLIRST


CLIMATE REPORT
NATIONAL WEATHER SERVICE LA CROSSE WI
1242 AM CST FRI DEC 12 2014


...................................

...THE ROCHESTER MN CLIMATE SUMMARY FOR DECEMBER 11 2014...

CLIMATE NORMAL PERIOD 1981 TO 2010
CLIMATE RECORD PERIOD 1886 TO 2014


WEATHER ITEM   OBSERVED TIME   RECORD YEAR NORMAL DEPARTURE LAST
                VALUE   (LST)  VALUE       VALUE  FROM      YEAR
                                                  NORMAL
..................................................................
TEMPERATURE (F)
 YESTERDAY
  MAXIMUM         30   1159 PM  54    1949  28      2       14
  MINIMUM         24    948 AM -22    1934  13     11       -8
  AVERAGE         27                        21      6        3

PRECIPITATION (IN)
  YESTERDAY        0.00          1.36 2010   0.05  -0.05      T
  MONTH TO DATE    0.01                      0.53  -0.52     0.51
  SINCE DEC 1      0.01                      0.53  -0.52     0.51
  SINCE JAN 1     33.02                     32.32   0.70    41.17

SNOWFALL (IN)
  YESTERDAY        0.0          15.0  2010   0.4   -0.4       T
  MONTH TO DATE    1.0                       4.6   -3.6      2.4
  SINCE JUL 1     10.2                      11.5   -1.3      3.7
  SNOW DEPTH       1

DEGREE DAYS
 HEATING
  YESTERDAY       38                        44     -6       62
  MONTH TO DATE  464                       464      0      556
  SINCE JUL 1   2411                      2136    275     2249

 COOLING
  YESTERDAY        0                         0      0        0
  MONTH TO DATE    0                         0      0        0
  SINCE JAN 1    491                       585    -94      656
..................................................................


WIND (MPH)
  HIGHEST WIND SPEED    13   HIGHEST WIND DIRECTION     S (190)
  HIGHEST GUST SPEED    15   HIGHEST GUST DIRECTION    SW (240)
  AVERAGE WIND SPEED     8.0


SKY COVER
  POSSIBLE SUNSHINE  MM
  AVERAGE SKY COVER 1.0


WEATHER CONDITIONS
 THE FOLLOWING WEATHER WAS RECORDED YESTERDAY.
  FOG
  FOG W/VISIBILITY <= 1/4 MILE


RELATIVE HUMIDITY (PERCENT)
 HIGHEST   100          1200 PM
 LOWEST     88          1200 AM
 AVERAGE    94

..........................................................


THE ROCHESTER MN CLIMATE NORMALS FOR TODAY
                         NORMAL    RECORD    YEAR
 MAXIMUM TEMPERATURE (F)   28        58      1968
 MINIMUM TEMPERATURE (F)   13       -20      1958


SUNRISE AND SUNSET
DECEMBER 12 2014......SUNRISE   735 AM CST   SUNSET   432 PM CST
DECEMBER 13 2014......SUNRISE   736 AM CST   SUNSET   432 PM CST


-  INDICATES NEGATIVE NUMBERS.
R  INDICATES RECORD WAS SET OR TIED.
MM INDICATES DATA IS MISSING.
T  INDICATES TRACE AMOUNT.




$$
