000
CDUS43 KARX 300648
CLIRST


CLIMATE REPORT
NATIONAL WEATHER SERVICE LA CROSSE WI
146 AM CDT TUE MAY 30 2017


...................................

...THE ROCHESTER MN CLIMATE SUMMARY FOR MAY 29 2017...

CLIMATE NORMAL PERIOD 1981 TO 2010
CLIMATE RECORD PERIOD 1886 TO 2017


WEATHER ITEM   OBSERVED TIME   RECORD YEAR NORMAL DEPARTURE LAST
                VALUE   (LST)  VALUE       VALUE  FROM      YEAR
                                                  NORMAL
..................................................................
TEMPERATURE (F)
 YESTERDAY
  MAXIMUM         65    130 PM  95    2006  73     -8       77
  MINIMUM         50   1140 PM  33    1965  52     -2       60
                                      1947
  AVERAGE         58                        62     -4       69

PRECIPITATION (IN)
  YESTERDAY        0.01          1.88 1980   0.12  -0.11      T
                                      1941
  MONTH TO DATE    3.07                      3.37  -0.30     4.04
  SINCE MAR 1     10.49                      8.49   2.00     9.74
  SINCE JAN 1     14.27                     10.18   4.09    11.14

SNOWFALL (IN)
  YESTERDAY        0.0           0.0  2012   0.0    0.0      0.0
  MONTH TO DATE    0.0                       0.2   -0.2      0.0
  SINCE JUL 1     52.7                      52.1    0.6     47.9
  SNOW DEPTH       0

DEGREE DAYS
 HEATING
  YESTERDAY        7                         5      2        0
  MONTH TO DATE  270                       237     33      229
  SINCE JUL 1   6854                      7662   -808     6775

 COOLING
  YESTERDAY        0                         2     -2        4
  MONTH TO DATE   20                        25     -5       39
  SINCE JAN 1     20                        29     -9       40
..................................................................


WIND (MPH)
  HIGHEST WIND SPEED    36   HIGHEST WIND DIRECTION     W (280)
  HIGHEST GUST SPEED    42   HIGHEST GUST DIRECTION     W (280)
  AVERAGE WIND SPEED    17.1


SKY COVER
  POSSIBLE SUNSHINE  MM
  AVERAGE SKY COVER 0.5


WEATHER CONDITIONS
 THE FOLLOWING WEATHER WAS RECORDED YESTERDAY.
  LIGHT RAIN


RELATIVE HUMIDITY (PERCENT)
 HIGHEST    89           900 PM
 LOWEST     60          1100 AM
 AVERAGE    75

..........................................................


THE ROCHESTER MN CLIMATE NORMALS FOR TODAY
                         NORMAL    RECORD    YEAR
 MAXIMUM TEMPERATURE (F)   73        96      1934
 MINIMUM TEMPERATURE (F)   52        31      1930


SUNRISE AND SUNSET
MAY 30 2017...........SUNRISE   531 AM CDT   SUNSET   844 PM CDT
MAY 31 2017...........SUNRISE   531 AM CDT   SUNSET   845 PM CDT


-  INDICATES NEGATIVE NUMBERS.
R  INDICATES RECORD WAS SET OR TIED.
MM INDICATES DATA IS MISSING.
T  INDICATES TRACE AMOUNT.




$$
