000
CDUS43 KARX 032134
CLIRST


CLIMATE REPORT
NATIONAL WEATHER SERVICE LA CROSSE WI
433 PM CDT MON APR 3 2017


...................................

...THE ROCHESTER MN CLIMATE SUMMARY FOR APRIL 3 2017...
VALID TODAY AS OF 0430 PM LOCAL TIME.

CLIMATE NORMAL PERIOD 1981 TO 2010
CLIMATE RECORD PERIOD 1886 TO 2017


WEATHER ITEM   OBSERVED TIME   RECORD YEAR NORMAL DEPARTURE LAST
                VALUE   (LST)  VALUE       VALUE  FROM      YEAR
                                                  NORMAL
..................................................................
TEMPERATURE (F)
 TODAY
  MAXIMUM         47    259 PM  74    1893  50     -3       72
  MINIMUM         44    800 AM   6    1954  31     13       25
  AVERAGE         46                        41      5       49

PRECIPITATION (IN)
  TODAY            0.14          1.21 1934   0.09   0.05     0.00
  MONTH TO DATE    0.22                      0.25  -0.03     0.03
  SINCE MAR 1      3.09                      2.13   0.96     4.01
  SINCE JAN 1      6.87                      3.82   3.05     5.41

SNOWFALL (IN)
  TODAY            0.0           8.0  1945   0.2   -0.2      0.0
  MONTH TO DATE    0.0                       0.5   -0.5       T
  SINCE JUL 1     52.7                      49.1    3.6     47.4
  SNOW DEPTH       0

DEGREE DAYS
 HEATING
  TODAY           19                        24     -5       16
  MONTH TO DATE   59                        74    -15       80
  SINCE JUL 1   6140                      6946   -806     6095

 COOLING
  TODAY            0                         0      0        0
  MONTH TO DATE    0                         0      0        0
  SINCE JAN 1      0                         0      0        0
..................................................................


WIND (MPH)
  HIGHEST WIND SPEED    16   HIGHEST WIND DIRECTION    NE (30)
  HIGHEST GUST SPEED    21   HIGHEST GUST DIRECTION    NE (30)
  AVERAGE WIND SPEED     9.2


SKY COVER
  POSSIBLE SUNSHINE  MM
  AVERAGE SKY COVER 1.0


WEATHER CONDITIONS
 THE FOLLOWING WEATHER WAS RECORDED TODAY.
  LIGHT RAIN
  FOG
  FOG W/VISIBILITY <= 1/4 MILE


RELATIVE HUMIDITY (PERCENT)
 HIGHEST   100          1200 AM
 LOWEST     93           300 PM
 AVERAGE    97

..........................................................


THE ROCHESTER MN CLIMATE NORMALS FOR TOMORROW
                         NORMAL    RECORD    YEAR
 MAXIMUM TEMPERATURE (F)   51        77      1942
                                             1929
 MINIMUM TEMPERATURE (F)   32         6      1995


SUNRISE AND SUNSET
APRIL  3 2017.........SUNRISE   647 AM CDT   SUNSET   740 PM CDT
APRIL  4 2017.........SUNRISE   646 AM CDT   SUNSET   741 PM CDT


-  INDICATES NEGATIVE NUMBERS.
R  INDICATES RECORD WAS SET OR TIED.
MM INDICATES DATA IS MISSING.
T  INDICATES TRACE AMOUNT.




$$
