000
CDUS43 KARX 060644
CLIRST


CLIMATE REPORT
NATIONAL WEATHER SERVICE LA CROSSE WI
144 AM CDT SAT SEP 6 2014


...................................

...THE ROCHESTER MN CLIMATE SUMMARY FOR SEPTEMBER 5 2014...

CLIMATE NORMAL PERIOD 1981 TO 2010
CLIMATE RECORD PERIOD 1886 TO 2014


WEATHER ITEM   OBSERVED TIME   RECORD YEAR NORMAL DEPARTURE LAST
                VALUE   (LST)  VALUE       VALUE  FROM      YEAR
                                                  NORMAL
..................................................................
TEMPERATURE (F)
 YESTERDAY
  MAXIMUM         70   1211 AM  94    1913  75     -5       78
  MINIMUM         49   1159 PM  34    1918  55     -6       61
  AVERAGE         60                        65     -5       70

PRECIPITATION (IN)
  YESTERDAY        T             2.39 1946   0.13  -0.13     0.00
  MONTH TO DATE    1.28                      0.61   0.67      T
  SINCE SEP 1      1.28                      0.61   0.67      T
  SINCE JAN 1     26.70                     24.80   1.90    34.70

SNOWFALL (IN)
  YESTERDAY        0.0           0.0  2012   0.0    0.0      0.0
  MONTH TO DATE    0.0                       0.0    0.0      0.0
  SINCE JUL 1      0.0                       0.0    0.0      0.0
  SNOW DEPTH       0

DEGREE DAYS
 HEATING
  YESTERDAY        5                         3      2        0
  MONTH TO DATE    5                        12     -7       13
  SINCE JUL 1     30                        50    -20       47

 COOLING
  YESTERDAY        0                         3     -3        5
  MONTH TO DATE   20                        15      5       12
  SINCE JAN 1    480                       540    -60      568
..................................................................


WIND (MPH)
  HIGHEST WIND SPEED    17   HIGHEST WIND DIRECTION    NW (330)
  HIGHEST GUST SPEED    22   HIGHEST GUST DIRECTION    NW (330)
  AVERAGE WIND SPEED     9.2


SKY COVER
  POSSIBLE SUNSHINE  MM
  AVERAGE SKY COVER 0.4


WEATHER CONDITIONS
 THE FOLLOWING WEATHER WAS RECORDED YESTERDAY.
  LIGHT RAIN


RELATIVE HUMIDITY (PERCENT)
 HIGHEST    89          1000 PM
 LOWEST     69          1000 AM
 AVERAGE    79

..........................................................


THE ROCHESTER MN CLIMATE NORMALS FOR TODAY
                         NORMAL    RECORD    YEAR
 MAXIMUM TEMPERATURE (F)   75       100      1913
 MINIMUM TEMPERATURE (F)   55        36      1932
                                             1892


SUNRISE AND SUNSET
SEPTEMBER  6 2014.....SUNRISE   639 AM CDT   SUNSET   737 PM CDT
SEPTEMBER  7 2014.....SUNRISE   640 AM CDT   SUNSET   735 PM CDT


-  INDICATES NEGATIVE NUMBERS.
R  INDICATES RECORD WAS SET OR TIED.
MM INDICATES DATA IS MISSING.
T  INDICATES TRACE AMOUNT.




$$
