000
CDUS43 KARX 050632
CLIRST


CLIMATE REPORT
NATIONAL WEATHER SERVICE LA CROSSE WI
131 AM CDT THU OCT 5 2017


...................................

...THE ROCHESTER MN CLIMATE SUMMARY FOR OCTOBER 4 2017...

CLIMATE NORMAL PERIOD 1981 TO 2010
CLIMATE RECORD PERIOD 1886 TO 2017


WEATHER ITEM   OBSERVED TIME   RECORD YEAR NORMAL DEPARTURE LAST
                VALUE   (LST)  VALUE       VALUE  FROM      YEAR
                                                  NORMAL
..................................................................
TEMPERATURE (F)
 YESTERDAY
  MAXIMUM         62    334 PM  84    2005  64     -2       75
  MINIMUM         43   1153 PM  20    1935  42      1       56
  AVERAGE         53                        53      0       66

PRECIPITATION (IN)
  YESTERDAY        0.00          1.53 2002   0.09  -0.09      T
  MONTH TO DATE    0.66                      0.39   0.27      T
  SINCE SEP 1      2.83                      3.84  -1.01     9.10
  SINCE JAN 1     27.33                     28.03  -0.70    37.37

SNOWFALL (IN)
  YESTERDAY        0.0           T    2014   0.0    0.0      0.0
  MONTH TO DATE    0.0                       0.0    0.0      0.0
  SINCE JUL 1      0.0                       0.0    0.0      0.0
  SNOW DEPTH       0

DEGREE DAYS
 HEATING
  YESTERDAY       12                        12      0        0
  MONTH TO DATE   19                        47    -28       11
  SINCE JUL 1    171                       262    -91       88

 COOLING
  YESTERDAY        0                         1     -1        1
  MONTH TO DATE    1                         4     -3        1
  SINCE JAN 1    494                       583    -89      629
..................................................................


WIND (MPH)
  HIGHEST WIND SPEED    17   HIGHEST WIND DIRECTION     W (290)
  HIGHEST GUST SPEED    22   HIGHEST GUST DIRECTION    NW (300)
  AVERAGE WIND SPEED     8.7


SKY COVER
  POSSIBLE SUNSHINE  MM
  AVERAGE SKY COVER 0.0


WEATHER CONDITIONS
 THE FOLLOWING WEATHER WAS RECORDED YESTERDAY.
  NO SIGNIFICANT WEATHER WAS OBSERVED.


RELATIVE HUMIDITY (PERCENT)
 HIGHEST    93          1200 AM
 LOWEST     48           200 PM
 AVERAGE    71

..........................................................


THE ROCHESTER MN CLIMATE NORMALS FOR TODAY
                         NORMAL    RECORD    YEAR
 MAXIMUM TEMPERATURE (F)   63        85      2011
                                             1938
 MINIMUM TEMPERATURE (F)   42        20      1935


SUNRISE AND SUNSET
OCTOBER  5 2017.......SUNRISE   713 AM CDT   SUNSET   643 PM CDT
OCTOBER  6 2017.......SUNRISE   714 AM CDT   SUNSET   641 PM CDT


-  INDICATES NEGATIVE NUMBERS.
R  INDICATES RECORD WAS SET OR TIED.
MM INDICATES DATA IS MISSING.
T  INDICATES TRACE AMOUNT.




$$
