000
CDUS43 KARX 202128
CLIRST


CLIMATE REPORT
NATIONAL WEATHER SERVICE LA CROSSE WI
428 PM CDT SUN APR 20 2014


...................................

...THE ROCHESTER MN CLIMATE SUMMARY FOR APRIL 20 2014...
VALID TODAY AS OF 0400 PM LOCAL TIME.

CLIMATE NORMAL PERIOD 1981 TO 2010
CLIMATE RECORD PERIOD 1886 TO 2014


WEATHER ITEM   OBSERVED TIME   RECORD YEAR NORMAL DEPARTURE LAST
                VALUE   (LST)  VALUE       VALUE  FROM      YEAR
                                                  NORMAL
..................................................................
TEMPERATURE (F)
 TODAY
  MAXIMUM         67    326 PM  85    1987  60      7       44
  MINIMUM         52    806 AM  21    1956  38     14       26
  AVERAGE         60                        49     11       35

PRECIPITATION (IN)
  TODAY            0.25          1.40 1893   0.12   0.13     0.00
  MONTH TO DATE    2.40                      2.03   0.37     4.93
  SINCE MAR 1      3.55                      3.91  -0.36     7.78
  SINCE JAN 1      6.31                      5.60   0.71     9.78

SNOWFALL (IN)
  TODAY            0.0          14.0  1893   0.1   -0.1      0.0
  MONTH TO DATE    5.1                       2.6    2.5      3.1
  SINCE JUL 1     59.1                      51.2    7.9     58.4
  SNOW DEPTH       0

DEGREE DAYS
 HEATING
  TODAY            5                        16    -11       30
  MONTH TO DATE  469                       413     56      580
  SINCE JUL 1   8449                      7285   1164     7297

 COOLING
  TODAY            0                         0      0        0
  MONTH TO DATE    0                         0      0        0
  SINCE JAN 1      0                         0      0        0
..................................................................


WIND (MPH)
  HIGHEST WIND SPEED    16   HIGHEST WIND DIRECTION     S (190)
  HIGHEST GUST SPEED    20   HIGHEST GUST DIRECTION     S (190)
  AVERAGE WIND SPEED    11.6


SKY COVER
  POSSIBLE SUNSHINE  MM
  AVERAGE SKY COVER 1.0


WEATHER CONDITIONS
 THE FOLLOWING WEATHER WAS RECORDED TODAY.
  LIGHT RAIN
  FOG
  HAZE


RELATIVE HUMIDITY (PERCENT)
 HIGHEST    86          1100 AM
 LOWEST     57          1200 AM
 AVERAGE    72

..........................................................


THE ROCHESTER MN CLIMATE NORMALS FOR TOMORROW
                         NORMAL    RECORD    YEAR
 MAXIMUM TEMPERATURE (F)   60        91      1980
 MINIMUM TEMPERATURE (F)   39        18      1934


SUNRISE AND SUNSET
APRIL 20 2014.........SUNRISE   619 AM CDT   SUNSET   800 PM CDT
APRIL 21 2014.........SUNRISE   617 AM CDT   SUNSET   801 PM CDT


-  INDICATES NEGATIVE NUMBERS.
R  INDICATES RECORD WAS SET OR TIED.
MM INDICATES DATA IS MISSING.
T  INDICATES TRACE AMOUNT.




$$
