262
CDUS43 KARX 290700
CLIRST


CLIMATE REPORT
NATIONAL WEATHER SERVICE LA CROSSE WI
157 AM CDT FRI APR 29 2016

...THE ROCHESTER MN CLIMATE SUMMARY FOR APRIL 28 2016...

CLIMATE NORMAL PERIOD 1981 TO 2010
CLIMATE RECORD PERIOD 1886 TO 2016

WEATHER ITEM   OBSERVED TIME   RECORD YEAR NORMAL DEPARTURE LAST
                VALUE   (LST)  VALUE       VALUE  FROM      YEAR
                                                  NORMAL
..................................................................
TEMPERATURE (F)
 YESTERDAY
  MAXIMUM         42   1238 PM  87    2004  63    -21       71
                                      1952
  MINIMUM         37    801 AM  25    1913  41     -4       42
  AVERAGE         40                        52    -12       57

PRECIPITATION (IN)
  YESTERDAY        0.23          0.63 1989   0.13   0.10     0.00
                                      1938
  MONTH TO DATE    1.15                      2.99  -1.84     4.93
  SINCE MAR 1      5.13                      4.87   0.26     6.00
  SINCE JAN 1      6.53                      6.56  -0.03     7.36

SNOWFALL (IN)
  YESTERDAY        0.0           0.3  1994   0.1   -0.1      0.0
  MONTH TO DATE    0.5                       3.2   -2.7      1.5
  SINCE JUL 1     47.9                      51.8   -3.9     50.4
  SNOW DEPTH       0

DEGREE DAYS
 HEATING
  YESTERDAY       25                        13     12        8
  MONTH TO DATE  490                       528    -38      491
  SINCE JUL 1   6505                      7400   -895     7789

 COOLING
  YESTERDAY        0                         0      0        0
  MONTH TO DATE    1                         0      1        0
  SINCE JAN 1      1                         0      1        0
.................................................................

WIND (MPH)
  HIGHEST WIND SPEED    22   HIGHEST WIND DIRECTION     E (90)
  HIGHEST GUST SPEED    29   HIGHEST GUST DIRECTION     E (90)
  AVERAGE WIND SPEED    12.2

SKY COVER
  POSSIBLE SUNSHINE  MM
  AVERAGE SKY COVER 1.0

WEATHER CONDITIONS
 THE FOLLOWING WEATHER WAS RECORDED YESTERDAY.
  LIGHT RAIN
  FOG

RELATIVE HUMIDITY (PERCENT)
 HIGHEST   100           600 PM
 LOWEST     76           600 AM
 AVERAGE    88
..........................................................

THE ROCHESTER MN CLIMATE NORMALS FOR TODAY
                         NORMAL    RECORD    YEAR
 MAXIMUM TEMPERATURE (F)   63        89      1952
 MINIMUM TEMPERATURE (F)   42        17      1956

SUNRISE AND SUNSET
APRIL 29 2016.........SUNRISE   604 AM CDT   SUNSET   811 PM CDT
APRIL 30 2016.........SUNRISE   602 AM CDT   SUNSET   813 PM CDT

-  INDICATES NEGATIVE NUMBERS.
R  INDICATES RECORD WAS SET OR TIED.
MM INDICATES DATA IS MISSING.
T  INDICATES TRACE AMOUNT.

$$

BOYNE
