167
CDUS43 KARX 200702
CLIRST


CLIMATE REPORT
NATIONAL WEATHER SERVICE LA CROSSE WI
101 AM CST SAT JAN 20 2018


...................................

...THE ROCHESTER MN CLIMATE SUMMARY FOR JANUARY 19 2018...

CLIMATE NORMAL PERIOD 1981 TO 2010
CLIMATE RECORD PERIOD 1886 TO 2018


WEATHER ITEM   OBSERVED TIME   RECORD YEAR NORMAL DEPARTURE LAST
                VALUE   (LST)  VALUE       VALUE  FROM      YEAR
                                                  NORMAL
..................................................................
TEMPERATURE (F)
 YESTERDAY
  MAXIMUM         38    547 PM  47    1919  23     15       35
  MINIMUM         24    441 AM -32    1970   7     17       29
  AVERAGE         31                        15     16       32

PRECIPITATION (IN)
  YESTERDAY        0.00          0.58 1988   0.02  -0.02     0.03
  MONTH TO DATE    0.49                      0.52  -0.03     1.06
  SINCE DEC 1      1.00                      1.75  -0.75     3.13
  SINCE JAN 1      0.49                      0.52  -0.03     1.06

SNOWFALL (IN)
  YESTERDAY        0.0           7.0  1988   0.5   -0.5      0.0
  MONTH TO DATE    7.7                       7.1    0.6      3.7
  SINCE JUL 1     18.2                      26.5   -8.3     24.4
  SNOW DEPTH       3

DEGREE DAYS
 HEATING
  YESTERDAY       34                        50    -16       33
  MONTH TO DATE 1058                       941    117      977
  SINCE JUL 1   4088                      4019     69     3548

 COOLING
  YESTERDAY        0                         0      0        0
  MONTH TO DATE    0                         0      0        0
  SINCE JAN 1      0                         0      0        0
..................................................................


WIND (MPH)
  HIGHEST WIND SPEED    29   HIGHEST WIND DIRECTION     S (180)
  HIGHEST GUST SPEED    36   HIGHEST GUST DIRECTION     S (190)
  AVERAGE WIND SPEED    13.6


SKY COVER
  POSSIBLE SUNSHINE  MM
  AVERAGE SKY COVER 0.0


WEATHER CONDITIONS
 THE FOLLOWING WEATHER WAS RECORDED YESTERDAY.
  NO SIGNIFICANT WEATHER WAS OBSERVED.


RELATIVE HUMIDITY (PERCENT)
 HIGHEST    92          1100 PM
 LOWEST     70           200 PM
 AVERAGE    81

..........................................................


THE ROCHESTER MN CLIMATE NORMALS FOR TODAY
                         NORMAL    RECORD    YEAR
 MAXIMUM TEMPERATURE (F)   23        47      1944
 MINIMUM TEMPERATURE (F)    7       -26      1970


SUNRISE AND SUNSET
JANUARY 20 2018.......SUNRISE   738 AM CST   SUNSET   504 PM CST
JANUARY 21 2018.......SUNRISE   737 AM CST   SUNSET   506 PM CST


-  INDICATES NEGATIVE NUMBERS.
R  INDICATES RECORD WAS SET OR TIED.
MM INDICATES DATA IS MISSING.
T  INDICATES TRACE AMOUNT.




$$
