000
CDUS43 KARX 310642
CLIRST


CLIMATE REPORT
NATIONAL WEATHER SERVICE LA CROSSE WI
141 AM CDT SUN MAY 31 2015


...................................

...THE ROCHESTER MN CLIMATE SUMMARY FOR MAY 30 2015...

CLIMATE NORMAL PERIOD 1981 TO 2010
CLIMATE RECORD PERIOD 1886 TO 2015


WEATHER ITEM   OBSERVED TIME   RECORD YEAR NORMAL DEPARTURE LAST
                VALUE   (LST)  VALUE       VALUE  FROM      YEAR
                                                  NORMAL
..................................................................
TEMPERATURE (F)
 YESTERDAY
  MAXIMUM         59    350 PM  96    1934  73    -14       86
  MINIMUM         46   1159 PM  31    1930  52     -6       59
  AVERAGE         53                        62     -9       73

PRECIPITATION (IN)
  YESTERDAY        0.02          1.70 1993   0.13  -0.11     0.00
  MONTH TO DATE    5.25                      3.50   1.75     1.77
  SINCE MAR 1     11.25                      8.62   2.63     8.56
  SINCE JAN 1     12.61                     10.31   2.30    11.32

SNOWFALL (IN)
  YESTERDAY        0.0           0.0  2012   0.0    0.0      0.0
  MONTH TO DATE    0.0                       0.2   -0.2      0.0
  SINCE JUL 1     50.4                      52.1   -1.7     60.5
  SNOW DEPTH       0

DEGREE DAYS
 HEATING
  YESTERDAY       12                         4      8        0
  MONTH TO DATE  222                       241    -19      251
  SINCE JUL 1   8034                      7666    368     8906

 COOLING
  YESTERDAY        0                         2     -2        8
  MONTH TO DATE   16                        27    -11       30
  SINCE JAN 1     16                        31    -15       30
..................................................................


WIND (MPH)
  HIGHEST WIND SPEED    24   HIGHEST WIND DIRECTION     N (10)
  HIGHEST GUST SPEED    29   HIGHEST GUST DIRECTION     N (20)
  AVERAGE WIND SPEED    14.1


SKY COVER
  POSSIBLE SUNSHINE  MM
  AVERAGE SKY COVER 0.8


WEATHER CONDITIONS
 THE FOLLOWING WEATHER WAS RECORDED YESTERDAY.
  LIGHT RAIN
  FOG


RELATIVE HUMIDITY (PERCENT)
 HIGHEST   100          1200 AM
 LOWEST     62           500 PM
 AVERAGE    81

..........................................................


THE ROCHESTER MN CLIMATE NORMALS FOR TODAY
                         NORMAL    RECORD    YEAR
 MAXIMUM TEMPERATURE (F)   73       106      1934
 MINIMUM TEMPERATURE (F)   52        33      1931


SUNRISE AND SUNSET
MAY 31 2015...........SUNRISE   531 AM CDT   SUNSET   845 PM CDT
JUNE  1 2015..........SUNRISE   531 AM CDT   SUNSET   845 PM CDT


-  INDICATES NEGATIVE NUMBERS.
R  INDICATES RECORD WAS SET OR TIED.
MM INDICATES DATA IS MISSING.
T  INDICATES TRACE AMOUNT.




$$
