000
CDUS43 KARX 280638
CLIRST


CLIMATE REPORT
NATIONAL WEATHER SERVICE LA CROSSE WI
138 AM CDT TUE MAR 28 2017


...................................

...THE ROCHESTER MN CLIMATE SUMMARY FOR MARCH 27 2017...

CLIMATE NORMAL PERIOD 1981 TO 2010
CLIMATE RECORD PERIOD 1886 TO 2017


WEATHER ITEM   OBSERVED TIME   RECORD YEAR NORMAL DEPARTURE LAST
                VALUE   (LST)  VALUE       VALUE  FROM      YEAR
                                                  NORMAL
..................................................................
TEMPERATURE (F)
 YESTERDAY
  MAXIMUM         45    558 PM  74    1946  46     -1       43
  MINIMUM         37   1153 PM   2    1964  29      8       32
  AVERAGE         41                        38      3       38

PRECIPITATION (IN)
  YESTERDAY        T             1.68 1956   0.07  -0.07     0.01
  MONTH TO DATE    2.34                      1.56   0.78     2.55
  SINCE MAR 1      2.34                      1.56   0.78     2.55
  SINCE JAN 1      6.12                      3.25   2.87     3.95

SNOWFALL (IN)
  YESTERDAY        0.0           3.5  1940   0.2   -0.2      0.0
  MONTH TO DATE    8.4                       7.9    0.5     14.9
  SINCE JUL 1     52.7                      47.8    4.9     47.4
  SNOW DEPTH       0

DEGREE DAYS
 HEATING
  YESTERDAY       24                        27     -3       27
  MONTH TO DATE  946                       905     41      733
  SINCE JUL 1   5990                      6766   -776     5933

 COOLING
  YESTERDAY        0                         0      0        0
  MONTH TO DATE    0                         0      0        0
  SINCE JAN 1      0                         0      0        0
..................................................................


WIND (MPH)
  HIGHEST WIND SPEED    10   HIGHEST WIND DIRECTION     N (360)
  HIGHEST GUST SPEED    12   HIGHEST GUST DIRECTION     N (360)
  AVERAGE WIND SPEED     5.3


SKY COVER
  POSSIBLE SUNSHINE  MM
  AVERAGE SKY COVER 0.9


WEATHER CONDITIONS
 THE FOLLOWING WEATHER WAS RECORDED YESTERDAY.
  LIGHT RAIN
  FOG


RELATIVE HUMIDITY (PERCENT)
 HIGHEST   100          1200 AM
 LOWEST     83           200 PM
 AVERAGE    92

..........................................................


THE ROCHESTER MN CLIMATE NORMALS FOR TODAY
                         NORMAL    RECORD    YEAR
 MAXIMUM TEMPERATURE (F)   47        76      1946
 MINIMUM TEMPERATURE (F)   29         0      1969


SUNRISE AND SUNSET
MARCH 28 2017.........SUNRISE   658 AM CDT   SUNSET   733 PM CDT
MARCH 29 2017.........SUNRISE   656 AM CDT   SUNSET   734 PM CDT


-  INDICATES NEGATIVE NUMBERS.
R  INDICATES RECORD WAS SET OR TIED.
MM INDICATES DATA IS MISSING.
T  INDICATES TRACE AMOUNT.




$$
