000
CDUS43 KARX 240633
CLIRST


CLIMATE REPORT
NATIONAL WEATHER SERVICE LA CROSSE WI
133 AM CDT SUN SEP 24 2017


...................................

...THE ROCHESTER MN CLIMATE SUMMARY FOR SEPTEMBER 23 2017...

CLIMATE NORMAL PERIOD 1981 TO 2010
CLIMATE RECORD PERIOD 1886 TO 2017


WEATHER ITEM   OBSERVED TIME   RECORD YEAR NORMAL DEPARTURE LAST
                VALUE   (LST)  VALUE       VALUE  FROM      YEAR
                                                  NORMAL
..................................................................
TEMPERATURE (F)
 YESTERDAY
  MAXIMUM         89    349 PM  92    1937  69     20       66
  MINIMUM         68    635 AM  28    1989  47     21       61
  AVERAGE         79                        58     21       64

PRECIPITATION (IN)
  YESTERDAY        0.00          4.34 2010   0.11  -0.11      T
  MONTH TO DATE    1.47                      2.70  -1.23     8.96
  SINCE SEP 1      1.47                      2.70  -1.23     8.96
  SINCE JAN 1     25.97                     26.89  -0.92    37.23

SNOWFALL (IN)
  YESTERDAY        0.0           0.0  2012   0.0    0.0      0.0
  MONTH TO DATE    0.0                       0.0    0.0      0.0
  SINCE JUL 1      0.0                       0.0    0.0      0.0
  SNOW DEPTH       0

DEGREE DAYS
 HEATING
  YESTERDAY        0                         8     -8        1
  MONTH TO DATE   67                       108    -41       24
  SINCE JUL 1    108                       146    -38       35

 COOLING
  YESTERDAY       14                         1     13        0
  MONTH TO DATE   73                        48     25       53
  SINCE JAN 1    475                       573    -98      626
..................................................................


WIND (MPH)
  HIGHEST WIND SPEED    18   HIGHEST WIND DIRECTION     S (200)
  HIGHEST GUST SPEED    23   HIGHEST GUST DIRECTION     S (200)
  AVERAGE WIND SPEED    10.2


SKY COVER
  POSSIBLE SUNSHINE  MM
  AVERAGE SKY COVER 0.1


WEATHER CONDITIONS
 THE FOLLOWING WEATHER WAS RECORDED YESTERDAY.
  NO SIGNIFICANT WEATHER WAS OBSERVED.


RELATIVE HUMIDITY (PERCENT)
 HIGHEST    90           700 AM
 LOWEST     47           300 PM
 AVERAGE    69

..........................................................


THE ROCHESTER MN CLIMATE NORMALS FOR TODAY
                         NORMAL    RECORD    YEAR
 MAXIMUM TEMPERATURE (F)   68        88      1937
                                             1886
 MINIMUM TEMPERATURE (F)   47        27      1942


SUNRISE AND SUNSET
SEPTEMBER 24 2017.....SUNRISE   700 AM CDT   SUNSET   703 PM CDT
SEPTEMBER 25 2017.....SUNRISE   701 AM CDT   SUNSET   701 PM CDT


-  INDICATES NEGATIVE NUMBERS.
R  INDICATES RECORD WAS SET OR TIED.
MM INDICATES DATA IS MISSING.
T  INDICATES TRACE AMOUNT.




$$
