000
CDUS43 KARX 150643
CLIRST


CLIMATE REPORT
NATIONAL WEATHER SERVICE LA CROSSE WI
1242 AM CST WED NOV 15 2017


...................................

...THE ROCHESTER MN CLIMATE SUMMARY FOR NOVEMBER 14 2017...

CLIMATE NORMAL PERIOD 1981 TO 2010
CLIMATE RECORD PERIOD 1886 TO 2017


WEATHER ITEM   OBSERVED TIME   RECORD YEAR NORMAL DEPARTURE LAST
                VALUE   (LST)  VALUE       VALUE  FROM      YEAR
                                                  NORMAL
..................................................................
TEMPERATURE (F)
 YESTERDAY
  MAXIMUM         44   1159 PM  68    1990  43      1       52
  MINIMUM         36    612 AM  -5    1916  27      9       38
  AVERAGE         40                        35      5       45

PRECIPITATION (IN)
  YESTERDAY        0.02          0.88 1973   0.06  -0.04     0.00
  MONTH TO DATE    0.32                      0.92  -0.60     0.00
  SINCE SEP 1      7.58                      6.61   0.97    11.84
  SINCE JAN 1     32.08                     30.80   1.28    40.11

SNOWFALL (IN)
  YESTERDAY        0.0           8.0  1915   0.2   -0.2      0.0
  MONTH TO DATE    0.7                       1.8   -1.1      0.0
  SINCE JUL 1      3.3                       2.6    0.7      0.0
  SNOW DEPTH       0

DEGREE DAYS
 HEATING
  YESTERDAY       25                        30     -5       20
  MONTH TO DATE  470                       373     97      216
  SINCE JUL 1   1092                      1109    -17      691

 COOLING
  YESTERDAY        0                         0      0        0
  MONTH TO DATE    0                         0      0        0
  SINCE JAN 1    494                       585    -91      629
..................................................................


WIND (MPH)
  HIGHEST WIND SPEED    22   HIGHEST WIND DIRECTION     S (170)
  HIGHEST GUST SPEED    28   HIGHEST GUST DIRECTION     S (170)
  AVERAGE WIND SPEED    13.1


SKY COVER
  POSSIBLE SUNSHINE  MM
  AVERAGE SKY COVER 1.0


WEATHER CONDITIONS
 THE FOLLOWING WEATHER WAS RECORDED YESTERDAY.
  LIGHT RAIN
  FOG
  FOG W/VISIBILITY <= 1/4 MILE


RELATIVE HUMIDITY (PERCENT)
 HIGHEST   100          1200 AM
 LOWEST     92           700 AM
 AVERAGE    96

..........................................................


THE ROCHESTER MN CLIMATE NORMALS FOR TODAY
                         NORMAL    RECORD    YEAR
 MAXIMUM TEMPERATURE (F)   42        67      2001
                                             1953
 MINIMUM TEMPERATURE (F)   27        -5      1915


SUNRISE AND SUNSET
NOVEMBER 15 2017......SUNRISE   705 AM CST   SUNSET   444 PM CST
NOVEMBER 16 2017......SUNRISE   706 AM CST   SUNSET   443 PM CST


-  INDICATES NEGATIVE NUMBERS.
R  INDICATES RECORD WAS SET OR TIED.
MM INDICATES DATA IS MISSING.
T  INDICATES TRACE AMOUNT.




$$
