000
CDUS43 KARX 290642
CLIRST


CLIMATE REPORT
NATIONAL WEATHER SERVICE LA CROSSE WI
142 AM CDT MON SEP 29 2014


...................................

...THE ROCHESTER MN CLIMATE SUMMARY FOR SEPTEMBER 28 2014...

CLIMATE NORMAL PERIOD 1981 TO 2010
CLIMATE RECORD PERIOD 1886 TO 2014


WEATHER ITEM   OBSERVED TIME   RECORD YEAR NORMAL DEPARTURE LAST
                VALUE   (LST)  VALUE       VALUE  FROM      YEAR
                                                  NORMAL
..................................................................
TEMPERATURE (F)
 YESTERDAY
  MAXIMUM         80    302 PM  83    1971  66     14       70
                                      1956
                                      1952
  MINIMUM         54    433 AM  22    1942  45      9       45
                                      1893
  AVERAGE         67                        56     11       58

PRECIPITATION (IN)
  YESTERDAY        0.00          0.90 1972   0.11  -0.11     0.38
  MONTH TO DATE    3.54                      3.25   0.29     1.22
  SINCE SEP 1      3.54                      3.25   0.29     1.22
  SINCE JAN 1     28.96                     27.44   1.52    35.92

SNOWFALL (IN)
  YESTERDAY        0.0           0.0  2012   0.0    0.0      0.0
  MONTH TO DATE    0.0                       0.0    0.0      0.0
  SINCE JUL 1      0.0                       0.0    0.0      0.0
  SNOW DEPTH       0

DEGREE DAYS
 HEATING
  YESTERDAY        0                        10    -10        7
  MONTH TO DATE  152                       155     -3      112
  SINCE JUL 1    177                       193    -16      146

 COOLING
  YESTERDAY        2                         1      1        0
  MONTH TO DATE   31                        53    -22      100
  SINCE JAN 1    491                       578    -87      656
..................................................................


WIND (MPH)
  HIGHEST WIND SPEED    13   HIGHEST WIND DIRECTION    SW (230)
  HIGHEST GUST SPEED    16   HIGHEST GUST DIRECTION    SW (220)
  AVERAGE WIND SPEED     6.0


SKY COVER
  POSSIBLE SUNSHINE  MM
  AVERAGE SKY COVER 0.1


WEATHER CONDITIONS
 THE FOLLOWING WEATHER WAS RECORDED YESTERDAY.
  FOG


RELATIVE HUMIDITY (PERCENT)
 HIGHEST    93           500 AM
 LOWEST     42           100 PM
 AVERAGE    68

..........................................................


THE ROCHESTER MN CLIMATE NORMALS FOR TODAY
                         NORMAL    RECORD    YEAR
 MAXIMUM TEMPERATURE (F)   66        86      1953
 MINIMUM TEMPERATURE (F)   44        23      1967


SUNRISE AND SUNSET
SEPTEMBER 29 2014.....SUNRISE   705 AM CDT   SUNSET   654 PM CDT
SEPTEMBER 30 2014.....SUNRISE   706 AM CDT   SUNSET   653 PM CDT


-  INDICATES NEGATIVE NUMBERS.
R  INDICATES RECORD WAS SET OR TIED.
MM INDICATES DATA IS MISSING.
T  INDICATES TRACE AMOUNT.




$$
