000
CDUS43 KARX 260630
CLIRST


CLIMATE REPORT
NATIONAL WEATHER SERVICE LA CROSSE WI
129 AM CDT FRI AUG 26 2016


...................................

...THE ROCHESTER MN CLIMATE SUMMARY FOR AUGUST 25 2016...

CLIMATE NORMAL PERIOD 1981 TO 2010
CLIMATE RECORD PERIOD 1886 TO 2016


WEATHER ITEM   OBSERVED TIME   RECORD YEAR NORMAL DEPARTURE LAST
                VALUE   (LST)  VALUE       VALUE  FROM      YEAR
                                                  NORMAL
..................................................................
TEMPERATURE (F)
 YESTERDAY
  MAXIMUM         77    254 PM  97    1948  78     -1       71
  MINIMUM         57   1159 PM  36    1958  58     -1       48
  AVERAGE         67                        68     -1       60

PRECIPITATION (IN)
  YESTERDAY        0.00          2.69 1983   0.14  -0.14     0.00
  MONTH TO DATE    5.74                      3.68   2.06     2.30
  SINCE JUN 1     16.58                     12.91   3.67    11.70
  SINCE JAN 1     28.27                     23.35   4.92    24.31

SNOWFALL (IN)
  YESTERDAY        0.0           0.0  2012   0.0    0.0      0.0
  MONTH TO DATE    0.0                       0.0    0.0      0.0
  SINCE JUL 1      0.0                       0.0    0.0      0.0
  SNOW DEPTH       0

DEGREE DAYS
 HEATING
  YESTERDAY        0                         1     -1        5
  MONTH TO DATE    4                        22    -18       30
  SINCE JUL 1      8                        33    -25       47

 COOLING
  YESTERDAY        2                         4     -2        0
  MONTH TO DATE  150                       132     18       90
  SINCE JAN 1    550                       503     47      367
..................................................................


WIND (MPH)
  HIGHEST WIND SPEED    15   HIGHEST WIND DIRECTION     W (260)
  HIGHEST GUST SPEED    19   HIGHEST GUST DIRECTION     W (260)
  AVERAGE WIND SPEED     7.5


SKY COVER
  POSSIBLE SUNSHINE  MM
  AVERAGE SKY COVER 0.0


WEATHER CONDITIONS
 THE FOLLOWING WEATHER WAS RECORDED YESTERDAY.
  NO SIGNIFICANT WEATHER WAS OBSERVED.


RELATIVE HUMIDITY (PERCENT)
 HIGHEST   100           400 AM
 LOWEST     56           300 PM
 AVERAGE    78

..........................................................


THE ROCHESTER MN CLIMATE NORMALS FOR TODAY
                         NORMAL    RECORD    YEAR
 MAXIMUM TEMPERATURE (F)   78        95      1955
                                             1948
 MINIMUM TEMPERATURE (F)   58        33      1934


SUNRISE AND SUNSET
AUGUST 26 2016........SUNRISE   627 AM CDT   SUNSET   755 PM CDT
AUGUST 27 2016........SUNRISE   628 AM CDT   SUNSET   754 PM CDT


-  INDICATES NEGATIVE NUMBERS.
R  INDICATES RECORD WAS SET OR TIED.
MM INDICATES DATA IS MISSING.
T  INDICATES TRACE AMOUNT.




$$
