000
CDUS43 KARX 242130
CLIRST


CLIMATE REPORT
NATIONAL WEATHER SERVICE LA CROSSE WI
429 PM CDT THU APR 24 2014


...................................

...THE ROCHESTER MN CLIMATE SUMMARY FOR APRIL 24 2014...
VALID TODAY AS OF 0400 PM LOCAL TIME.

CLIMATE NORMAL PERIOD 1981 TO 2010
CLIMATE RECORD PERIOD 1886 TO 2014


WEATHER ITEM   OBSERVED TIME   RECORD YEAR NORMAL DEPARTURE LAST
                VALUE   (LST)  VALUE       VALUE  FROM      YEAR
                                                  NORMAL
..................................................................
TEMPERATURE (F)
 TODAY
  MAXIMUM         46    328 PM  92    2009  61    -15       50
  MINIMUM         39    614 AM  17    1956  40     -1       27
  AVERAGE         43                        50     -7       39

PRECIPITATION (IN)
  TODAY            0.87          1.37 1994   0.12   0.75     0.07
  MONTH TO DATE    3.88                      2.50   1.38     6.26
  SINCE MAR 1      5.03                      4.38   0.65     9.11
  SINCE JAN 1      7.79                      6.07   1.72    11.11

SNOWFALL (IN)
  TODAY           MM             0.0  2002   0.1   MM        0.0
                                      2001
  MONTH TO DATE    5.1                       3.0    2.1      4.2
  SINCE JUL 1     59.1                      51.6    7.5     59.5
  SNOW DEPTH       0

DEGREE DAYS
 HEATING
  TODAY           22                        15      7       26
  MONTH TO DATE  541                       474     67      683
  SINCE JUL 1   8521                      7346   1175     7400

 COOLING
  TODAY            0                         0      0        0
  MONTH TO DATE    0                         0      0        0
  SINCE JAN 1      0                         0      0        0
..................................................................


WIND (MPH)
  HIGHEST WIND SPEED    30   HIGHEST WIND DIRECTION    SE (130)
  HIGHEST GUST SPEED    36   HIGHEST GUST DIRECTION    SE (130)
  AVERAGE WIND SPEED    19.2


SKY COVER
  POSSIBLE SUNSHINE  MM
  AVERAGE SKY COVER 1.0


WEATHER CONDITIONS
 THE FOLLOWING WEATHER WAS RECORDED TODAY.
  THUNDERSTORM
  RAIN
  LIGHT RAIN
  FOG


RELATIVE HUMIDITY (PERCENT)
 HIGHEST    92           700 AM
 LOWEST     70          1200 AM
 AVERAGE    81

..........................................................


THE ROCHESTER MN CLIMATE NORMALS FOR TOMORROW
                         NORMAL    RECORD    YEAR
 MAXIMUM TEMPERATURE (F)   62        87      1939
 MINIMUM TEMPERATURE (F)   40        17      1934


SUNRISE AND SUNSET
APRIL 24 2014.........SUNRISE   612 AM CDT   SUNSET   805 PM CDT
APRIL 25 2014.........SUNRISE   611 AM CDT   SUNSET   806 PM CDT


-  INDICATES NEGATIVE NUMBERS.
R  INDICATES RECORD WAS SET OR TIED.
MM INDICATES DATA IS MISSING.
T  INDICATES TRACE AMOUNT.




$$
