000
CDUS43 KARX 250643
CLIRST


CLIMATE REPORT
NATIONAL WEATHER SERVICE LA CROSSE WI
1242 AM CST SAT NOV 25 2017


...................................

...THE ROCHESTER MN CLIMATE SUMMARY FOR NOVEMBER 24 2017...

CLIMATE NORMAL PERIOD 1981 TO 2010
CLIMATE RECORD PERIOD 1886 TO 2017


WEATHER ITEM   OBSERVED TIME   RECORD YEAR NORMAL DEPARTURE LAST
                VALUE   (LST)  VALUE       VALUE  FROM      YEAR
                                                  NORMAL
..................................................................
TEMPERATURE (F)
 YESTERDAY
  MAXIMUM         61R   108 PM  60    2011  36     25       37
  MINIMUM         37   1159 PM -11    1893  21     16       33
  AVERAGE         49                        29     20       35

PRECIPITATION (IN)
  YESTERDAY        0.01          0.74 2001   0.06  -0.05      T
  MONTH TO DATE    0.42                      1.56  -1.14     0.83
  SINCE SEP 1      7.68                      7.25   0.43    12.67
  SINCE JAN 1     32.18                     31.44   0.74    40.94

SNOWFALL (IN)
  YESTERDAY        0.0           2.2  1996   0.3   -0.3       T
                                      1997
  MONTH TO DATE    0.7                       4.2   -3.5      0.7
  SINCE JUL 1      3.3                       5.0   -1.7      0.7
  SNOW DEPTH       0

DEGREE DAYS
 HEATING
  YESTERDAY       16                        36    -20       30
  MONTH TO DATE  790                       708     82      491
  SINCE JUL 1   1412                      1444    -32      966

 COOLING
  YESTERDAY        0                         0      0        0
  MONTH TO DATE    0                         0      0        0
  SINCE JAN 1    494                       585    -91      629
..................................................................


WIND (MPH)
  HIGHEST WIND SPEED    28   HIGHEST WIND DIRECTION    NW (320)
  HIGHEST GUST SPEED    33   HIGHEST GUST DIRECTION    NW (320)
  AVERAGE WIND SPEED    17.8


SKY COVER
  POSSIBLE SUNSHINE  MM
  AVERAGE SKY COVER 0.2


WEATHER CONDITIONS
 THE FOLLOWING WEATHER WAS RECORDED YESTERDAY.
  LIGHT RAIN


RELATIVE HUMIDITY (PERCENT)
 HIGHEST    89           700 PM
 LOWEST     49           200 PM
 AVERAGE    69

..........................................................


THE ROCHESTER MN CLIMATE NORMALS FOR TODAY
                         NORMAL    RECORD    YEAR
 MAXIMUM TEMPERATURE (F)   36        61      1960
 MINIMUM TEMPERATURE (F)   21       -12      1977


SUNRISE AND SUNSET
NOVEMBER 25 2017......SUNRISE   718 AM CST   SUNSET   436 PM CST
NOVEMBER 26 2017......SUNRISE   719 AM CST   SUNSET   436 PM CST


-  INDICATES NEGATIVE NUMBERS.
R  INDICATES RECORD WAS SET OR TIED.
MM INDICATES DATA IS MISSING.
T  INDICATES TRACE AMOUNT.




$$
