000
CDUS43 KARX 230719
CLIRST


CLIMATE REPORT
NATIONAL WEATHER SERVICE LA CROSSE WI
217 AM CDT SUN JUL 23 2017

...THE ROCHESTER MN CLIMATE SUMMARY FOR JULY 22 2017...

CLIMATE NORMAL PERIOD 1981 TO 2010
CLIMATE RECORD PERIOD 1886 TO 2017

WEATHER ITEM   OBSERVED TIME   RECORD YEAR NORMAL DEPARTURE LAST
                VALUE   (LST)  VALUE       VALUE  FROM      YEAR
                                                  NORMAL
..................................................................
TEMPERATURE (F)
 YESTERDAY
  MAXIMUM         85    351 PM 101    1934  81      4       90
  MINIMUM         68   1159 PM  42    1947  61      7       75
  AVERAGE         77                        71      6       83

PRECIPITATION (IN)
  YESTERDAY        0.00          1.54 1978   0.15  -0.15     0.00
  MONTH TO DATE    2.01                      3.27  -1.26     4.30
  SINCE JUN 1      5.72                      7.95  -2.23     9.54
  SINCE JAN 1     19.99                     18.39   1.60    21.23

SNOWFALL (IN)
  YESTERDAY        0.0           0.0  2012   0.0    0.0      0.0
  MONTH TO DATE    0.0                       0.0    0.0      0.0
  SINCE JUL 1      0.0                       0.0    0.0      0.0
  SNOW DEPTH       0

DEGREE DAYS
 HEATING
  YESTERDAY        0                         0      0        0
  MONTH TO DATE    1                         0      1        4
  SINCE JUL 1      1                         0      1        4

 COOLING
  YESTERDAY       12                         7      5       18
  MONTH TO DATE  152                       154     -2      145
  SINCE JAN 1    319                       318      1      334
..................................................................

WIND (MPH)
  HIGHEST WIND SPEED    15   HIGHEST WIND DIRECTION    NE (60)
  HIGHEST GUST SPEED    20   HIGHEST GUST DIRECTION     E (70)
  AVERAGE WIND SPEED     6.6

SKY COVER
  POSSIBLE SUNSHINE  MM
  AVERAGE SKY COVER 0.6

WEATHER CONDITIONS
 THE FOLLOWING WEATHER WAS RECORDED YESTERDAY.
  FOG
  FOG W/VISIBILITY <= 1/4 MILE

RELATIVE HUMIDITY (PERCENT)
 HIGHEST   100          1200 AM
 LOWEST     69           500 PM
 AVERAGE    85
..........................................................

THE ROCHESTER MN CLIMATE NORMALS FOR TODAY
                         NORMAL    RECORD    YEAR
 MAXIMUM TEMPERATURE (F)   81       101      1934
 MINIMUM TEMPERATURE (F)   61        44      1887

SUNRISE AND SUNSET
JULY 23 2017..........SUNRISE   549 AM CDT   SUNSET   843 PM CDT
JULY 24 2017..........SUNRISE   550 AM CDT   SUNSET   842 PM CDT

-  INDICATES NEGATIVE NUMBERS.
R  INDICATES RECORD WAS SET OR TIED.
MM INDICATES DATA IS MISSING.
T  INDICATES TRACE AMOUNT.

$$

Boyne
