000
CDUS43 KARX 010640
CLIRST


CLIMATE REPORT
NATIONAL WEATHER SERVICE LA CROSSE WI
140 AM CDT WED OCT 1 2014


...................................

...THE ROCHESTER MN CLIMATE SUMMARY FOR SEPTEMBER 30 2014...

CLIMATE NORMAL PERIOD 1981 TO 2010
CLIMATE RECORD PERIOD 1886 TO 2014


WEATHER ITEM   OBSERVED TIME   RECORD YEAR NORMAL DEPARTURE LAST
                VALUE   (LST)  VALUE       VALUE  FROM      YEAR
                                                  NORMAL
..................................................................
TEMPERATURE (F)
 YESTERDAY
  MAXIMUM         57    436 PM  86    2002  66     -9       75
                                      1952
  MINIMUM         41    703 AM  24    1939  44     -3       53
  AVERAGE         49                        55     -6       64

PRECIPITATION (IN)
  YESTERDAY        0.00          1.46 2007   0.10  -0.10     0.00
  MONTH TO DATE    3.54                      3.45   0.09     1.22
  SINCE SEP 1      3.54                      3.45   0.09     1.22
  SINCE JAN 1     28.96                     27.64   1.32    35.92

SNOWFALL (IN)
  YESTERDAY        0.0           0.8  1961   0.0    0.0      0.0
  MONTH TO DATE    0.0                       0.0    0.0      0.0
  SINCE JUL 1      0.0                       0.0    0.0      0.0
  SNOW DEPTH       0

DEGREE DAYS
 HEATING
  YESTERDAY       16                        11      5        1
  MONTH TO DATE  180                       177      3      120
  SINCE JUL 1    205                       215    -10      154

 COOLING
  YESTERDAY        0                         1     -1        0
  MONTH TO DATE   31                        54    -23      100
  SINCE JAN 1    491                       579    -88      656
..................................................................


WIND (MPH)
  HIGHEST WIND SPEED    18   HIGHEST WIND DIRECTION    SE (140)
  HIGHEST GUST SPEED    25   HIGHEST GUST DIRECTION    SE (140)
  AVERAGE WIND SPEED    11.1


SKY COVER
  POSSIBLE SUNSHINE  MM
  AVERAGE SKY COVER 0.5


WEATHER CONDITIONS
 THE FOLLOWING WEATHER WAS RECORDED YESTERDAY.
  FOG
  FOG W/VISIBILITY <= 1/4 MILE


RELATIVE HUMIDITY (PERCENT)
 HIGHEST   100           400 AM
 LOWEST     72           300 PM
 AVERAGE    86

..........................................................


THE ROCHESTER MN CLIMATE NORMALS FOR TODAY
                         NORMAL    RECORD    YEAR
 MAXIMUM TEMPERATURE (F)   65        88      1976
 MINIMUM TEMPERATURE (F)   44        21      1920


SUNRISE AND SUNSET
OCTOBER  1 2014.......SUNRISE   708 AM CDT   SUNSET   651 PM CDT
OCTOBER  2 2014.......SUNRISE   709 AM CDT   SUNSET   649 PM CDT


-  INDICATES NEGATIVE NUMBERS.
R  INDICATES RECORD WAS SET OR TIED.
MM INDICATES DATA IS MISSING.
T  INDICATES TRACE AMOUNT.




$$
