098
CDUS43 KARX 210634
CLIRST


CLIMATE REPORT
NATIONAL WEATHER SERVICE LA CROSSE WI
1233 AM CST WED FEB 21 2018


...................................

...THE ROCHESTER MN CLIMATE SUMMARY FOR FEBRUARY 20 2018...

CLIMATE NORMAL PERIOD 1981 TO 2010
CLIMATE RECORD PERIOD 1886 TO 2018


WEATHER ITEM   OBSERVED TIME   RECORD YEAR NORMAL DEPARTURE LAST
                VALUE   (LST)  VALUE       VALUE  FROM      YEAR
                                                  NORMAL
..................................................................
TEMPERATURE (F)
 YESTERDAY
  MAXIMUM         28    418 AM  60    1930  30     -2       52
  MINIMUM          8   1159 PM -21    1966  14     -6       41
  AVERAGE         18                        22     -4       47

PRECIPITATION (IN)
  YESTERDAY        0.12          1.12 2014   0.03   0.09     0.81
  MONTH TO DATE    0.55                      0.55   0.00     0.86
  SINCE DEC 1      2.48                      2.64  -0.16     5.05
  SINCE JAN 1      1.97                      1.41   0.56     2.98

SNOWFALL (IN)
  YESTERDAY        0.1           8.8  2014   0.3   -0.2      0.0
  MONTH TO DATE    5.7                       6.1   -0.4      0.2
  SINCE JUL 1     32.4                      37.5   -5.1     34.1
  SNOW DEPTH       2

DEGREE DAYS
 HEATING
  YESTERDAY       47                        43      4       18
  MONTH TO DATE 1054                       921    133      766
  SINCE JUL 1   5639                      5529    110     4769

 COOLING
  YESTERDAY        0                         0      0        0
  MONTH TO DATE    0                         0      0        0
  SINCE JAN 1      0                         0      0        0
..................................................................


WIND (MPH)
  HIGHEST WIND SPEED    24   HIGHEST WIND DIRECTION     W (290)
  HIGHEST GUST SPEED    30   HIGHEST GUST DIRECTION    NW (300)
  AVERAGE WIND SPEED    14.2


SKY COVER
  POSSIBLE SUNSHINE  MM
  AVERAGE SKY COVER 0.8


WEATHER CONDITIONS
 THE FOLLOWING WEATHER WAS RECORDED YESTERDAY.
  FREEZING RAIN
  LT FREEZING RAIN
  LIGHT SNOW
  FOG


RELATIVE HUMIDITY (PERCENT)
 HIGHEST   100          1200 AM
 LOWEST     83           900 PM
 AVERAGE    92

..........................................................


THE ROCHESTER MN CLIMATE NORMALS FOR TODAY
                         NORMAL    RECORD    YEAR
 MAXIMUM TEMPERATURE (F)   30        60      1930
 MINIMUM TEMPERATURE (F)   15       -32      1936


SUNRISE AND SUNSET
FEBRUARY 21 2018......SUNRISE   700 AM CST   SUNSET   548 PM CST
FEBRUARY 22 2018......SUNRISE   658 AM CST   SUNSET   549 PM CST


-  INDICATES NEGATIVE NUMBERS.
R  INDICATES RECORD WAS SET OR TIED.
MM INDICATES DATA IS MISSING.
T  INDICATES TRACE AMOUNT.




$$
