000
CDUS43 KARX 230638
CLIRST


CLIMATE REPORT
NATIONAL WEATHER SERVICE LA CROSSE WI
1235 AM CST MON JAN 23 2017


...................................

...THE ROCHESTER MN CLIMATE SUMMARY FOR JANUARY 22 2017...

CLIMATE NORMAL PERIOD 1981 TO 2010
CLIMATE RECORD PERIOD 1886 TO 2017


WEATHER ITEM   OBSERVED TIME   RECORD YEAR NORMAL DEPARTURE LAST
                VALUE   (LST)  VALUE       VALUE  FROM      YEAR
                                                  NORMAL
..................................................................
TEMPERATURE (F)
 YESTERDAY
  MAXIMUM         35    154 PM  46    1964  24     11       20
  MINIMUM         32   1159 PM -37    1888   7     25       17
  AVERAGE         34                        16     18       19

PRECIPITATION (IN)
  YESTERDAY        0.00          1.20 1933   0.03  -0.03     0.03
  MONTH TO DATE    1.31                      0.61   0.70     0.53
  SINCE DEC 1      3.38                      1.84   1.54     3.74
  SINCE JAN 1      1.31                      0.61   0.70     0.53

SNOWFALL (IN)
  YESTERDAY        0.0          15.4  1982   0.4   -0.4      0.4
  MONTH TO DATE    3.7                       8.3   -4.6      4.5
  SINCE JUL 1     24.4                      27.7   -3.3     20.2
  SNOW DEPTH       2

DEGREE DAYS
 HEATING
  YESTERDAY       31                        50    -19       46
  MONTH TO DATE 1069                      1091    -22     1189
  SINCE JUL 1   3640                      4169   -529     3620

 COOLING
  YESTERDAY        0                         0      0        0
  MONTH TO DATE    0                         0      0        0
  SINCE JAN 1      0                         0      0        0
..................................................................


WIND (MPH)
  HIGHEST WIND SPEED    16   HIGHEST WIND DIRECTION    NW (300)
  HIGHEST GUST SPEED    19   HIGHEST GUST DIRECTION     W (290)
  AVERAGE WIND SPEED     7.8


SKY COVER
  POSSIBLE SUNSHINE  MM
  AVERAGE SKY COVER 1.0


WEATHER CONDITIONS
 THE FOLLOWING WEATHER WAS RECORDED YESTERDAY.
  FOG
  FOG W/VISIBILITY <= 1/4 MILE


RELATIVE HUMIDITY (PERCENT)
 HIGHEST   100          1200 AM
 LOWEST    100          1200 AM
 AVERAGE   100

..........................................................


THE ROCHESTER MN CLIMATE NORMALS FOR TODAY
                         NORMAL    RECORD    YEAR
 MAXIMUM TEMPERATURE (F)   24        50      1981
 MINIMUM TEMPERATURE (F)    7       -34      1935


SUNRISE AND SUNSET
JANUARY 23 2017.......SUNRISE   736 AM CST   SUNSET   509 PM CST
JANUARY 24 2017.......SUNRISE   735 AM CST   SUNSET   510 PM CST


-  INDICATES NEGATIVE NUMBERS.
R  INDICATES RECORD WAS SET OR TIED.
MM INDICATES DATA IS MISSING.
T  INDICATES TRACE AMOUNT.




$$
