000
CDUS43 KARX 020636
CLIRST


CLIMATE REPORT
NATIONAL WEATHER SERVICE LA CROSSE WI
135 AM CDT WED SEP 2 2015


...................................

...THE ROCHESTER MN CLIMATE SUMMARY FOR SEPTEMBER 1 2015...

CLIMATE NORMAL PERIOD 1981 TO 2010
CLIMATE RECORD PERIOD 1886 TO 2015


WEATHER ITEM   OBSERVED TIME   RECORD YEAR NORMAL DEPARTURE LAST
                VALUE   (LST)  VALUE       VALUE  FROM      YEAR
                                                  NORMAL
..................................................................
TEMPERATURE (F)
 YESTERDAY
  MAXIMUM         85    246 PM  94    1937  76      9       76
  MINIMUM         65    437 AM  34    1909  56      9       58
  AVERAGE         75                        66      9       67

PRECIPITATION (IN)
  YESTERDAY        0.00          2.21 1942   0.13  -0.13     1.28
  MONTH TO DATE    0.00                      0.13  -0.13     1.28
  SINCE SEP 1      0.00                      0.13  -0.13     1.28
  SINCE JAN 1     25.17                     24.32   0.85    27.47

SNOWFALL (IN)
  YESTERDAY        0.0           0.0  2012   0.0    0.0      0.0
  MONTH TO DATE    0.0                       0.0    0.0      0.0
  SINCE JUL 1      0.0                       0.0    0.0      0.0
  SNOW DEPTH       0

DEGREE DAYS
 HEATING
  YESTERDAY        0                         2     -2        0
  MONTH TO DATE    0                         2     -2        0
  SINCE JUL 1     59                        40     19       25

 COOLING
  YESTERDAY       10                         3      7        2
  MONTH TO DATE   10                         3      7        2
  SINCE JAN 1    385                       528   -143      462
..................................................................


WIND (MPH)
  HIGHEST WIND SPEED    16   HIGHEST WIND DIRECTION     S (190)
  HIGHEST GUST SPEED    19   HIGHEST GUST DIRECTION     S (200)
  AVERAGE WIND SPEED     8.1


SKY COVER
  POSSIBLE SUNSHINE  MM
  AVERAGE SKY COVER 0.4


WEATHER CONDITIONS
 THE FOLLOWING WEATHER WAS RECORDED YESTERDAY.
  FOG
  FOG W/VISIBILITY <= 1/4 MILE
  HAZE


RELATIVE HUMIDITY (PERCENT)
 HIGHEST   100           100 AM
 LOWEST     70          1200 PM
 AVERAGE    85

..........................................................


THE ROCHESTER MN CLIMATE NORMALS FOR TODAY
                         NORMAL    RECORD    YEAR
 MAXIMUM TEMPERATURE (F)   76        94      1929
 MINIMUM TEMPERATURE (F)   56        35      1909


SUNRISE AND SUNSET
SEPTEMBER  2 2015.....SUNRISE   634 AM CDT   SUNSET   744 PM CDT
SEPTEMBER  3 2015.....SUNRISE   635 AM CDT   SUNSET   743 PM CDT


-  INDICATES NEGATIVE NUMBERS.
R  INDICATES RECORD WAS SET OR TIED.
MM INDICATES DATA IS MISSING.
T  INDICATES TRACE AMOUNT.




$$
