000
CDUS43 KARX 280722
CLIRST


CLIMATE REPORT
NATIONAL WEATHER SERVICE LA CROSSE WI
220 AM CDT SAT MAY 28 2016

...THE ROCHESTER MN CLIMATE SUMMARY FOR MAY 27 2016...

CLIMATE NORMAL PERIOD 1981 TO 2010
CLIMATE RECORD PERIOD 1886 TO 2016

WEATHER ITEM   OBSERVED TIME   RECORD YEAR NORMAL DEPARTURE LAST
                VALUE   (LST)  VALUE       VALUE  FROM      YEAR
                                                  NORMAL
..................................................................
TEMPERATURE (F)
 YESTERDAY
  MAXIMUM         71    505 PM  93    1914  72     -1       79
  MINIMUM         61   1044 PM  35    1971  51     10       55
                                      1910
  AVERAGE         66                        62      4       67

PRECIPITATION (IN)
  YESTERDAY        0.40          2.08 1970   0.12   0.28     0.04
  MONTH TO DATE    3.84                      3.12   0.72     4.69
  SINCE MAR 1      9.54                      8.24   1.30    10.69
  SINCE JAN 1     10.94                      9.93   1.01    12.05

SNOWFALL (IN)
  YESTERDAY        0.0           0.0  2012   0.0    0.0      0.0
  MONTH TO DATE    0.0                       0.2   -0.2      0.0
  SINCE JUL 1     47.9                      52.1   -4.2     50.4
  SNOW DEPTH       0

DEGREE DAYS
 HEATING
  YESTERDAY        0                         5     -5        0
  MONTH TO DATE  229                       227      2      210
  SINCE JUL 1   6775                      7652   -877     8022

 COOLING
  YESTERDAY        1                         2     -1        2
  MONTH TO DATE   32                        21     11       11
  SINCE JAN 1     33                        25      8       11
..................................................................

WIND (MPH)
  HIGHEST WIND SPEED    12   HIGHEST WIND DIRECTION     W (280)
  HIGHEST GUST SPEED    21   HIGHEST GUST DIRECTION     N (350)
  AVERAGE WIND SPEED     5.1

SKY COVER
  POSSIBLE SUNSHINE  MM
  AVERAGE SKY COVER 0.7

WEATHER CONDITIONS
 THE FOLLOWING WEATHER WAS RECORDED YESTERDAY.
  THUNDERSTORM
  HEAVY RAIN
  RAIN
  LIGHT RAIN
  FOG

RELATIVE HUMIDITY (PERCENT)
 HIGHEST   100           900 PM
 LOWEST     84           100 AM
 AVERAGE    92
..........................................................

THE ROCHESTER MN CLIMATE NORMALS FOR TODAY
                         NORMAL    RECORD    YEAR
 MAXIMUM TEMPERATURE (F)   72        95      2006
 MINIMUM TEMPERATURE (F)   51        31      1932

SUNRISE AND SUNSET
MAY 28 2016...........SUNRISE   532 AM CDT   SUNSET   843 PM CDT
MAY 29 2016...........SUNRISE   532 AM CDT   SUNSET   844 PM CDT

-  INDICATES NEGATIVE NUMBERS.
R  INDICATES RECORD WAS SET OR TIED.
MM INDICATES DATA IS MISSING.
T  INDICATES TRACE AMOUNT.

$$

BOYNE
