000
CDUS43 KARX 300648
CLIRST


CLIMATE REPORT
NATIONAL WEATHER SERVICE LA CROSSE WI
147 AM CDT SUN APR 30 2017

...THE ROCHESTER MN CLIMATE SUMMARY FOR APRIL 29 2017...

CLIMATE NORMAL PERIOD 1981 TO 2010
CLIMATE RECORD PERIOD 1886 TO 2017

WEATHER ITEM   OBSERVED TIME   RECORD YEAR NORMAL DEPARTURE LAST
                VALUE   (LST)  VALUE       VALUE  FROM      YEAR
                                                  NORMAL
..................................................................
TEMPERATURE (F)
 YESTERDAY
  MAXIMUM         48    516 PM  89    1952  63    -15       52
  MINIMUM         34    553 AM  17    1956  42     -8       37
  AVERAGE         41                        52    -11       45

PRECIPITATION (IN)
  YESTERDAY        0.00          1.34 1984   0.12  -0.12     0.00
  MONTH TO DATE    3.76                      3.11   0.65     1.15
  SINCE MAR 1      6.63                      4.99   1.64     5.13
  SINCE JAN 1     10.41                      6.68   3.73     6.53

SNOWFALL (IN)
  YESTERDAY        0.0           7.1  1956   0.1   -0.1      0.0
  MONTH TO DATE    T                         3.3   -3.3      0.5
  SINCE JUL 1     52.7                      51.9    0.8     47.9
  SNOW DEPTH       0

DEGREE DAYS
 HEATING
  YESTERDAY       24                        13     11       20
  MONTH TO DATE  479                       541    -62      510
  SINCE JUL 1   6560                      7413   -853     6525

 COOLING
  YESTERDAY        0                         0      0        0
  MONTH TO DATE    0                         0      0        1
  SINCE JAN 1      0                         0      0        1
..................................................................

WIND (MPH)
  HIGHEST WIND SPEED    25   HIGHEST WIND DIRECTION    NE (50)
  HIGHEST GUST SPEED    31   HIGHEST GUST DIRECTION    NE (60)
  AVERAGE WIND SPEED    14.7

SKY COVER
  POSSIBLE SUNSHINE  MM
  AVERAGE SKY COVER 0.2

WEATHER CONDITIONS
 THE FOLLOWING WEATHER WAS RECORDED YESTERDAY.
  NO SIGNIFICANT WEATHER WAS OBSERVED.

RELATIVE HUMIDITY (PERCENT)
 HIGHEST    89           200 AM
 LOWEST     49          1100 AM
 AVERAGE    69

..........................................................

THE ROCHESTER MN CLIMATE NORMALS FOR TODAY
                         NORMAL    RECORD    YEAR
 MAXIMUM TEMPERATURE (F)   64        90      1952
 MINIMUM TEMPERATURE (F)   42        11      1956

SUNRISE AND SUNSET
APRIL 30 2017.........SUNRISE   603 AM CDT   SUNSET   812 PM CDT
MAY  1 2017...........SUNRISE   601 AM CDT   SUNSET   813 PM CDT

-  INDICATES NEGATIVE NUMBERS.
R  INDICATES RECORD WAS SET OR TIED.
MM INDICATES DATA IS MISSING.
T  INDICATES TRACE AMOUNT.

$$

Boyne
